{"id":92120,"date":"2026-04-15T16:20:41","date_gmt":"2026-04-15T19:20:41","guid":{"rendered":"https:\/\/concertacao.bureau-it.com\/organizador\/fundacao-itau-e-fundacao-tide-setubal\/"},"modified":"2026-04-15T16:20:41","modified_gmt":"2026-04-15T19:20:41","slug":"fundacao-itau-e-fundacao-tide-setubal","status":"publish","type":"tribe_organizer","link":"https:\/\/concertacaoamazonia.com.br\/en\/organizer\/fundacao-itau-e-fundacao-tide-setubal\/","title":{"rendered":"Funda\u00e7\u00e3o Ita\u00fa e Funda\u00e7\u00e3o Tide Setubal"},"content":{"rendered":"","protected":false},"excerpt":{"rendered":"","protected":false},"author":226,"featured_media":0,"template":"","meta":{"footnotes":""},"class_list":["post-92120","tribe_organizer","type-tribe_organizer","status-publish","hentry"],"_links":{"self":[{"href":"https:\/\/concertacaoamazonia.com.br\/en\/wp-json\/wp\/v2\/tribe_organizer\/92120","targetHints":{"allow":["GET"]}}],"collection":[{"href":"https:\/\/concertacaoamazonia.com.br\/en\/wp-json\/wp\/v2\/tribe_organizer"}],"about":[{"href":"https:\/\/concertacaoamazonia.com.br\/en\/wp-json\/wp\/v2\/types\/tribe_organizer"}],"author":[{"embeddable":true,"href":"https:\/\/concertacaoamazonia.com.br\/en\/wp-json\/wp\/v2\/users\/226"}],"version-history":[{"count":0,"href":"https:\/\/concertacaoamazonia.com.br\/en\/wp-json\/wp\/v2\/tribe_organizer\/92120\/revisions"}],"wp:attachment":[{"href":"https:\/\/concertacaoamazonia.com.br\/en\/wp-json\/wp\/v2\/media?parent=92120"}],"curies":[{"name":"wp","href":"https:\/\/api.w.org\/{rel}","templated":true}]}}

Fundação Itaú e Fundação Tide Setubal
