{"id":92116,"date":"2026-04-15T16:18:29","date_gmt":"2026-04-15T19:18:29","guid":{"rendered":"https:\/\/concertacao.bureau-it.com\/organizador\/secretaria-nacional-de-politicas-sobre-drogas-e-gestao-de-ativos-senad-ministerio-da-justica-e-seguranca-publica-mjsp\/"},"modified":"2026-04-15T16:18:29","modified_gmt":"2026-04-15T19:18:29","slug":"secretaria-nacional-de-politicas-sobre-drogas-e-gestao-de-ativos-senad-ministerio-da-justica-e-seguranca-publica-mjsp","status":"publish","type":"tribe_organizer","link":"https:\/\/concertacaoamazonia.com.br\/en\/organizer\/secretaria-nacional-de-politicas-sobre-drogas-e-gestao-de-ativos-senad-ministerio-da-justica-e-seguranca-publica-mjsp\/","title":{"rendered":"Secretaria Nacional de Pol\u00edticas sobre Drogas e Gest\u00e3o de Ativos (SENAD) \/ Minist\u00e9rio da Justi\u00e7a e Seguran\u00e7a P\u00fablica (MJSP)"},"content":{"rendered":"","protected":false},"excerpt":{"rendered":"","protected":false},"author":226,"featured_media":0,"template":"","meta":{"footnotes":""},"class_list":["post-92116","tribe_organizer","type-tribe_organizer","status-publish","hentry"],"_links":{"self":[{"href":"https:\/\/concertacaoamazonia.com.br\/en\/wp-json\/wp\/v2\/tribe_organizer\/92116","targetHints":{"allow":["GET"]}}],"collection":[{"href":"https:\/\/concertacaoamazonia.com.br\/en\/wp-json\/wp\/v2\/tribe_organizer"}],"about":[{"href":"https:\/\/concertacaoamazonia.com.br\/en\/wp-json\/wp\/v2\/types\/tribe_organizer"}],"author":[{"embeddable":true,"href":"https:\/\/concertacaoamazonia.com.br\/en\/wp-json\/wp\/v2\/users\/226"}],"version-history":[{"count":0,"href":"https:\/\/concertacaoamazonia.com.br\/en\/wp-json\/wp\/v2\/tribe_organizer\/92116\/revisions"}],"wp:attachment":[{"href":"https:\/\/concertacaoamazonia.com.br\/en\/wp-json\/wp\/v2\/media?parent=92116"}],"curies":[{"name":"wp","href":"https:\/\/api.w.org\/{rel}","templated":true}]}}

Secretaria Nacional de Políticas sobre Drogas e Gestão de Ativos (SENAD) / Ministério da Justiça e Segurança Pública (MJSP)
