{"id":92118,"date":"2026-04-15T16:20:41","date_gmt":"2026-04-15T19:20:41","guid":{"rendered":"https:\/\/concertacao.bureau-it.com\/?post_type=tribe_events&#038;p=92118"},"modified":"2026-04-15T16:20:41","modified_gmt":"2026-04-15T19:20:41","slug":"programa-ancestralidades-de-valorizacao-a-pesquisa","status":"publish","type":"tribe_events","link":"https:\/\/concertacaoamazonia.com.br\/en\/event\/programa-ancestralidades-de-valorizacao-a-pesquisa\/","title":{"rendered":"Programa Ancestralidades de Valoriza\u00e7\u00e3o \u00e0 Pesquisa"},"content":{"rendered":"<p>Iniciativa da Plataforma Ancestralidades, projeto da Funda\u00e7\u00e3o Ita\u00fa e Funda\u00e7\u00e3o Tide Setubal, o programa tem como objetivo apoiar a produ\u00e7\u00e3o intelectual referente ao segmento Arte e Cultura na Educa\u00e7\u00e3o Integral em Perspectivas com Saberes Afro-Diasp\u00f3ricos e Ind\u00edgenas. Ser\u00e3o selecionados ao todo 12 trabalhos, que dever\u00e3o ter pertin\u00eancia e aplica\u00e7\u00e3o dentro da esfera educacional, assim como fomentar e estar em di\u00e1logo com o enfrentamento ao racismo e todas as modalidades correlatas de viol\u00eancia. Esta edi\u00e7\u00e3o ter\u00e1 duas categorias: Pesquisas e Estudos em Andamento (com pr\u00eamios de R$ 12 mil para cada projeto) e Pesquisas e Estudos Conclu\u00eddos (com pr\u00eamios de R$ 18 mil cada).<\/p>\n","protected":false},"excerpt":{"rendered":"<p>Iniciativa da Plataforma Ancestralidades, projeto da Funda\u00e7\u00e3o Ita\u00fa e Funda\u00e7\u00e3o Tide Setubal, o programa tem como objetivo apoiar a produ\u00e7\u00e3o intelectual referente ao segmento Arte e Cultura na Educa\u00e7\u00e3o Integral [&hellip;]<\/p>\n","protected":false},"author":226,"featured_media":92119,"template":"","meta":{"_tribe_events_status":"","_tribe_events_status_reason":"","_tribe_events_is_hybrid":"","_tribe_events_is_virtual":"","_tribe_events_virtual_video_source":"","_tribe_events_virtual_embed_video":"","_tribe_events_virtual_linked_button_text":"","_tribe_events_virtual_linked_button":"","_tribe_events_virtual_show_embed_at":"","_tribe_events_virtual_show_embed_to":[],"_tribe_events_virtual_show_on_event":"","_tribe_events_virtual_show_on_views":"","_tribe_events_virtual_url":"","footnotes":""},"tags":[],"tribe_events_cat":[1782],"class_list":["post-92118","tribe_events","type-tribe_events","status-publish","has-post-thumbnail","hentry","tribe_events_cat-edital","cat_edital"],"_links":{"self":[{"href":"https:\/\/concertacaoamazonia.com.br\/en\/wp-json\/wp\/v2\/tribe_events\/92118","targetHints":{"allow":["GET"]}}],"collection":[{"href":"https:\/\/concertacaoamazonia.com.br\/en\/wp-json\/wp\/v2\/tribe_events"}],"about":[{"href":"https:\/\/concertacaoamazonia.com.br\/en\/wp-json\/wp\/v2\/types\/tribe_events"}],"author":[{"embeddable":true,"href":"https:\/\/concertacaoamazonia.com.br\/en\/wp-json\/wp\/v2\/users\/226"}],"version-history":[{"count":1,"href":"https:\/\/concertacaoamazonia.com.br\/en\/wp-json\/wp\/v2\/tribe_events\/92118\/revisions"}],"predecessor-version":[{"id":92121,"href":"https:\/\/concertacaoamazonia.com.br\/en\/wp-json\/wp\/v2\/tribe_events\/92118\/revisions\/92121"}],"wp:featuredmedia":[{"embeddable":true,"href":"https:\/\/concertacaoamazonia.com.br\/en\/wp-json\/wp\/v2\/media\/92119"}],"wp:attachment":[{"href":"https:\/\/concertacaoamazonia.com.br\/en\/wp-json\/wp\/v2\/media?parent=92118"}],"wp:term":[{"taxonomy":"post_tag","embeddable":true,"href":"https:\/\/concertacaoamazonia.com.br\/en\/wp-json\/wp\/v2\/tags?post=92118"},{"taxonomy":"tribe_events_cat","embeddable":true,"href":"https:\/\/concertacaoamazonia.com.br\/en\/wp-json\/wp\/v2\/tribe_events_cat?post=92118"}],"curies":[{"name":"wp","href":"https:\/\/api.w.org\/{rel}","templated":true}]}}

Programa Ancestralidades de Valorização à Pesquisa

<p>Iniciativa da Plataforma Ancestralidades, projeto da Fundação Itaú e Fundação Tide Setubal, o programa tem como objetivo apoiar a produção intelectual referente ao segmento Arte e Cultura na Educação Integral em Perspectivas com Saberes Afro-Diaspóricos e Indígenas. Serão selecionados ao todo 12 trabalhos, que deverão ter pertinência e aplicação dentro da esfera educacional, assim como fomentar e estar em diálogo com o enfrentamento ao racismo e todas as modalidades correlatas de violência. Esta edição terá duas categorias: Pesquisas e Estudos em Andamento (com prêmios de R$ 12 mil para cada projeto) e Pesquisas e Estudos Concluídos (com prêmios de R$ 18 mil cada).</p>

<p>Iniciativa da Plataforma Ancestralidades, projeto da Fundação Itaú e Fundação Tide Setubal, o programa tem como objetivo apoiar a produção intelectual referente ao segmento Arte e Cultura na Educação Integral [&hellip;]</p>
