{"id":92114,"date":"2026-04-15T16:18:29","date_gmt":"2026-04-15T19:18:29","guid":{"rendered":"https:\/\/concertacao.bureau-it.com\/?post_type=tribe_events&#038;p=92114"},"modified":"2026-04-15T16:18:29","modified_gmt":"2026-04-15T19:18:29","slug":"protecao-da-amazonia-e-da-faixa-de-fronteira","status":"publish","type":"tribe_events","link":"https:\/\/concertacaoamazonia.com.br\/en\/event\/protecao-da-amazonia-e-da-faixa-de-fronteira\/","title":{"rendered":"Prote\u00e7\u00e3o da Amaz\u00f4nia e da Faixa de Fronteira"},"content":{"rendered":"<p>A iniciativa apoiar\u00e1 projetos voltados ao fortalecimento da sociobioeconomia e \u00e0 transforma\u00e7\u00e3o de territ\u00f3rios marcados por vulnerabilidades. O objetivo \u00e9 enfrentar, de forma estrutural, as din\u00e2micas que alimentam o crime organizado, ampliando alternativas econ\u00f4micas l\u00edcitas, promovendo renda, fortalecendo comunidades e protegendo territ\u00f3rios. Ser\u00e3o selecionadas propostas de organiza\u00e7\u00f5es da sociedade civil que atuem junto a povos ind\u00edgenas, comunidades tradicionais e popula\u00e7\u00f5es em situa\u00e7\u00e3o de vulnerabilidade, especialmente em regi\u00f5es estrat\u00e9gicas da Amaz\u00f4nia e da faixa de fronteira. O investimento total \u00e9 de R$ 24 milh\u00f5es distribu\u00eddos entre at\u00e9 seis projetos, com aporte de at\u00e9 R$ 4 milh\u00f5es cada.<\/p>\n","protected":false},"excerpt":{"rendered":"<p>A iniciativa apoiar\u00e1 projetos voltados ao fortalecimento da sociobioeconomia e \u00e0 transforma\u00e7\u00e3o de territ\u00f3rios marcados por vulnerabilidades. O objetivo \u00e9 enfrentar, de forma estrutural, as din\u00e2micas que alimentam o crime [&hellip;]<\/p>\n","protected":false},"author":226,"featured_media":92115,"template":"","meta":{"_tribe_events_status":"","_tribe_events_status_reason":"","_tribe_events_is_hybrid":"","_tribe_events_is_virtual":"yes","_tribe_events_virtual_video_source":"video","_tribe_events_virtual_embed_video":"","_tribe_events_virtual_linked_button_text":"","_tribe_events_virtual_linked_button":"","_tribe_events_virtual_show_embed_at":"","_tribe_events_virtual_show_embed_to":[],"_tribe_events_virtual_show_on_event":"yes","_tribe_events_virtual_show_on_views":"yes","_tribe_events_virtual_url":"","footnotes":""},"tags":[],"tribe_events_cat":[1782],"class_list":["post-92114","tribe_events","type-tribe_events","status-publish","has-post-thumbnail","hentry","tribe_events_cat-edital","cat_edital","tribe-events-virtual-event"],"_links":{"self":[{"href":"https:\/\/concertacaoamazonia.com.br\/en\/wp-json\/wp\/v2\/tribe_events\/92114","targetHints":{"allow":["GET"]}}],"collection":[{"href":"https:\/\/concertacaoamazonia.com.br\/en\/wp-json\/wp\/v2\/tribe_events"}],"about":[{"href":"https:\/\/concertacaoamazonia.com.br\/en\/wp-json\/wp\/v2\/types\/tribe_events"}],"author":[{"embeddable":true,"href":"https:\/\/concertacaoamazonia.com.br\/en\/wp-json\/wp\/v2\/users\/226"}],"version-history":[{"count":1,"href":"https:\/\/concertacaoamazonia.com.br\/en\/wp-json\/wp\/v2\/tribe_events\/92114\/revisions"}],"predecessor-version":[{"id":92117,"href":"https:\/\/concertacaoamazonia.com.br\/en\/wp-json\/wp\/v2\/tribe_events\/92114\/revisions\/92117"}],"wp:featuredmedia":[{"embeddable":true,"href":"https:\/\/concertacaoamazonia.com.br\/en\/wp-json\/wp\/v2\/media\/92115"}],"wp:attachment":[{"href":"https:\/\/concertacaoamazonia.com.br\/en\/wp-json\/wp\/v2\/media?parent=92114"}],"wp:term":[{"taxonomy":"post_tag","embeddable":true,"href":"https:\/\/concertacaoamazonia.com.br\/en\/wp-json\/wp\/v2\/tags?post=92114"},{"taxonomy":"tribe_events_cat","embeddable":true,"href":"https:\/\/concertacaoamazonia.com.br\/en\/wp-json\/wp\/v2\/tribe_events_cat?post=92114"}],"curies":[{"name":"wp","href":"https:\/\/api.w.org\/{rel}","templated":true}]}}

Proteção da Amazônia e da Faixa de Fronteira

<p>A iniciativa apoiará projetos voltados ao fortalecimento da sociobioeconomia e à transformação de territórios marcados por vulnerabilidades. O objetivo é enfrentar, de forma estrutural, as dinâmicas que alimentam o crime organizado, ampliando alternativas econômicas lícitas, promovendo renda, fortalecendo comunidades e protegendo territórios. Serão selecionadas propostas de organizações da sociedade civil que atuem junto a povos indígenas, comunidades tradicionais e populações em situação de vulnerabilidade, especialmente em regiões estratégicas da Amazônia e da faixa de fronteira. O investimento total é de R$ 24 milhões distribuídos entre até seis projetos, com aporte de até R$ 4 milhões cada.</p>

<p>A iniciativa apoiará projetos voltados ao fortalecimento da sociobioeconomia e à transformação de territórios marcados por vulnerabilidades. O objetivo é enfrentar, de forma estrutural, as dinâmicas que alimentam o crime [&hellip;]</p>
