{"id":92110,"date":"2026-04-15T16:15:52","date_gmt":"2026-04-15T19:15:52","guid":{"rendered":"https:\/\/concertacao.bureau-it.com\/?post_type=tribe_events&#038;p=92110"},"modified":"2026-04-15T16:15:52","modified_gmt":"2026-04-15T19:15:52","slug":"premio-fundo-amazonia-conhecer-e-reconhecer","status":"publish","type":"tribe_events","link":"https:\/\/concertacaoamazonia.com.br\/en\/event\/premio-fundo-amazonia-conhecer-e-reconhecer\/","title":{"rendered":"Pr\u00eamio Fundo Amaz\u00f4nia &#8211; Conhecer e Reconhecer"},"content":{"rendered":"<p>Parceria entre BNDES e Minist\u00e9rio do Meio Ambiente e Mudan\u00e7a do Clima, o pr\u00eamio vai selecionar iniciativas lideradas por povos ind\u00edgenas, quilombolas e demais comunidades tradicionais que protejam os territ\u00f3rios e a floresta na Amaz\u00f4nia Legal. A previs\u00e3o \u00e9 selecionar 50 iniciativas, 15 conduzidas por organiza\u00e7\u00f5es ind\u00edgenas, 15 por organiza\u00e7\u00f5es quilombolas e 20 por organiza\u00e7\u00f5es de outros segmentos tradicionais. Cada uma receber\u00e1 a premia\u00e7\u00e3o de R$ 50 mil, totalizando um investimento de R$ 2,5 milh\u00f5es.<\/p>\n","protected":false},"excerpt":{"rendered":"<p>Parceria entre BNDES e Minist\u00e9rio do Meio Ambiente e Mudan\u00e7a do Clima, o pr\u00eamio vai selecionar iniciativas lideradas por povos ind\u00edgenas, quilombolas e demais comunidades tradicionais que protejam os territ\u00f3rios [&hellip;]<\/p>\n","protected":false},"author":226,"featured_media":92111,"template":"","meta":{"_tribe_events_status":"","_tribe_events_status_reason":"","_tribe_events_is_hybrid":"","_tribe_events_is_virtual":"yes","_tribe_events_virtual_video_source":"video","_tribe_events_virtual_embed_video":"","_tribe_events_virtual_linked_button_text":"","_tribe_events_virtual_linked_button":"","_tribe_events_virtual_show_embed_at":"","_tribe_events_virtual_show_embed_to":[],"_tribe_events_virtual_show_on_event":"yes","_tribe_events_virtual_show_on_views":"yes","_tribe_events_virtual_url":"","footnotes":""},"tags":[],"tribe_events_cat":[1782],"class_list":["post-92110","tribe_events","type-tribe_events","status-publish","has-post-thumbnail","hentry","tribe_events_cat-edital","cat_edital","tribe-events-virtual-event"],"_links":{"self":[{"href":"https:\/\/concertacaoamazonia.com.br\/en\/wp-json\/wp\/v2\/tribe_events\/92110","targetHints":{"allow":["GET"]}}],"collection":[{"href":"https:\/\/concertacaoamazonia.com.br\/en\/wp-json\/wp\/v2\/tribe_events"}],"about":[{"href":"https:\/\/concertacaoamazonia.com.br\/en\/wp-json\/wp\/v2\/types\/tribe_events"}],"author":[{"embeddable":true,"href":"https:\/\/concertacaoamazonia.com.br\/en\/wp-json\/wp\/v2\/users\/226"}],"version-history":[{"count":1,"href":"https:\/\/concertacaoamazonia.com.br\/en\/wp-json\/wp\/v2\/tribe_events\/92110\/revisions"}],"predecessor-version":[{"id":92113,"href":"https:\/\/concertacaoamazonia.com.br\/en\/wp-json\/wp\/v2\/tribe_events\/92110\/revisions\/92113"}],"wp:featuredmedia":[{"embeddable":true,"href":"https:\/\/concertacaoamazonia.com.br\/en\/wp-json\/wp\/v2\/media\/92111"}],"wp:attachment":[{"href":"https:\/\/concertacaoamazonia.com.br\/en\/wp-json\/wp\/v2\/media?parent=92110"}],"wp:term":[{"taxonomy":"post_tag","embeddable":true,"href":"https:\/\/concertacaoamazonia.com.br\/en\/wp-json\/wp\/v2\/tags?post=92110"},{"taxonomy":"tribe_events_cat","embeddable":true,"href":"https:\/\/concertacaoamazonia.com.br\/en\/wp-json\/wp\/v2\/tribe_events_cat?post=92110"}],"curies":[{"name":"wp","href":"https:\/\/api.w.org\/{rel}","templated":true}]}}

Prêmio Fundo Amazônia &#8211; Conhecer e Reconhecer

<p>Parceria entre BNDES e Ministério do Meio Ambiente e Mudança do Clima, o prêmio vai selecionar iniciativas lideradas por povos indígenas, quilombolas e demais comunidades tradicionais que protejam os territórios e a floresta na Amazônia Legal. A previsão é selecionar 50 iniciativas, 15 conduzidas por organizações indígenas, 15 por organizações quilombolas e 20 por organizações de outros segmentos tradicionais. Cada uma receberá a premiação de R$ 50 mil, totalizando um investimento de R$ 2,5 milhões.</p>

<p>Parceria entre BNDES e Ministério do Meio Ambiente e Mudança do Clima, o prêmio vai selecionar iniciativas lideradas por povos indígenas, quilombolas e demais comunidades tradicionais que protejam os territórios [&hellip;]</p>
