{"id":91081,"date":"2026-03-13T16:49:35","date_gmt":"2026-03-13T19:49:35","guid":{"rendered":"https:\/\/concertacao.bureau-it.com\/?post_type=tribe_events&#038;p=91081"},"modified":"2026-03-13T16:49:35","modified_gmt":"2026-03-13T19:49:35","slug":"amazonia-em-casa-floresta-em-pe","status":"publish","type":"tribe_events","link":"https:\/\/concertacaoamazonia.com.br\/en\/event\/amazonia-em-casa-floresta-em-pe\/","title":{"rendered":"Amaz\u00f4nia em Casa, Floresta em P\u00e9"},"content":{"rendered":"<p>O Amaz\u00f4nia em Casa, Floresta em P\u00e9 convida neg\u00f3cios da sociobioeconomia amaz\u00f4nica a fortalecer sua presen\u00e7a no mercado digital. O programa oferece capacita\u00e7\u00e3o gratuita em vendas online, posicionamento de marca e estrat\u00e9gias comerciais digitais, ampliando o acesso a novos clientes e oportunidades de mercado.<\/p>\n","protected":false},"excerpt":{"rendered":"<p>O Amaz\u00f4nia em Casa, Floresta em P\u00e9 convida neg\u00f3cios da sociobioeconomia amaz\u00f4nica a fortalecer sua presen\u00e7a no mercado digital. O programa oferece capacita\u00e7\u00e3o gratuita em vendas online, posicionamento de marca [&hellip;]<\/p>\n","protected":false},"author":226,"featured_media":91082,"template":"","meta":{"_tribe_events_status":"","_tribe_events_status_reason":"","_tribe_events_is_hybrid":"","_tribe_events_is_virtual":"yes","_tribe_events_virtual_video_source":"video","_tribe_events_virtual_embed_video":"","_tribe_events_virtual_linked_button_text":"","_tribe_events_virtual_linked_button":"","_tribe_events_virtual_show_embed_at":"","_tribe_events_virtual_show_embed_to":[],"_tribe_events_virtual_show_on_event":"yes","_tribe_events_virtual_show_on_views":"yes","_tribe_events_virtual_url":"","footnotes":""},"tags":[],"tribe_events_cat":[1782],"class_list":["post-91081","tribe_events","type-tribe_events","status-publish","has-post-thumbnail","hentry","tribe_events_cat-edital","cat_edital","tribe-events-virtual-event"],"_links":{"self":[{"href":"https:\/\/concertacaoamazonia.com.br\/en\/wp-json\/wp\/v2\/tribe_events\/91081","targetHints":{"allow":["GET"]}}],"collection":[{"href":"https:\/\/concertacaoamazonia.com.br\/en\/wp-json\/wp\/v2\/tribe_events"}],"about":[{"href":"https:\/\/concertacaoamazonia.com.br\/en\/wp-json\/wp\/v2\/types\/tribe_events"}],"author":[{"embeddable":true,"href":"https:\/\/concertacaoamazonia.com.br\/en\/wp-json\/wp\/v2\/users\/226"}],"version-history":[{"count":1,"href":"https:\/\/concertacaoamazonia.com.br\/en\/wp-json\/wp\/v2\/tribe_events\/91081\/revisions"}],"predecessor-version":[{"id":91084,"href":"https:\/\/concertacaoamazonia.com.br\/en\/wp-json\/wp\/v2\/tribe_events\/91081\/revisions\/91084"}],"wp:featuredmedia":[{"embeddable":true,"href":"https:\/\/concertacaoamazonia.com.br\/en\/wp-json\/wp\/v2\/media\/91082"}],"wp:attachment":[{"href":"https:\/\/concertacaoamazonia.com.br\/en\/wp-json\/wp\/v2\/media?parent=91081"}],"wp:term":[{"taxonomy":"post_tag","embeddable":true,"href":"https:\/\/concertacaoamazonia.com.br\/en\/wp-json\/wp\/v2\/tags?post=91081"},{"taxonomy":"tribe_events_cat","embeddable":true,"href":"https:\/\/concertacaoamazonia.com.br\/en\/wp-json\/wp\/v2\/tribe_events_cat?post=91081"}],"curies":[{"name":"wp","href":"https:\/\/api.w.org\/{rel}","templated":true}]}}

Amazônia em Casa, Floresta em Pé

<p>O Amazônia em Casa, Floresta em Pé convida negócios da sociobioeconomia amazônica a fortalecer sua presença no mercado digital. O programa oferece capacitação gratuita em vendas online, posicionamento de marca e estratégias comerciais digitais, ampliando o acesso a novos clientes e oportunidades de mercado.</p>

<p>O Amazônia em Casa, Floresta em Pé convida negócios da sociobioeconomia amazônica a fortalecer sua presença no mercado digital. O programa oferece capacitação gratuita em vendas online, posicionamento de marca [&hellip;]</p>
