{"id":89737,"date":"2026-02-26T21:00:41","date_gmt":"2026-02-27T00:00:41","guid":{"rendered":"https:\/\/concertacaoamazonia.com.br\/?post_type=tribe_events&amp;p=89737"},"modified":"2026-02-26T21:00:41","modified_gmt":"2026-02-27T00:00:41","slug":"articula-bio-cti","status":"publish","type":"tribe_events","link":"https:\/\/concertacaoamazonia.com.br\/en\/event\/articula-bio-cti\/","title":{"rendered":"Articula Bio CT&#038;I"},"content":{"rendered":"<p>A oportunidade de coopera\u00e7\u00e3o cient\u00edfica e tecnol\u00f3gica se destina a pesquisadores vinculados a institui\u00e7\u00f5es de Ensino Superior e\/ou de pesquisa, dos estados do Amazonas e de S\u00e3o Paulo, interessados na submiss\u00e3o de projetos colaborativos voltados ao fortalecimento das parcerias interinstitucionais e ao desenvolvimento de solu\u00e7\u00f5es inovadoras na \u00e1rea da bioeconomia amaz\u00f4nica.<\/p>\n","protected":false},"excerpt":{"rendered":"<p>A oportunidade de coopera\u00e7\u00e3o cient\u00edfica e tecnol\u00f3gica se destina a pesquisadores vinculados a institui\u00e7\u00f5es de Ensino Superior e\/ou de pesquisa, dos estados do Amazonas e de S\u00e3o Paulo, interessados na [&hellip;]<\/p>\n","protected":false},"author":0,"featured_media":89738,"template":"","meta":{"_tribe_events_status":"","_tribe_events_status_reason":"","_tribe_events_is_hybrid":"","_tribe_events_is_virtual":"yes","_tribe_events_virtual_video_source":"video","_tribe_events_virtual_embed_video":"","_tribe_events_virtual_linked_button_text":"","_tribe_events_virtual_linked_button":"","_tribe_events_virtual_show_embed_at":"","_tribe_events_virtual_show_embed_to":[],"_tribe_events_virtual_show_on_event":"yes","_tribe_events_virtual_show_on_views":"yes","_tribe_events_virtual_url":"","footnotes":""},"tags":[],"tribe_events_cat":[1782],"class_list":["post-89737","tribe_events","type-tribe_events","status-publish","has-post-thumbnail","hentry","tribe_events_cat-edital","cat_edital","tribe-events-virtual-event"],"_links":{"self":[{"href":"https:\/\/concertacaoamazonia.com.br\/en\/wp-json\/wp\/v2\/tribe_events\/89737","targetHints":{"allow":["GET"]}}],"collection":[{"href":"https:\/\/concertacaoamazonia.com.br\/en\/wp-json\/wp\/v2\/tribe_events"}],"about":[{"href":"https:\/\/concertacaoamazonia.com.br\/en\/wp-json\/wp\/v2\/types\/tribe_events"}],"version-history":[{"count":0,"href":"https:\/\/concertacaoamazonia.com.br\/en\/wp-json\/wp\/v2\/tribe_events\/89737\/revisions"}],"wp:featuredmedia":[{"embeddable":true,"href":"https:\/\/concertacaoamazonia.com.br\/en\/wp-json\/wp\/v2\/media\/89738"}],"wp:attachment":[{"href":"https:\/\/concertacaoamazonia.com.br\/en\/wp-json\/wp\/v2\/media?parent=89737"}],"wp:term":[{"taxonomy":"post_tag","embeddable":true,"href":"https:\/\/concertacaoamazonia.com.br\/en\/wp-json\/wp\/v2\/tags?post=89737"},{"taxonomy":"tribe_events_cat","embeddable":true,"href":"https:\/\/concertacaoamazonia.com.br\/en\/wp-json\/wp\/v2\/tribe_events_cat?post=89737"}],"curies":[{"name":"wp","href":"https:\/\/api.w.org\/{rel}","templated":true}]}}

<p>A oportunidade de cooperação científica e tecnológica se destina a pesquisadores vinculados a instituições de Ensino Superior e/ou de pesquisa, dos estados do Amazonas e de São Paulo, interessados na submissão de projetos colaborativos voltados ao fortalecimento das parcerias interinstitucionais e ao desenvolvimento de soluções inovadoras na área da bioeconomia amazônica.</p>

<p>A oportunidade de cooperação científica e tecnológica se destina a pesquisadores vinculados a instituições de Ensino Superior e/ou de pesquisa, dos estados do Amazonas e de São Paulo, interessados na [&hellip;]</p>
