{"id":89615,"date":"2026-02-06T16:30:34","date_gmt":"2026-02-06T19:30:34","guid":{"rendered":"https:\/\/concertacaoamazonia.com.br\/?post_type=tribe_events&amp;p=89615"},"modified":"2026-02-06T16:30:34","modified_gmt":"2026-02-06T19:30:34","slug":"21o-salao-do-artesanato-raizes-brasileiras","status":"publish","type":"tribe_events","link":"https:\/\/concertacaoamazonia.com.br\/en\/event\/21o-salao-do-artesanato-raizes-brasileiras\/","title":{"rendered":"21\u00ba Sal\u00e3o do Artesanato Ra\u00edzes Brasileiras"},"content":{"rendered":"<p>O edital de chamamento p\u00fablico busca a sele\u00e7\u00e3o de artes\u00e3os interessados em participar do estande do Acre no 21\u00ba Sal\u00e3o do Artesanato Ra\u00edzes Brasileiras, em Bras\u00edlia (DF). O evento \u00e9 um dos maiores do setor e re\u00fane artes\u00e3os de todo o pa\u00eds, promovendo a valoriza\u00e7\u00e3o da cultura, a gera\u00e7\u00e3o de renda e o fortalecimento do artesanato brasileiro.<\/p>\n","protected":false},"excerpt":{"rendered":"<p>O edital de chamamento p\u00fablico busca a sele\u00e7\u00e3o de artes\u00e3os interessados em participar do estande do Acre no 21\u00ba Sal\u00e3o do Artesanato Ra\u00edzes Brasileiras, em Bras\u00edlia (DF). O evento \u00e9 [&hellip;]<\/p>\n","protected":false},"author":0,"featured_media":89616,"template":"","meta":{"_tribe_events_status":"","_tribe_events_status_reason":"","_tribe_events_is_hybrid":"","_tribe_events_is_virtual":"yes","_tribe_events_virtual_video_source":"video","_tribe_events_virtual_embed_video":"","_tribe_events_virtual_linked_button_text":"","_tribe_events_virtual_linked_button":"","_tribe_events_virtual_show_embed_at":"","_tribe_events_virtual_show_embed_to":[],"_tribe_events_virtual_show_on_event":"yes","_tribe_events_virtual_show_on_views":"yes","_tribe_events_virtual_url":"","footnotes":""},"tags":[],"tribe_events_cat":[1782],"class_list":["post-89615","tribe_events","type-tribe_events","status-publish","has-post-thumbnail","hentry","tribe_events_cat-edital","cat_edital","tribe-events-virtual-event"],"_links":{"self":[{"href":"https:\/\/concertacaoamazonia.com.br\/en\/wp-json\/wp\/v2\/tribe_events\/89615","targetHints":{"allow":["GET"]}}],"collection":[{"href":"https:\/\/concertacaoamazonia.com.br\/en\/wp-json\/wp\/v2\/tribe_events"}],"about":[{"href":"https:\/\/concertacaoamazonia.com.br\/en\/wp-json\/wp\/v2\/types\/tribe_events"}],"version-history":[{"count":0,"href":"https:\/\/concertacaoamazonia.com.br\/en\/wp-json\/wp\/v2\/tribe_events\/89615\/revisions"}],"wp:featuredmedia":[{"embeddable":true,"href":"https:\/\/concertacaoamazonia.com.br\/en\/wp-json\/wp\/v2\/media\/89616"}],"wp:attachment":[{"href":"https:\/\/concertacaoamazonia.com.br\/en\/wp-json\/wp\/v2\/media?parent=89615"}],"wp:term":[{"taxonomy":"post_tag","embeddable":true,"href":"https:\/\/concertacaoamazonia.com.br\/en\/wp-json\/wp\/v2\/tags?post=89615"},{"taxonomy":"tribe_events_cat","embeddable":true,"href":"https:\/\/concertacaoamazonia.com.br\/en\/wp-json\/wp\/v2\/tribe_events_cat?post=89615"}],"curies":[{"name":"wp","href":"https:\/\/api.w.org\/{rel}","templated":true}]}}

21º Salão do Artesanato Raízes Brasileiras

<p>O edital de chamamento público busca a seleção de artesãos interessados em participar do estande do Acre no 21º Salão do Artesanato Raízes Brasileiras, em Brasília (DF). O evento é um dos maiores do setor e reúne artesãos de todo o país, promovendo a valorização da cultura, a geração de renda e o fortalecimento do artesanato brasileiro.</p>

<p>O edital de chamamento público busca a seleção de artesãos interessados em participar do estande do Acre no 21º Salão do Artesanato Raízes Brasileiras, em Brasília (DF). O evento é [&hellip;]</p>
