{"id":89608,"date":"2026-02-06T16:13:01","date_gmt":"2026-02-06T19:13:01","guid":{"rendered":"https:\/\/concertacaoamazonia.com.br\/?post_type=tribe_events&amp;p=89608"},"modified":"2026-02-06T16:13:01","modified_gmt":"2026-02-06T19:13:01","slug":"mecanismo-de-resposta-rapida-a-crises-de-conservacao","status":"publish","type":"tribe_events","link":"https:\/\/concertacaoamazonia.com.br\/en\/event\/mecanismo-de-resposta-rapida-a-crises-de-conservacao\/","title":{"rendered":"Mecanismo de Resposta R\u00e1pida a Crises de Conserva\u00e7\u00e3o"},"content":{"rendered":"<p>O CEPF busca selecionar Parceiros Implementadores previamente identificados, bem posicionados para responder a crises de conserva\u00e7\u00e3o em pa\u00edses parceiros eleg\u00edveis para receber ajuda ao desenvolvimento da Uni\u00e3o Europeia. Organiza\u00e7\u00f5es n\u00e3o governamentais e outras organiza\u00e7\u00f5es da sociedade civil com experi\u00eancia significativa em conserva\u00e7\u00e3o da biodiversidade e presen\u00e7a estabelecida em um ou mais pa\u00edses benefici\u00e1rios da ajuda ao desenvolvimento da UE podem se candidatar.<\/p>\n","protected":false},"excerpt":{"rendered":"<p>O CEPF busca selecionar Parceiros Implementadores previamente identificados, bem posicionados para responder a crises de conserva\u00e7\u00e3o em pa\u00edses parceiros eleg\u00edveis para receber ajuda ao desenvolvimento da Uni\u00e3o Europeia. Organiza\u00e7\u00f5es n\u00e3o [&hellip;]<\/p>\n","protected":false},"author":0,"featured_media":89609,"template":"","meta":{"_tribe_events_status":"","_tribe_events_status_reason":"","_tribe_events_is_hybrid":"","_tribe_events_is_virtual":"yes","_tribe_events_virtual_video_source":"video","_tribe_events_virtual_embed_video":"","_tribe_events_virtual_linked_button_text":"","_tribe_events_virtual_linked_button":"","_tribe_events_virtual_show_embed_at":"immediately","_tribe_events_virtual_show_embed_to":[],"_tribe_events_virtual_show_on_event":"yes","_tribe_events_virtual_show_on_views":"yes","_tribe_events_virtual_url":"","footnotes":""},"tags":[],"tribe_events_cat":[1782],"class_list":["post-89608","tribe_events","type-tribe_events","status-publish","has-post-thumbnail","hentry","tribe_events_cat-edital","cat_edital","tribe-events-virtual-event"],"_links":{"self":[{"href":"https:\/\/concertacaoamazonia.com.br\/en\/wp-json\/wp\/v2\/tribe_events\/89608","targetHints":{"allow":["GET"]}}],"collection":[{"href":"https:\/\/concertacaoamazonia.com.br\/en\/wp-json\/wp\/v2\/tribe_events"}],"about":[{"href":"https:\/\/concertacaoamazonia.com.br\/en\/wp-json\/wp\/v2\/types\/tribe_events"}],"version-history":[{"count":0,"href":"https:\/\/concertacaoamazonia.com.br\/en\/wp-json\/wp\/v2\/tribe_events\/89608\/revisions"}],"wp:featuredmedia":[{"embeddable":true,"href":"https:\/\/concertacaoamazonia.com.br\/en\/wp-json\/wp\/v2\/media\/89609"}],"wp:attachment":[{"href":"https:\/\/concertacaoamazonia.com.br\/en\/wp-json\/wp\/v2\/media?parent=89608"}],"wp:term":[{"taxonomy":"post_tag","embeddable":true,"href":"https:\/\/concertacaoamazonia.com.br\/en\/wp-json\/wp\/v2\/tags?post=89608"},{"taxonomy":"tribe_events_cat","embeddable":true,"href":"https:\/\/concertacaoamazonia.com.br\/en\/wp-json\/wp\/v2\/tribe_events_cat?post=89608"}],"curies":[{"name":"wp","href":"https:\/\/api.w.org\/{rel}","templated":true}]}}

Mecanismo de Resposta Rápida a Crises de Conservação

<p>O CEPF busca selecionar Parceiros Implementadores previamente identificados, bem posicionados para responder a crises de conservação em países parceiros elegíveis para receber ajuda ao desenvolvimento da União Europeia. Organizações não governamentais e outras organizações da sociedade civil com experiência significativa em conservação da biodiversidade e presença estabelecida em um ou mais países beneficiários da ajuda ao desenvolvimento da UE podem se candidatar.</p>

<p>O CEPF busca selecionar Parceiros Implementadores previamente identificados, bem posicionados para responder a crises de conservação em países parceiros elegíveis para receber ajuda ao desenvolvimento da União Europeia. Organizações não [&hellip;]</p>
