{"id":75389,"date":"2025-06-13T16:09:18","date_gmt":"2025-06-13T19:09:18","guid":{"rendered":"https:\/\/concertacaoamazonia.com.br\/?post_type=tribe_events&#038;p=75389"},"modified":"2025-06-13T16:09:18","modified_gmt":"2025-06-13T19:09:18","slug":"31o-encontro-aberto-gt-bioeconomia-nacional","status":"publish","type":"tribe_events","link":"https:\/\/concertacaoamazonia.com.br\/en\/event\/31o-encontro-aberto-gt-bioeconomia-nacional\/","title":{"rendered":"31\u00ba Encontro Aberto GT Bioeconomia Nacional"},"content":{"rendered":"<p>O GT Bioeconomia Nacional, convida para o 31\u00ba Encontro Aberto, primeiro evento de 2025, que inaugura uma nova s\u00e9rie de di\u00e1logos estrat\u00e9gicos sobre bioeconomia e desenvolvimento sustent\u00e1vel no Brasil. Nesta edi\u00e7\u00e3o de abertura, receberemos Carina Pimenta, Secret\u00e1ria Nacional de Bioeconomia do Minist\u00e9rio do Meio Ambiente e Mudan\u00e7a do Clima, para apresentar o horizonte estrat\u00e9gico do Plano Nacional de Desenvolvimento da Bioeconomia (PNDBio), discutindo seus fundamentos, diretrizes e potencial transformador. O evento marca o in\u00edcio de uma agenda propositiva voltada \u00e0 constru\u00e7\u00e3o de uma bioeconomia nacional baseada em ci\u00eancia, inclus\u00e3o e sustentabilidade.<\/p>\n","protected":false},"excerpt":{"rendered":"<p>O GT Bioeconomia Nacional, convida para o 31\u00ba Encontro Aberto, primeiro evento de 2025, que inaugura uma nova s\u00e9rie de di\u00e1logos estrat\u00e9gicos sobre bioeconomia e desenvolvimento sustent\u00e1vel no Brasil. Nesta [&hellip;]<\/p>\n","protected":false},"author":226,"featured_media":75390,"template":"","meta":{"_tribe_events_status":"","_tribe_events_status_reason":"","_tribe_events_is_hybrid":"","_tribe_events_is_virtual":"yes","_tribe_events_virtual_video_source":"video","_tribe_events_virtual_embed_video":"","_tribe_events_virtual_linked_button_text":"","_tribe_events_virtual_linked_button":"","_tribe_events_virtual_show_embed_at":"","_tribe_events_virtual_show_embed_to":[],"_tribe_events_virtual_show_on_event":"yes","_tribe_events_virtual_show_on_views":"yes","_tribe_events_virtual_url":"","footnotes":""},"tags":[],"tribe_events_cat":[618],"class_list":["post-75389","tribe_events","type-tribe_events","status-publish","has-post-thumbnail","hentry","tribe_events_cat-evento-online","cat_evento-online","tribe-events-virtual-event"],"_links":{"self":[{"href":"https:\/\/concertacaoamazonia.com.br\/en\/wp-json\/wp\/v2\/tribe_events\/75389","targetHints":{"allow":["GET"]}}],"collection":[{"href":"https:\/\/concertacaoamazonia.com.br\/en\/wp-json\/wp\/v2\/tribe_events"}],"about":[{"href":"https:\/\/concertacaoamazonia.com.br\/en\/wp-json\/wp\/v2\/types\/tribe_events"}],"author":[{"embeddable":true,"href":"https:\/\/concertacaoamazonia.com.br\/en\/wp-json\/wp\/v2\/users\/226"}],"version-history":[{"count":0,"href":"https:\/\/concertacaoamazonia.com.br\/en\/wp-json\/wp\/v2\/tribe_events\/75389\/revisions"}],"wp:featuredmedia":[{"embeddable":true,"href":"https:\/\/concertacaoamazonia.com.br\/en\/wp-json\/wp\/v2\/media\/75390"}],"wp:attachment":[{"href":"https:\/\/concertacaoamazonia.com.br\/en\/wp-json\/wp\/v2\/media?parent=75389"}],"wp:term":[{"taxonomy":"post_tag","embeddable":true,"href":"https:\/\/concertacaoamazonia.com.br\/en\/wp-json\/wp\/v2\/tags?post=75389"},{"taxonomy":"tribe_events_cat","embeddable":true,"href":"https:\/\/concertacaoamazonia.com.br\/en\/wp-json\/wp\/v2\/tribe_events_cat?post=75389"}],"curies":[{"name":"wp","href":"https:\/\/api.w.org\/{rel}","templated":true}]}}

31º Encontro Aberto GT Bioeconomia Nacional

<p>O GT Bioeconomia Nacional, convida para o 31º Encontro Aberto, primeiro evento de 2025, que inaugura uma nova série de diálogos estratégicos sobre bioeconomia e desenvolvimento sustentável no Brasil. Nesta edição de abertura, receberemos Carina Pimenta, Secretária Nacional de Bioeconomia do Ministério do Meio Ambiente e Mudança do Clima, para apresentar o horizonte estratégico do Plano Nacional de Desenvolvimento da Bioeconomia (PNDBio), discutindo seus fundamentos, diretrizes e potencial transformador. O evento marca o início de uma agenda propositiva voltada à construção de uma bioeconomia nacional baseada em ciência, inclusão e sustentabilidade.</p>

<p>O GT Bioeconomia Nacional, convida para o 31º Encontro Aberto, primeiro evento de 2025, que inaugura uma nova série de diálogos estratégicos sobre bioeconomia e desenvolvimento sustentável no Brasil. Nesta [&hellip;]</p>
