{"id":75048,"date":"2025-05-30T12:59:32","date_gmt":"2025-05-30T15:59:32","guid":{"rendered":"https:\/\/concertacaoamazonia.com.br\/?post_type=tribe_events&#038;p=75048"},"modified":"2025-05-30T12:59:32","modified_gmt":"2025-05-30T15:59:32","slug":"london-climate-action-week","status":"publish","type":"tribe_events","link":"https:\/\/concertacaoamazonia.com.br\/en\/event\/london-climate-action-week\/","title":{"rendered":"London Climate Action Week"},"content":{"rendered":"<p>A London Climate Action Week aproveita o poder \u00fanico de Londres para a\u00e7\u00f5es clim\u00e1ticas globais e locais. Ela mobiliza o ecossistema incompar\u00e1vel de organiza\u00e7\u00f5es clim\u00e1ticas e n\u00e3o clim\u00e1ticas de Londres para acelerar a a\u00e7\u00e3o clim\u00e1tica global e apoia a\u00e7\u00f5es em Londres para garantir que ela atue como l\u00edder clim\u00e1tica global.<\/p>\n","protected":false},"excerpt":{"rendered":"<p>A London Climate Action Week aproveita o poder \u00fanico de Londres para a\u00e7\u00f5es clim\u00e1ticas globais e locais. Ela mobiliza o ecossistema incompar\u00e1vel de organiza\u00e7\u00f5es clim\u00e1ticas e n\u00e3o clim\u00e1ticas de Londres [&hellip;]<\/p>\n","protected":false},"author":226,"featured_media":75049,"template":"","meta":{"_tribe_events_status":"","_tribe_events_status_reason":"","_tribe_events_is_hybrid":"","_tribe_events_is_virtual":"yes","_tribe_events_virtual_video_source":"video","_tribe_events_virtual_embed_video":"","_tribe_events_virtual_linked_button_text":"","_tribe_events_virtual_linked_button":"","_tribe_events_virtual_show_embed_at":"","_tribe_events_virtual_show_embed_to":[],"_tribe_events_virtual_show_on_event":"yes","_tribe_events_virtual_show_on_views":"yes","_tribe_events_virtual_url":"","footnotes":""},"tags":[],"tribe_events_cat":[618],"class_list":["post-75048","tribe_events","type-tribe_events","status-publish","has-post-thumbnail","hentry","tribe_events_cat-evento-online","cat_evento-online","tribe-events-virtual-event"],"_links":{"self":[{"href":"https:\/\/concertacaoamazonia.com.br\/en\/wp-json\/wp\/v2\/tribe_events\/75048","targetHints":{"allow":["GET"]}}],"collection":[{"href":"https:\/\/concertacaoamazonia.com.br\/en\/wp-json\/wp\/v2\/tribe_events"}],"about":[{"href":"https:\/\/concertacaoamazonia.com.br\/en\/wp-json\/wp\/v2\/types\/tribe_events"}],"author":[{"embeddable":true,"href":"https:\/\/concertacaoamazonia.com.br\/en\/wp-json\/wp\/v2\/users\/226"}],"version-history":[{"count":0,"href":"https:\/\/concertacaoamazonia.com.br\/en\/wp-json\/wp\/v2\/tribe_events\/75048\/revisions"}],"wp:featuredmedia":[{"embeddable":true,"href":"https:\/\/concertacaoamazonia.com.br\/en\/wp-json\/wp\/v2\/media\/75049"}],"wp:attachment":[{"href":"https:\/\/concertacaoamazonia.com.br\/en\/wp-json\/wp\/v2\/media?parent=75048"}],"wp:term":[{"taxonomy":"post_tag","embeddable":true,"href":"https:\/\/concertacaoamazonia.com.br\/en\/wp-json\/wp\/v2\/tags?post=75048"},{"taxonomy":"tribe_events_cat","embeddable":true,"href":"https:\/\/concertacaoamazonia.com.br\/en\/wp-json\/wp\/v2\/tribe_events_cat?post=75048"}],"curies":[{"name":"wp","href":"https:\/\/api.w.org\/{rel}","templated":true}]}}

<p>A London Climate Action Week aproveita o poder único de Londres para ações climáticas globais e locais. Ela mobiliza o ecossistema incomparável de organizações climáticas e não climáticas de Londres para acelerar a ação climática global e apoia ações em Londres para garantir que ela atue como líder climática global.</p>

<p>A London Climate Action Week aproveita o poder único de Londres para ações climáticas globais e locais. Ela mobiliza o ecossistema incomparável de organizações climáticas e não climáticas de Londres [&hellip;]</p>
