{"id":73384,"date":"2025-04-30T17:23:03","date_gmt":"2025-04-30T20:23:03","guid":{"rendered":"https:\/\/concertacaoamazonia.com.br\/?post_type=tribe_events&#038;p=73384"},"modified":"2025-04-30T17:23:03","modified_gmt":"2025-04-30T20:23:03","slug":"amazonian-leapfrogging-3-0","status":"publish","type":"tribe_events","link":"https:\/\/concertacaoamazonia.com.br\/en\/event\/amazonian-leapfrogging-3-0\/","title":{"rendered":"Amazonian Leapfrogging 3.0"},"content":{"rendered":"<p>O Amazonian Leapfrogging 3.0 ser\u00e1 realizado na Universidade de Princeton nos dias 8 e 9 de maio de 2025. A confer\u00eancia reunir\u00e1 l\u00edderes em ci\u00eancia, pol\u00edtica, finan\u00e7as e neg\u00f3cios, sociedade civil, m\u00eddia e empreendedorismo social do Brasil, de Princeton e de outros lugares para explorar solu\u00e7\u00f5es baseadas na natureza que promovam a conserva\u00e7\u00e3o e o desenvolvimento socioecon\u00f4mico na Amaz\u00f4nia brasileira. Para isso, \u00e9 necess\u00e1rio um melhor entendimento deste momento cr\u00edtico, uma identifica\u00e7\u00e3o clara dos obst\u00e1culos e a implementa\u00e7\u00e3o de ideias inovadoras para a\u00e7\u00f5es exponenciais a fim de proteger e restaurar florestas, aprimorar os servi\u00e7os ecossist\u00eamicos e a biodiversidade, e promover uma bioeconomia sustent\u00e1vel, agricultura de baixo carbono e infraestrutura adaptativa.<\/p>\n","protected":false},"excerpt":{"rendered":"<p>O Amazonian Leapfrogging 3.0 ser\u00e1 realizado na Universidade de Princeton nos dias 8 e 9 de maio de 2025. A confer\u00eancia reunir\u00e1 l\u00edderes em ci\u00eancia, pol\u00edtica, finan\u00e7as e neg\u00f3cios, sociedade [&hellip;]<\/p>\n","protected":false},"author":226,"featured_media":73385,"template":"","meta":{"_tribe_events_status":"","_tribe_events_status_reason":"","_tribe_events_is_hybrid":"","_tribe_events_is_virtual":"","_tribe_events_virtual_video_source":"","_tribe_events_virtual_embed_video":"","_tribe_events_virtual_linked_button_text":"","_tribe_events_virtual_linked_button":"","_tribe_events_virtual_show_embed_at":"","_tribe_events_virtual_show_embed_to":[],"_tribe_events_virtual_show_on_event":"","_tribe_events_virtual_show_on_views":"","_tribe_events_virtual_url":"","footnotes":""},"tags":[],"tribe_events_cat":[969],"class_list":["post-73384","tribe_events","type-tribe_events","status-publish","has-post-thumbnail","hentry","tribe_events_cat-evento-presencial","cat_evento-presencial"],"_links":{"self":[{"href":"https:\/\/concertacaoamazonia.com.br\/en\/wp-json\/wp\/v2\/tribe_events\/73384","targetHints":{"allow":["GET"]}}],"collection":[{"href":"https:\/\/concertacaoamazonia.com.br\/en\/wp-json\/wp\/v2\/tribe_events"}],"about":[{"href":"https:\/\/concertacaoamazonia.com.br\/en\/wp-json\/wp\/v2\/types\/tribe_events"}],"author":[{"embeddable":true,"href":"https:\/\/concertacaoamazonia.com.br\/en\/wp-json\/wp\/v2\/users\/226"}],"version-history":[{"count":0,"href":"https:\/\/concertacaoamazonia.com.br\/en\/wp-json\/wp\/v2\/tribe_events\/73384\/revisions"}],"wp:featuredmedia":[{"embeddable":true,"href":"https:\/\/concertacaoamazonia.com.br\/en\/wp-json\/wp\/v2\/media\/73385"}],"wp:attachment":[{"href":"https:\/\/concertacaoamazonia.com.br\/en\/wp-json\/wp\/v2\/media?parent=73384"}],"wp:term":[{"taxonomy":"post_tag","embeddable":true,"href":"https:\/\/concertacaoamazonia.com.br\/en\/wp-json\/wp\/v2\/tags?post=73384"},{"taxonomy":"tribe_events_cat","embeddable":true,"href":"https:\/\/concertacaoamazonia.com.br\/en\/wp-json\/wp\/v2\/tribe_events_cat?post=73384"}],"curies":[{"name":"wp","href":"https:\/\/api.w.org\/{rel}","templated":true}]}}

<p>O Amazonian Leapfrogging 3.0 será realizado na Universidade de Princeton nos dias 8 e 9 de maio de 2025. A conferência reunirá líderes em ciência, política, finanças e negócios, sociedade civil, mídia e empreendedorismo social do Brasil, de Princeton e de outros lugares para explorar soluções baseadas na natureza que promovam a conservação e o desenvolvimento socioeconômico na Amazônia brasileira. Para isso, é necessário um melhor entendimento deste momento crítico, uma identificação clara dos obstáculos e a implementação de ideias inovadoras para ações exponenciais a fim de proteger e restaurar florestas, aprimorar os serviços ecossistêmicos e a biodiversidade, e promover uma bioeconomia sustentável, agricultura de baixo carbono e infraestrutura adaptativa.</p>

<p>O Amazonian Leapfrogging 3.0 será realizado na Universidade de Princeton nos dias 8 e 9 de maio de 2025. A conferência reunirá líderes em ciência, política, finanças e negócios, sociedade [&hellip;]</p>
