{"id":56463,"date":"2024-05-15T17:43:59","date_gmt":"2024-05-15T20:43:59","guid":{"rendered":"https:\/\/concertacaoamazonia.com.br\/?post_type=tribe_events&amp;p=56463"},"modified":"2024-05-15T17:43:59","modified_gmt":"2024-05-15T20:43:59","slug":"conferencia-ethos","status":"publish","type":"tribe_events","link":"https:\/\/concertacaoamazonia.com.br\/en\/event\/conferencia-ethos\/","title":{"rendered":"Confer\u00eancia Ethos"},"content":{"rendered":"<p>A Confer\u00eancia Ethos dialoga com todos os temas e acontecimentos pol\u00edticos, econ\u00f4micos e sociais da atualidade, olhando, principalmente, para o seu impacto no desenvolvimento sustent\u00e1vel, na busca por equidade, diversidade, inclus\u00e3o e transpar\u00eancia.<\/p>\n","protected":false},"excerpt":{"rendered":"<p>A Confer\u00eancia Ethos dialoga com todos os temas e acontecimentos pol\u00edticos, econ\u00f4micos e sociais da atualidade, olhando, principalmente, para o seu impacto no desenvolvimento sustent\u00e1vel, na busca por equidade, diversidade, [&hellip;]<\/p>\n","protected":false},"author":0,"featured_media":56464,"template":"","meta":{"_tribe_events_status":"","_tribe_events_status_reason":"","_tribe_events_is_hybrid":"","_tribe_events_is_virtual":"","_tribe_events_virtual_video_source":"","_tribe_events_virtual_embed_video":"","_tribe_events_virtual_linked_button_text":"","_tribe_events_virtual_linked_button":"","_tribe_events_virtual_show_embed_at":"","_tribe_events_virtual_show_embed_to":[],"_tribe_events_virtual_show_on_event":"","_tribe_events_virtual_show_on_views":"","_tribe_events_virtual_url":"","footnotes":""},"tags":[],"tribe_events_cat":[969],"class_list":["post-56463","tribe_events","type-tribe_events","status-publish","has-post-thumbnail","hentry","tribe_events_cat-evento-presencial","cat_evento-presencial"],"_links":{"self":[{"href":"https:\/\/concertacaoamazonia.com.br\/en\/wp-json\/wp\/v2\/tribe_events\/56463","targetHints":{"allow":["GET"]}}],"collection":[{"href":"https:\/\/concertacaoamazonia.com.br\/en\/wp-json\/wp\/v2\/tribe_events"}],"about":[{"href":"https:\/\/concertacaoamazonia.com.br\/en\/wp-json\/wp\/v2\/types\/tribe_events"}],"version-history":[{"count":0,"href":"https:\/\/concertacaoamazonia.com.br\/en\/wp-json\/wp\/v2\/tribe_events\/56463\/revisions"}],"wp:featuredmedia":[{"embeddable":true,"href":"https:\/\/concertacaoamazonia.com.br\/en\/wp-json\/wp\/v2\/media\/56464"}],"wp:attachment":[{"href":"https:\/\/concertacaoamazonia.com.br\/en\/wp-json\/wp\/v2\/media?parent=56463"}],"wp:term":[{"taxonomy":"post_tag","embeddable":true,"href":"https:\/\/concertacaoamazonia.com.br\/en\/wp-json\/wp\/v2\/tags?post=56463"},{"taxonomy":"tribe_events_cat","embeddable":true,"href":"https:\/\/concertacaoamazonia.com.br\/en\/wp-json\/wp\/v2\/tribe_events_cat?post=56463"}],"curies":[{"name":"wp","href":"https:\/\/api.w.org\/{rel}","templated":true}]}}

Conferência Ethos

<p>A Conferência Ethos dialoga com todos os temas e acontecimentos políticos, econômicos e sociais da atualidade, olhando, principalmente, para o seu impacto no desenvolvimento sustentável, na busca por equidade, diversidade, inclusão e transparência.</p>

<p>A Conferência Ethos dialoga com todos os temas e acontecimentos políticos, econômicos e sociais da atualidade, olhando, principalmente, para o seu impacto no desenvolvimento sustentável, na busca por equidade, diversidade, [&hellip;]</p>
