{"id":48409,"date":"2023-12-08T19:40:18","date_gmt":"2023-12-08T22:40:18","guid":{"rendered":"https:\/\/concertacaoamazonia.com.br\/releases\/the-first-week-of-cop28-indicates-that-there-will-be-pressure-for-countries-to-align-their-commitments-with-the-1-5c-target\/"},"modified":"2023-12-14T15:43:30","modified_gmt":"2023-12-14T18:43:30","slug":"the-first-week-of-cop28-indicates-that-there-will-be-pressure-for-countries-to-align-their-commitments-with-the-1-5c-target","status":"publish","type":"releases","link":"https:\/\/concertacaoamazonia.com.br\/en\/releases\/the-first-week-of-cop28-indicates-that-there-will-be-pressure-for-countries-to-align-their-commitments-with-the-1-5c-target\/","title":{"rendered":"The first week of COP28 indicates that there will be pressure for countries to align their commitments with the 1.5\u00b0C target."},"content":{"rendered":"\n<p>Experts from the Arapya\u00fa Institute and the Uma Concerta\u00e7\u00e3o pela Amaz\u00f4nia initiative provide an assessment of the first days of the Climate Conference; initiatives launch a forum on climate financing.<\/p>\n","protected":false},"template":"","eventos-internacionais":[2074],"class_list":["post-48409","releases","type-releases","status-publish","hentry"],"_links":{"self":[{"href":"https:\/\/concertacaoamazonia.com.br\/en\/wp-json\/wp\/v2\/releases\/48409","targetHints":{"allow":["GET"]}}],"collection":[{"href":"https:\/\/concertacaoamazonia.com.br\/en\/wp-json\/wp\/v2\/releases"}],"about":[{"href":"https:\/\/concertacaoamazonia.com.br\/en\/wp-json\/wp\/v2\/types\/releases"}],"version-history":[{"count":0,"href":"https:\/\/concertacaoamazonia.com.br\/en\/wp-json\/wp\/v2\/releases\/48409\/revisions"}],"wp:attachment":[{"href":"https:\/\/concertacaoamazonia.com.br\/en\/wp-json\/wp\/v2\/media?parent=48409"}],"wp:term":[{"taxonomy":"eventos-internacionais","embeddable":true,"href":"https:\/\/concertacaoamazonia.com.br\/en\/wp-json\/wp\/v2\/eventos-internacionais?post=48409"}],"curies":[{"name":"wp","href":"https:\/\/api.w.org\/{rel}","templated":true}]}}

<p>Experts from the Arapyaú Institute and the Uma Concertação pela Amazônia initiative provide an assessment of the first days of the Climate Conference; initiatives launch a forum on climate financing.</p>
