{"id":1348,"date":"2021-05-17T17:51:00","date_gmt":"2021-05-17T20:51:00","guid":{"rendered":"https:\/\/concertacaoamazonia.com.br\/?p=1348"},"modified":"2023-05-16T12:28:32","modified_gmt":"2023-05-16T15:28:32","slug":"imaginario-concreto-e-possibilidades-um-encontro-para-revisitar-o-passado-pensar-o-presente-e-compor-um-futuro","status":"publish","type":"plenarias","link":"https:\/\/concertacaoamazonia.com.br\/en\/plenaria\/imaginario-concreto-e-possibilidades-um-encontro-para-revisitar-o-passado-pensar-o-presente-e-compor-um-futuro\/","title":{"rendered":"&#8220;Imaginary, concrete and possibilities: A meeting to revisit the past, Think about the present and compose a future&#8221;"},"content":{"rendered":"\n<p><em>The future is built in the present, from what we feed in our imagination. Therefore, the need to revive our awareness of the Amazon is urgent.<\/em><\/p>\n\n<p>The theme of the 4th plenary of 2021 of the Uma Concerta\u00e7\u00e3o pela Amaz\u00f4nia initiative, held virtually on May 17, was \u201cImaginary, concrete and possibilities: a meeting to revisit the past, think about the present and compose a future\u201d.<\/p>\n\n<p>Opening the event and connecting the way we build our imagination with the way we look at and value our past, Lilian Schwarcz presented the Black Encyclopedia. The work, recently launched by Companhia das Letras, seeks to promote the reunion of Brazil with the memory of more than 500 silenced black people, many of them in the Amazon region. In addition to the historian and anthropologist, the project is authored by Fl\u00e1vio dos Santos Gomes, a historian specializing in quilombos, and Jaime Lauriano, an intellectual and artist.<\/p>\n\n<p>It took seven years of investigation by the authors into the history of 550 characters that do not appear in official historical records. They are activists, revolutionaries, religious leaders, healers, merchants and mothers who fought for the manumission of their families who had their deeds and narratives silenced.<\/p>\n\n<p>To give these characters a face and form, the project invited 36 black artists, who produced 103 canvases that were later donated to the Pinacoteca de S\u00e3o Paulo. The set became an exhibition \u2013 with the same name as the book \u2013 and which will be on display until November 2021. In addition to the exhibition, the works become part of the Pinacoteca\u2019s collection of portraits, which means an increase in the number of works of black artists in the museum, which increased from 26 to 129 works. Recognition of past and present black heroes and artists.<\/p>\n\n<p>Speaking of recognition, photographer Marcela Bonfim, the second guest of the plenary, narrated her story and presented the project (Re)knowing the Black Amazon \u2013 Peoples, customs and black influences in the forest.<\/p>\n\n<p>Born in Ja\u00fa, in the interior of S\u00e3o Paulo, she graduated in economics from PUC-SP in 2008. She went to the capital of S\u00e3o Paulo after graduation, in search of a job, but she never managed to be chosen in the final stretch, despite always moving forward. well in the selection process. She suspected the reason, she only came to recognize herself as a black woman \u2013 with her pains and possibilities \u2013 when she went to Porto Velho, Rond\u00f4nia, in search of new professional opportunities.<\/p>\n\n<p>When walking through the streets of the city, she began to deal with a constant question: would she be a Barbadian? She didn&#8217;t even know what that meant. She discovered that in the region, at the beginning of the last century, there was an intense migratory flow of people from the Barbados Islands, in the Caribbean. Black people who went to work on the Madeira-Mamor\u00e9 railroad, a symbol of power at the time and which ended up shaping, in a way, the way the city saw and welcomed them. The descendants, to this day, carry this image, of autonomous people, with habits inherited from the English colonization and great musical ability.<\/p>\n\n<p><em>\u201cThey still suffer from racism, but they are bodies within an understanding of power: they played instruments, brought soul and jazz, built an education network, in a way that they modified the space\u201d.<\/em><\/p>\n\n<p>The identification with the people of Barbados ended up taking her to photography, where she was able to refine her view of blackness and, finally, to reconnect with her ancestors.<\/p>\n\n<p><em>\u201cThe photograph showed me the importance of dignifying all the bodies that are here. The Amazon is indigenous, of course, but art is an instrument of education and a tool to rediscover the face and history of these people\u201d. <\/em><\/p>\n\n<p>His show has been around 13 Brazilian states since 2016 and can be seen at https:\/\/www.amazonianegra.com.br\/.<\/p>\n\n<p>When we rescue the past and reframe the present, we can finally reimagine the future, making it more plural and desirable. During the plenary, the participants were also able to learn about the Amaz\u00f4nia 2030 project, with the participation of Juliano Assun\u00e7\u00e3o, Executive Director of CPI Brasil and Professor of the Department of Economics at the Pontifical Catholic University of Rio de Janeiro (PUC-Rio).<\/p>\n\n<p>Juliano said that the initiative presents the prospect of recognizing and reconnecting with the Amazon based on its potential and aims to generate data and knowledge to support an action plan for the Brazilian Amazon, so that the region is able to achieve another level of economic and human development and sustainable use of resources by the end of the decade.<\/p>\n\n<p>Amaz\u00f4nia 2030 is the result of the union of Brazilian researchers and organizations such as the Instituto do Homem e do Meio Ambiente da Amaz\u00f4nia (Imazon), the Centro de Empreendedorismo da Amaz\u00f4nia, both headquartered in Bel\u00e9m, with the Climate Policy Initiative (CPI) and the Department of Economics at PUC-Rio. The project foresees three years of research (2020 to 2022) and the publication of ten works, which at the end of the process will compose a diagnosis and action plan that will be presented to decision makers.<\/p>\n\n<p>The first three completed works show that the region, to a large extent, suffers from an artificial occupation model, far from the natural comparative advantages associated with the forest and far from providing employment and income opportunities for local populations. This is evident in the study Labor Market in the Legal Amazon \u2013 A Comparative Analysis with the Rest of Brazil, carried out by PUC-Rio researchers Fl\u00e1via Alfenas, Francisco Cavalcanti and Gustavo Gonzaga. Based on data from the Continuous National Household Sample Survey (Pnad) by the IBGE, which visits 36,000 households in the Legal Amazon every quarter, the researchers analyzed the labor market between 2012 and 2020 and found a rather dynamic reality, with low performance, high informality and high dependence on the state.<\/p>\n\n<p>There is still much to be done. The Amazon is still an immense suburb and Brazil&#8217;s task is to transform it into home, into home\u201d. That was the great message from documentary filmmaker Jo\u00e3o Moreira Salles, one of the guests at the plenary session. In a series of reports for Piau\u00ed magazine \u2013 of which Salles is a founder \u2013 he narrates stories of how the largest tropical forest in the world has been perceived by people who have a relationship with it, since the 16th century.<\/p>\n\n<p>The title of the series \u2013 Arrabalde \u2013 came during the six months that Salles spent in Par\u00e1 and summarizes part of the Amazonian contradictions: in the dictionary, arrabalde is \u201cpart of a city or town that is outside or adjacent to its limits; suburb; far away from the center; surroundings, surroundings\u201d.<\/p>\n\n<p>For most Brazilians, the Amazon is far away, it is the outskirts. But it is also an outskirts for people who live there, especially in urban areas, where the connection with the forest is almost non-existent. Rescuing the memory of all the peoples that inhabit the Amazon is part of the (re)construction of this new imaginary for the region. In addition to the indigenous and riverside populations, it is essential to restore the protagonism of the black people who have inhabited the Amazon since the 16th century and suffer from great invisibility.<\/p>\n\n<p>Containing destruction also means facing this challenge of a symbolic and cultural nature: incorporating the Amazon into our idea of a nation, of Brazilianness \u2013 but in action, not just in discourse for foreigners to see.<\/p>\n\n<p>The future is built in the present, based on what we feed in our imagination. Therefore, the need to truly amazonify our forest imaginary is urgent.<\/p>\n\n<p>For Guilherme Leal, director of the Arapya\u00fa Institute, the moment is delicate and challenging, due to the enormous threats that the Amazon is currently facing. Therefore, the priority is damage containment. However, it is also a moment for the formation of a new mentality and a new way of seeing the forest \u2013 seeing it as a \u201cplace of happiness, a meeting with oneself, of dignification\u201d. Just like Marcela Bonfim did, who made the encounter with the forest an encounter with life itself and its roots.<\/p>\n","protected":false},"excerpt":{"rendered":"<p>The future is built in the present, from what we feed in our imagination. Therefore, the need to revive our awareness of the Amazon is urgent. The theme of the [&hellip;]<\/p>\n","protected":false},"author":208,"featured_media":0,"template":"","veiculo":[1870],"ano":[1589],"eixos":[],"class_list":["post-1348","plenarias","type-plenarias","status-publish","hentry","veiculo-concertacao-en"],"_links":{"self":[{"href":"https:\/\/concertacaoamazonia.com.br\/en\/wp-json\/wp\/v2\/plenarias\/1348","targetHints":{"allow":["GET"]}}],"collection":[{"href":"https:\/\/concertacaoamazonia.com.br\/en\/wp-json\/wp\/v2\/plenarias"}],"about":[{"href":"https:\/\/concertacaoamazonia.com.br\/en\/wp-json\/wp\/v2\/types\/plenarias"}],"author":[{"embeddable":true,"href":"https:\/\/concertacaoamazonia.com.br\/en\/wp-json\/wp\/v2\/users\/208"}],"version-history":[{"count":0,"href":"https:\/\/concertacaoamazonia.com.br\/en\/wp-json\/wp\/v2\/plenarias\/1348\/revisions"}],"wp:attachment":[{"href":"https:\/\/concertacaoamazonia.com.br\/en\/wp-json\/wp\/v2\/media?parent=1348"}],"wp:term":[{"taxonomy":"veiculo","embeddable":true,"href":"https:\/\/concertacaoamazonia.com.br\/en\/wp-json\/wp\/v2\/veiculo?post=1348"},{"taxonomy":"ano","embeddable":true,"href":"https:\/\/concertacaoamazonia.com.br\/en\/wp-json\/wp\/v2\/ano?post=1348"},{"taxonomy":"eixos","embeddable":true,"href":"https:\/\/concertacaoamazonia.com.br\/en\/wp-json\/wp\/v2\/eixos?post=1348"}],"curies":[{"name":"wp","href":"https:\/\/api.w.org\/{rel}","templated":true}]}}

<p><em>The future is built in the present, from what we feed in our imagination. Therefore, the need to revive our awareness of the Amazon is urgent.</em></p>

<p>The theme of the 4th plenary of 2021 of the Uma Concertação pela Amazônia initiative, held virtually on May 17, was “Imaginary, concrete and possibilities: a meeting to revisit the past, think about the present and compose a future”.</p>

<p>Opening the event and connecting the way we build our imagination with the way we look at and value our past, Lilian Schwarcz presented the Black Encyclopedia. The work, recently launched by Companhia das Letras, seeks to promote the reunion of Brazil with the memory of more than 500 silenced black people, many of them in the Amazon region. In addition to the historian and anthropologist, the project is authored by Flávio dos Santos Gomes, a historian specializing in quilombos, and Jaime Lauriano, an intellectual and artist.</p>

<p>It took seven years of investigation by the authors into the history of 550 characters that do not appear in official historical records. They are activists, revolutionaries, religious leaders, healers, merchants and mothers who fought for the manumission of their families who had their deeds and narratives silenced.</p>

<p>To give these characters a face and form, the project invited 36 black artists, who produced 103 canvases that were later donated to the Pinacoteca de São Paulo. The set became an exhibition – with the same name as the book – and which will be on display until November 2021. In addition to the exhibition, the works become part of the Pinacoteca’s collection of portraits, which means an increase in the number of works of black artists in the museum, which increased from 26 to 129 works. Recognition of past and present black heroes and artists.</p>

<p>Speaking of recognition, photographer Marcela Bonfim, the second guest of the plenary, narrated her story and presented the project (Re)knowing the Black Amazon – Peoples, customs and black influences in the forest.</p>

<p>Born in Jaú, in the interior of São Paulo, she graduated in economics from PUC-SP in 2008. She went to the capital of São Paulo after graduation, in search of a job, but she never managed to be chosen in the final stretch, despite always moving forward. well in the selection process. She suspected the reason, she only came to recognize herself as a black woman – with her pains and possibilities – when she went to Porto Velho, Rondônia, in search of new professional opportunities.</p>

<p>When walking through the streets of the city, she began to deal with a constant question: would she be a Barbadian? She didn&#8217;t even know what that meant. She discovered that in the region, at the beginning of the last century, there was an intense migratory flow of people from the Barbados Islands, in the Caribbean. Black people who went to work on the Madeira-Mamoré railroad, a symbol of power at the time and which ended up shaping, in a way, the way the city saw and welcomed them. The descendants, to this day, carry this image, of autonomous people, with habits inherited from the English colonization and great musical ability.</p>

<p><em>“They still suffer from racism, but they are bodies within an understanding of power: they played instruments, brought soul and jazz, built an education network, in a way that they modified the space”.</em></p>

<p>The identification with the people of Barbados ended up taking her to photography, where she was able to refine her view of blackness and, finally, to reconnect with her ancestors.</p>

<p><em>“The photograph showed me the importance of dignifying all the bodies that are here. The Amazon is indigenous, of course, but art is an instrument of education and a tool to rediscover the face and history of these people”. </em></p>

<p>His show has been around 13 Brazilian states since 2016 and can be seen at https://www.amazonianegra.com.br/.</p>

<p>When we rescue the past and reframe the present, we can finally reimagine the future, making it more plural and desirable. During the plenary, the participants were also able to learn about the Amazônia 2030 project, with the participation of Juliano Assunção, Executive Director of CPI Brasil and Professor of the Department of Economics at the Pontifical Catholic University of Rio de Janeiro (PUC-Rio).</p>

<p>Juliano said that the initiative presents the prospect of recognizing and reconnecting with the Amazon based on its potential and aims to generate data and knowledge to support an action plan for the Brazilian Amazon, so that the region is able to achieve another level of economic and human development and sustainable use of resources by the end of the decade.</p>

<p>Amazônia 2030 is the result of the union of Brazilian researchers and organizations such as the Instituto do Homem e do Meio Ambiente da Amazônia (Imazon), the Centro de Empreendedorismo da Amazônia, both headquartered in Belém, with the Climate Policy Initiative (CPI) and the Department of Economics at PUC-Rio. The project foresees three years of research (2020 to 2022) and the publication of ten works, which at the end of the process will compose a diagnosis and action plan that will be presented to decision makers.</p>

<p>The first three completed works show that the region, to a large extent, suffers from an artificial occupation model, far from the natural comparative advantages associated with the forest and far from providing employment and income opportunities for local populations. This is evident in the study Labor Market in the Legal Amazon – A Comparative Analysis with the Rest of Brazil, carried out by PUC-Rio researchers Flávia Alfenas, Francisco Cavalcanti and Gustavo Gonzaga. Based on data from the Continuous National Household Sample Survey (Pnad) by the IBGE, which visits 36,000 households in the Legal Amazon every quarter, the researchers analyzed the labor market between 2012 and 2020 and found a rather dynamic reality, with low performance, high informality and high dependence on the state.</p>

<p>There is still much to be done. The Amazon is still an immense suburb and Brazil&#8217;s task is to transform it into home, into home”. That was the great message from documentary filmmaker João Moreira Salles, one of the guests at the plenary session. In a series of reports for Piauí magazine – of which Salles is a founder – he narrates stories of how the largest tropical forest in the world has been perceived by people who have a relationship with it, since the 16th century.</p>

<p>The title of the series – Arrabalde – came during the six months that Salles spent in Pará and summarizes part of the Amazonian contradictions: in the dictionary, arrabalde is “part of a city or town that is outside or adjacent to its limits; suburb; far away from the center; surroundings, surroundings”.</p>

<p>For most Brazilians, the Amazon is far away, it is the outskirts. But it is also an outskirts for people who live there, especially in urban areas, where the connection with the forest is almost non-existent. Rescuing the memory of all the peoples that inhabit the Amazon is part of the (re)construction of this new imaginary for the region. In addition to the indigenous and riverside populations, it is essential to restore the protagonism of the black people who have inhabited the Amazon since the 16th century and suffer from great invisibility.</p>

<p>Containing destruction also means facing this challenge of a symbolic and cultural nature: incorporating the Amazon into our idea of a nation, of Brazilianness – but in action, not just in discourse for foreigners to see.</p>

<p>The future is built in the present, based on what we feed in our imagination. Therefore, the need to truly amazonify our forest imaginary is urgent.</p>

<p>For Guilherme Leal, director of the Arapyaú Institute, the moment is delicate and challenging, due to the enormous threats that the Amazon is currently facing. Therefore, the priority is damage containment. However, it is also a moment for the formation of a new mentality and a new way of seeing the forest – seeing it as a “place of happiness, a meeting with oneself, of dignification”. Just like Marcela Bonfim did, who made the encounter with the forest an encounter with life itself and its roots.</p>
