{"id":91932,"date":"2026-04-09T02:42:37","date_gmt":"2026-04-09T05:42:37","guid":{"rendered":"https:\/\/concertacaoamazonia.com.br\/amazonias-negras-2\/"},"modified":"2026-04-09T02:42:37","modified_gmt":"2026-04-09T05:42:37","slug":"amazonias-negras-2","status":"publish","type":"page","link":"https:\/\/concertacaoamazonia.com.br\/en\/amazonias-negras-2\/","title":{"rendered":"Amaz\u00f4nias Negras"},"content":{"rendered":"\t\t<div data-elementor-type=\"wp-page\" data-elementor-id=\"91932\" class=\"elementor elementor-91932 elementor-88071\" data-elementor-post-type=\"page\">\n\t\t\t\t<div class=\"elementor-element elementor-element-5bd1b94c e-flex e-con-boxed e-con e-parent\" data-id=\"5bd1b94c\" data-element_type=\"container\" data-e-type=\"container\">\n\t\t\t\t\t<div class=\"e-con-inner\">\n\t\t<div class=\"elementor-element elementor-element-1f7c5c10 e-con-full e-flex e-con e-child\" data-id=\"1f7c5c10\" data-element_type=\"container\" data-e-type=\"container\">\n\t\t\t\t<div class=\"elementor-element elementor-element-21c274ca jedv-enabled--yes elementor-widget elementor-widget-spacer\" data-id=\"21c274ca\" data-element_type=\"widget\" data-e-type=\"widget\" data-widget_type=\"spacer.default\">\n\t\t\t\t\t\t\t<div class=\"elementor-spacer\">\n\t\t\t<div class=\"elementor-spacer-inner\"><\/div>\n\t\t<\/div>\n\t\t\t\t\t\t<\/div>\n\t\t\t\t<div class=\"elementor-element elementor-element-11a88e9a elementor-widget elementor-widget-heading\" data-id=\"11a88e9a\" data-element_type=\"widget\" data-e-type=\"widget\" data-widget_type=\"heading.default\">\n\t\t\t\t\t<h1 class=\"elementor-heading-title elementor-size-default\">Amaz\u00f4nias Negras<\/h1>\t\t\t\t<\/div>\n\t\t\t\t<div class=\"elementor-element elementor-element-15947a6d elementor-widget-divider--view-line elementor-widget elementor-widget-divider\" data-id=\"15947a6d\" data-element_type=\"widget\" data-e-type=\"widget\" data-widget_type=\"divider.default\">\n\t\t\t\t\t\t\t<div class=\"elementor-divider\">\n\t\t\t<span class=\"elementor-divider-separator\">\n\t\t\t\t\t\t<\/span>\n\t\t<\/div>\n\t\t\t\t\t\t<\/div>\n\t\t<div class=\"elementor-element elementor-element-3b65c8ec e-con-full e-flex e-con e-child\" data-id=\"3b65c8ec\" data-element_type=\"container\" data-e-type=\"container\">\n\t\t<div class=\"elementor-element elementor-element-3c4557aa e-con-full e-flex e-con e-child\" data-id=\"3c4557aa\" data-element_type=\"container\" data-e-type=\"container\">\n\t\t<div class=\"elementor-element elementor-element-174c19d5 e-con-full e-flex e-con e-child\" data-id=\"174c19d5\" data-element_type=\"container\" data-e-type=\"container\">\n\t\t\t\t<div class=\"elementor-element elementor-element-298f3e5a elementor-widget elementor-widget-text-editor\" data-id=\"298f3e5a\" data-element_type=\"widget\" data-e-type=\"widget\" data-widget_type=\"text-editor.default\">\n\t\t\t\t\t\t\t\t\t<p>No m\u00eas da Consci\u00eancia Negra, a Concerta\u00e7\u00e3o celebra as muitas Amaz\u00f4nias Negras que comp\u00f5em este territ\u00f3rio. Fruto do encontro entre povos africanos, comunidades ind\u00edgenas e o bioma amaz\u00f4nico, essas presen\u00e7as constroem modos de vida diversos, nas florestas, nos rios, nas cidades e nas \u00e1reas rurais.<\/p>\t\t\t\t\t\t\t\t<\/div>\n\t\t\t\t<div class=\"elementor-element elementor-element-69f7fd70 elementor-widget elementor-widget-text-editor\" data-id=\"69f7fd70\" data-element_type=\"widget\" data-e-type=\"widget\" data-widget_type=\"text-editor.default\">\n\t\t\t\t\t\t\t\t\t<p><span style=\"font-size: 1.1em;\">O v\u00eddeo \u201cAmaz\u00f4nias Negras\u201d convida \u00e0 reflex\u00e3o sobre a import\u00e2ncia de reconhecer e garantir os direitos, os territ\u00f3rios e os saberes das popula\u00e7\u00f5es negras amaz\u00f4nicas. A produ\u00e7\u00e3o tem como base nossas publica\u00e7\u00f5es \u201cPropostas para as Amaz\u00f4nias\u201d e caderno \u201cPovos Ind\u00edgenas, Quilombolas e Comunidades Tradicionais\u201d, com locu\u00e7\u00e3o e roteiro do professor e pesquisador Kildren Pantoja, e trilha sonora de Marcela Bonfim, integrante de nosso N\u00facleo de Governan\u00e7a, com a sua m\u00fasica \u201cTereza\u201d.<\/span><\/p>\t\t\t\t\t\t\t\t<\/div>\n\t\t<div class=\"elementor-element elementor-element-1840a1c5 e-con-full e-flex e-con e-child\" data-id=\"1840a1c5\" data-element_type=\"container\" data-e-type=\"container\">\n\t\t\t\t<div class=\"elementor-element elementor-element-5dc7c75d elementor-widget elementor-widget-video\" data-id=\"5dc7c75d\" data-element_type=\"widget\" data-e-type=\"widget\" data-settings=\"{&quot;video_type&quot;:&quot;hosted&quot;,&quot;show_image_overlay&quot;:&quot;yes&quot;,&quot;image_overlay&quot;:{&quot;url&quot;:&quot;https:\\\/\\\/concertacaoamazonia.com.br\\\/wp-content\\\/uploads\\\/2025\\\/11\\\/cena-1.jpg&quot;,&quot;id&quot;:88072,&quot;size&quot;:&quot;&quot;,&quot;alt&quot;:&quot;&quot;,&quot;source&quot;:&quot;library&quot;},&quot;controls&quot;:&quot;yes&quot;}\" data-widget_type=\"video.default\">\n\t\t\t\t\t\t\t<div class=\"e-hosted-video elementor-wrapper elementor-open-inline\">\n\t\t\t\t\t<video class=\"elementor-video\" src=\"https:\/\/s3.us-east-1.amazonaws.com\/concertacaoamazonia.com.br\/amazonias-negras\/Amazonias%20Negras_FINAL_LEG.mp4\" controls=\"\" preload=\"auto\" poster=\"https:\/\/concertacaoamazonia.com.br\/wp-content\/uploads\/2025\/11\/cena-1.jpg\"><\/video>\n\t\t\t\t\t\t<div class=\"elementor-custom-embed-image-overlay\" style=\"background-image: url();\">\n\t\t\t\t\t\t\t\t\t\t\t\t\t\t\t\t<div class=\"elementor-custom-embed-play\" role=\"button\" aria-label=\"Play Video\" tabindex=\"0\">\n\t\t\t\t\t\t\t<svg aria-hidden=\"true\" class=\"e-font-icon-svg e-eicon-play\" viewBox=\"0 0 1000 1000\" xmlns=\"http:\/\/www.w3.org\/2000\/svg\"><path d=\"M838 162C746 71 633 25 500 25 371 25 258 71 163 162 71 254 25 367 25 500 25 633 71 746 163 837 254 929 367 979 500 979 633 979 746 933 838 837 929 746 975 633 975 500 975 367 929 254 838 162M808 192C892 279 933 379 933 500 933 621 892 725 808 808 725 892 621 938 500 938 379 938 279 896 196 808 113 725 67 621 67 500 67 379 108 279 196 192 279 108 383 62 500 62 621 62 721 108 808 192M438 392V642L642 517 438 392Z\"><\/path><\/svg>\t\t\t\t\t\t<\/div>\n\t\t\t\t\t\t\t\t\t<\/div>\n\t\t\t\t\t<\/div>\n\t\t\t\t\t\t<\/div>\n\t\t\t\t<\/div>\n\t\t\t\t<\/div>\n\t\t\t\t<\/div>\n\t\t\t\t<\/div>\n\t\t<div class=\"elementor-element elementor-element-64d6b60d e-con-full e-flex e-con e-child\" data-id=\"64d6b60d\" data-element_type=\"container\" data-e-type=\"container\">\n\t\t<div class=\"elementor-element elementor-element-3f64aeac e-con-full e-flex e-con e-child\" data-id=\"3f64aeac\" data-element_type=\"container\" data-e-type=\"container\">\n\t\t<div class=\"elementor-element elementor-element-728b5e53 e-con-full e-flex e-con e-child\" data-id=\"728b5e53\" data-element_type=\"container\" data-e-type=\"container\">\n\t\t\t\t<div class=\"elementor-element elementor-element-4ef57036 elementor-widget elementor-widget-text-editor\" data-id=\"4ef57036\" data-element_type=\"widget\" data-e-type=\"widget\" data-widget_type=\"text-editor.default\">\n\t\t\t\t\t\t\t\t\t<p>As ilustra\u00e7\u00f5es que comp\u00f5em o v\u00eddeo tamb\u00e9m est\u00e3o dispon\u00edveis para download gratuito em nossa galeria. Criadas por Carolina Sisla especialmente para o v\u00eddeo, elas podem ser usadas como fundo de tela ou em outros formatos que celebrem e compartilhem as Amaz\u00f4nias Negras.\u00a0<\/p>\t\t\t\t\t\t\t\t<\/div>\n\t\t\t\t<div class=\"elementor-element elementor-element-19db33df elementor-widget elementor-widget-gallery\" data-id=\"19db33df\" data-element_type=\"widget\" data-e-type=\"widget\" data-settings=\"{&quot;lazyload&quot;:&quot;yes&quot;,&quot;gallery_layout&quot;:&quot;grid&quot;,&quot;columns&quot;:4,&quot;columns_tablet&quot;:2,&quot;columns_mobile&quot;:1,&quot;gap&quot;:{&quot;unit&quot;:&quot;px&quot;,&quot;size&quot;:10,&quot;sizes&quot;:[]},&quot;gap_tablet&quot;:{&quot;unit&quot;:&quot;px&quot;,&quot;size&quot;:10,&quot;sizes&quot;:[]},&quot;gap_mobile&quot;:{&quot;unit&quot;:&quot;px&quot;,&quot;size&quot;:10,&quot;sizes&quot;:[]},&quot;link_to&quot;:&quot;file&quot;,&quot;aspect_ratio&quot;:&quot;3:2&quot;,&quot;overlay_background&quot;:&quot;yes&quot;,&quot;content_hover_animation&quot;:&quot;fade-in&quot;}\" data-widget_type=\"gallery.default\">\n\t\t\t\t\t\t\t<div class=\"elementor-gallery__container\">\n\t\t\t\t\t\t\t<a class=\"e-gallery-item elementor-gallery-item elementor-animated-content\" href=\"https:\/\/concertacaoamazonia.com.br\/wp-content\/uploads\/2025\/11\/cena-1-scaled.jpg\" data-elementor-open-lightbox=\"yes\" data-elementor-lightbox-slideshow=\"19db33df\" data-elementor-lightbox-title=\"cena-1\" data-e-action-hash=\"#elementor-action%3Aaction%3Dlightbox%26settings%3DeyJpZCI6ODgwODgsInVybCI6Imh0dHBzOlwvXC9jb25jZXJ0YWNhb2FtYXpvbmlhLmNvbS5iclwvd3AtY29udGVudFwvdXBsb2Fkc1wvMjAyNVwvMTFcL2NlbmEtMS1zY2FsZWQuanBnIiwic2xpZGVzaG93IjoiMTlkYjMzZGYifQ%3D%3D\">\n\t\t\t\t\t<div class=\"e-gallery-image elementor-gallery-item__image\" data-thumbnail=\"https:\/\/concertacaoamazonia.com.br\/wp-content\/uploads\/2025\/11\/cena-1-768x1365.jpg\" data-width=\"768\" data-height=\"1365\" aria-label=\"\" role=\"img\" ><\/div>\n\t\t\t\t\t\t\t\t\t\t\t<div class=\"elementor-gallery-item__overlay\"><\/div>\n\t\t\t\t\t\t\t\t\t\t\t\t\t\t<\/a>\n\t\t\t\t\t\t\t<a class=\"e-gallery-item elementor-gallery-item elementor-animated-content\" href=\"https:\/\/concertacaoamazonia.com.br\/wp-content\/uploads\/2025\/11\/cena-3-scaled.jpg\" data-elementor-open-lightbox=\"yes\" data-elementor-lightbox-slideshow=\"19db33df\" data-elementor-lightbox-title=\"cena-3\" data-e-action-hash=\"#elementor-action%3Aaction%3Dlightbox%26settings%3DeyJpZCI6ODgwOTAsInVybCI6Imh0dHBzOlwvXC9jb25jZXJ0YWNhb2FtYXpvbmlhLmNvbS5iclwvd3AtY29udGVudFwvdXBsb2Fkc1wvMjAyNVwvMTFcL2NlbmEtMy1zY2FsZWQuanBnIiwic2xpZGVzaG93IjoiMTlkYjMzZGYifQ%3D%3D\">\n\t\t\t\t\t<div class=\"e-gallery-image elementor-gallery-item__image\" data-thumbnail=\"https:\/\/concertacaoamazonia.com.br\/wp-content\/uploads\/2025\/11\/cena-3-768x365.jpg\" data-width=\"768\" data-height=\"365\" aria-label=\"\" role=\"img\" ><\/div>\n\t\t\t\t\t\t\t\t\t\t\t<div class=\"elementor-gallery-item__overlay\"><\/div>\n\t\t\t\t\t\t\t\t\t\t\t\t\t\t<\/a>\n\t\t\t\t\t\t\t<a class=\"e-gallery-item elementor-gallery-item elementor-animated-content\" href=\"https:\/\/concertacaoamazonia.com.br\/wp-content\/uploads\/2025\/11\/cena-4-scaled.jpg\" data-elementor-open-lightbox=\"yes\" data-elementor-lightbox-slideshow=\"19db33df\" data-elementor-lightbox-title=\"cena-4\" data-e-action-hash=\"#elementor-action%3Aaction%3Dlightbox%26settings%3DeyJpZCI6ODgwOTIsInVybCI6Imh0dHBzOlwvXC9jb25jZXJ0YWNhb2FtYXpvbmlhLmNvbS5iclwvd3AtY29udGVudFwvdXBsb2Fkc1wvMjAyNVwvMTFcL2NlbmEtNC1zY2FsZWQuanBnIiwic2xpZGVzaG93IjoiMTlkYjMzZGYifQ%3D%3D\">\n\t\t\t\t\t<div class=\"e-gallery-image elementor-gallery-item__image\" data-thumbnail=\"https:\/\/concertacaoamazonia.com.br\/wp-content\/uploads\/2025\/11\/cena-4-768x406.jpg\" data-width=\"768\" data-height=\"406\" aria-label=\"\" role=\"img\" ><\/div>\n\t\t\t\t\t\t\t\t\t\t\t<div class=\"elementor-gallery-item__overlay\"><\/div>\n\t\t\t\t\t\t\t\t\t\t\t\t\t\t<\/a>\n\t\t\t\t\t<\/div>\n\t\t\t\t\t<\/div>\n\t\t\t\t<div class=\"elementor-element elementor-element-3df77604 elementor-align-center elementor-widget elementor-widget-jet-download-button\" data-id=\"3df77604\" data-element_type=\"widget\" data-e-type=\"widget\" data-widget_type=\"jet-download-button.default\">\n\t\t\t\t<div class=\"elementor-widget-container\">\n\t\t\t\t\t<div class=\"elementor-jet-download-button jet-elements\"><a class=\"elementor-button elementor-size-md jet-download jet-download-icon-position-left\" data-e-disable-page-transition=\"true\" href=\"https:\/\/concertacaoamazonia.com.br\/en\/?jet_download=b8e7ccea8871f4485d36d167877f09275ea2f63a\" ><span class=\"jet-download__text\"><span class=\"jet-download__label\">Download das ilustra\u00e7\u00f5es<\/span><span class=\"jet-download__file-name\"><\/span><small class=\"jet-download__sub-label\">32 MB<\/small><\/span><\/a>\n<\/div>\t\t\t\t<\/div>\n\t\t\t\t<\/div>\n\t\t\t\t<\/div>\n\t\t\t\t<\/div>\n\t\t\t\t<\/div>\n\t\t\t\t<\/div>\n\t\t\t\t\t<\/div>\n\t\t\t\t<\/div>\n\t\t\t\t<\/div>\n\t\t","protected":false},"excerpt":{"rendered":"","protected":false},"author":208,"featured_media":0,"parent":0,"menu_order":0,"comment_status":"closed","ping_status":"closed","template":"elementor_header_footer","meta":{"footnotes":""},"class_list":["post-91932","page","type-page","status-publish","hentry"],"_links":{"self":[{"href":"https:\/\/concertacaoamazonia.com.br\/en\/wp-json\/wp\/v2\/pages\/91932","targetHints":{"allow":["GET"]}}],"collection":[{"href":"https:\/\/concertacaoamazonia.com.br\/en\/wp-json\/wp\/v2\/pages"}],"about":[{"href":"https:\/\/concertacaoamazonia.com.br\/en\/wp-json\/wp\/v2\/types\/page"}],"author":[{"embeddable":true,"href":"https:\/\/concertacaoamazonia.com.br\/en\/wp-json\/wp\/v2\/users\/208"}],"replies":[{"embeddable":true,"href":"https:\/\/concertacaoamazonia.com.br\/en\/wp-json\/wp\/v2\/comments?post=91932"}],"version-history":[{"count":0,"href":"https:\/\/concertacaoamazonia.com.br\/en\/wp-json\/wp\/v2\/pages\/91932\/revisions"}],"wp:attachment":[{"href":"https:\/\/concertacaoamazonia.com.br\/en\/wp-json\/wp\/v2\/media?parent=91932"}],"curies":[{"name":"wp","href":"https:\/\/api.w.org\/{rel}","templated":true}]}}

Amazônias Negras

<div data-elementor-type="wp-page" data-elementor-id="91932" class="elementor elementor-91932 elementor-88071" data-elementor-post-type="page">
				<div class="elementor-element elementor-element-5bd1b94c e-flex e-con-boxed e-con e-parent" data-id="5bd1b94c" data-element_type="container" data-e-type="container">
					<div class="e-con-inner">
		<div class="elementor-element elementor-element-1f7c5c10 e-con-full e-flex e-con e-child" data-id="1f7c5c10" data-element_type="container" data-e-type="container">
				<div class="elementor-element elementor-element-21c274ca jedv-enabled--yes elementor-widget elementor-widget-spacer" data-id="21c274ca" data-element_type="widget" data-e-type="widget" data-widget_type="spacer.default">
							<div class="elementor-spacer">
			<div class="elementor-spacer-inner"></div>
		</div>
						</div>
				<div class="elementor-element elementor-element-11a88e9a elementor-widget elementor-widget-heading" data-id="11a88e9a" data-element_type="widget" data-e-type="widget" data-widget_type="heading.default">
					<h1 class="elementor-heading-title elementor-size-default">Amazônias Negras</h1>				</div>
				<div class="elementor-element elementor-element-15947a6d elementor-widget-divider--view-line elementor-widget elementor-widget-divider" data-id="15947a6d" data-element_type="widget" data-e-type="widget" data-widget_type="divider.default">
							<div class="elementor-divider">
			<span class="elementor-divider-separator">
						</span>
		</div>
						</div>
		<div class="elementor-element elementor-element-3b65c8ec e-con-full e-flex e-con e-child" data-id="3b65c8ec" data-element_type="container" data-e-type="container">
		<div class="elementor-element elementor-element-3c4557aa e-con-full e-flex e-con e-child" data-id="3c4557aa" data-element_type="container" data-e-type="container">
		<div class="elementor-element elementor-element-174c19d5 e-con-full e-flex e-con e-child" data-id="174c19d5" data-element_type="container" data-e-type="container">
				<div class="elementor-element elementor-element-298f3e5a elementor-widget elementor-widget-text-editor" data-id="298f3e5a" data-element_type="widget" data-e-type="widget" data-widget_type="text-editor.default">
									<p>No mês da Consciência Negra, a Concertação celebra as muitas Amazônias Negras que compõem este território. Fruto do encontro entre povos africanos, comunidades indígenas e o bioma amazônico, essas presenças constroem modos de vida diversos, nas florestas, nos rios, nas cidades e nas áreas rurais.</p>								</div>
				<div class="elementor-element elementor-element-69f7fd70 elementor-widget elementor-widget-text-editor" data-id="69f7fd70" data-element_type="widget" data-e-type="widget" data-widget_type="text-editor.default">
									<p><span style="font-size: 1.1em;">O vídeo “Amazônias Negras” convida à reflexão sobre a importância de reconhecer e garantir os direitos, os territórios e os saberes das populações negras amazônicas. A produção tem como base nossas publicações “Propostas para as Amazônias” e caderno “Povos Indígenas, Quilombolas e Comunidades Tradicionais”, com locução e roteiro do professor e pesquisador Kildren Pantoja, e trilha sonora de Marcela Bonfim, integrante de nosso Núcleo de Governança, com a sua música “Tereza”.</span></p>								</div>
		<div class="elementor-element elementor-element-1840a1c5 e-con-full e-flex e-con e-child" data-id="1840a1c5" data-element_type="container" data-e-type="container">
				<div class="elementor-element elementor-element-5dc7c75d elementor-widget elementor-widget-video" data-id="5dc7c75d" data-element_type="widget" data-e-type="widget" data-settings="{&quot;video_type&quot;:&quot;hosted&quot;,&quot;show_image_overlay&quot;:&quot;yes&quot;,&quot;image_overlay&quot;:{&quot;url&quot;:&quot;https:\/\/concertacaoamazonia.com.br\/wp-content\/uploads\/2025\/11\/cena-1.jpg&quot;,&quot;id&quot;:88072,&quot;size&quot;:&quot;&quot;,&quot;alt&quot;:&quot;&quot;,&quot;source&quot;:&quot;library&quot;},&quot;controls&quot;:&quot;yes&quot;}" data-widget_type="video.default">
							<div class="e-hosted-video elementor-wrapper elementor-open-inline">
					<video class="elementor-video" src="https://s3.us-east-1.amazonaws.com/concertacaoamazonia.com.br/amazonias-negras/Amazonias%20Negras_FINAL_LEG.mp4" controls="" preload="auto" poster="https://concertacaoamazonia.com.br/wp-content/uploads/2025/11/cena-1.jpg"></video>
						<div class="elementor-custom-embed-image-overlay" style="background-image: url();">
																<div class="elementor-custom-embed-play" role="button" aria-label="Play Video" tabindex="0">
							<svg aria-hidden="true" class="e-font-icon-svg e-eicon-play" viewBox="0 0 1000 1000" xmlns="http://www.w3.org/2000/svg"><path d="M838 162C746 71 633 25 500 25 371 25 258 71 163 162 71 254 25 367 25 500 25 633 71 746 163 837 254 929 367 979 500 979 633 979 746 933 838 837 929 746 975 633 975 500 975 367 929 254 838 162M808 192C892 279 933 379 933 500 933 621 892 725 808 808 725 892 621 938 500 938 379 938 279 896 196 808 113 725 67 621 67 500 67 379 108 279 196 192 279 108 383 62 500 62 621 62 721 108 808 192M438 392V642L642 517 438 392Z"></path></svg>						</div>
									</div>
					</div>
						</div>
				</div>
				</div>
				</div>
				</div>
		<div class="elementor-element elementor-element-64d6b60d e-con-full e-flex e-con e-child" data-id="64d6b60d" data-element_type="container" data-e-type="container">
		<div class="elementor-element elementor-element-3f64aeac e-con-full e-flex e-con e-child" data-id="3f64aeac" data-element_type="container" data-e-type="container">
		<div class="elementor-element elementor-element-728b5e53 e-con-full e-flex e-con e-child" data-id="728b5e53" data-element_type="container" data-e-type="container">
				<div class="elementor-element elementor-element-4ef57036 elementor-widget elementor-widget-text-editor" data-id="4ef57036" data-element_type="widget" data-e-type="widget" data-widget_type="text-editor.default">
									<p>As ilustrações que compõem o vídeo também estão disponíveis para download gratuito em nossa galeria. Criadas por Carolina Sisla especialmente para o vídeo, elas podem ser usadas como fundo de tela ou em outros formatos que celebrem e compartilhem as Amazônias Negras. </p>								</div>
				<div class="elementor-element elementor-element-19db33df elementor-widget elementor-widget-gallery" data-id="19db33df" data-element_type="widget" data-e-type="widget" data-settings="{&quot;lazyload&quot;:&quot;yes&quot;,&quot;gallery_layout&quot;:&quot;grid&quot;,&quot;columns&quot;:4,&quot;columns_tablet&quot;:2,&quot;columns_mobile&quot;:1,&quot;gap&quot;:{&quot;unit&quot;:&quot;px&quot;,&quot;size&quot;:10,&quot;sizes&quot;:[]},&quot;gap_tablet&quot;:{&quot;unit&quot;:&quot;px&quot;,&quot;size&quot;:10,&quot;sizes&quot;:[]},&quot;gap_mobile&quot;:{&quot;unit&quot;:&quot;px&quot;,&quot;size&quot;:10,&quot;sizes&quot;:[]},&quot;link_to&quot;:&quot;file&quot;,&quot;aspect_ratio&quot;:&quot;3:2&quot;,&quot;overlay_background&quot;:&quot;yes&quot;,&quot;content_hover_animation&quot;:&quot;fade-in&quot;}" data-widget_type="gallery.default">
							<div class="elementor-gallery__container">
							<a class="e-gallery-item elementor-gallery-item elementor-animated-content" href="https://concertacaoamazonia.com.br/wp-content/uploads/2025/11/cena-1-scaled.jpg" data-elementor-open-lightbox="yes" data-elementor-lightbox-slideshow="19db33df" data-elementor-lightbox-title="cena-1" data-e-action-hash="#elementor-action%3Aaction%3Dlightbox%26settings%3DeyJpZCI6ODgwODgsInVybCI6Imh0dHBzOlwvXC9jb25jZXJ0YWNhb2FtYXpvbmlhLmNvbS5iclwvd3AtY29udGVudFwvdXBsb2Fkc1wvMjAyNVwvMTFcL2NlbmEtMS1zY2FsZWQuanBnIiwic2xpZGVzaG93IjoiMTlkYjMzZGYifQ%3D%3D">
					<div class="e-gallery-image elementor-gallery-item__image" data-thumbnail="https://concertacaoamazonia.com.br/wp-content/uploads/2025/11/cena-1-768x1365.jpg" data-width="768" data-height="1365" aria-label="" role="img" ></div>
											<div class="elementor-gallery-item__overlay"></div>
														</a>
							<a class="e-gallery-item elementor-gallery-item elementor-animated-content" href="https://concertacaoamazonia.com.br/wp-content/uploads/2025/11/cena-3-scaled.jpg" data-elementor-open-lightbox="yes" data-elementor-lightbox-slideshow="19db33df" data-elementor-lightbox-title="cena-3" data-e-action-hash="#elementor-action%3Aaction%3Dlightbox%26settings%3DeyJpZCI6ODgwOTAsInVybCI6Imh0dHBzOlwvXC9jb25jZXJ0YWNhb2FtYXpvbmlhLmNvbS5iclwvd3AtY29udGVudFwvdXBsb2Fkc1wvMjAyNVwvMTFcL2NlbmEtMy1zY2FsZWQuanBnIiwic2xpZGVzaG93IjoiMTlkYjMzZGYifQ%3D%3D">
					<div class="e-gallery-image elementor-gallery-item__image" data-thumbnail="https://concertacaoamazonia.com.br/wp-content/uploads/2025/11/cena-3-768x365.jpg" data-width="768" data-height="365" aria-label="" role="img" ></div>
											<div class="elementor-gallery-item__overlay"></div>
														</a>
							<a class="e-gallery-item elementor-gallery-item elementor-animated-content" href="https://concertacaoamazonia.com.br/wp-content/uploads/2025/11/cena-4-scaled.jpg" data-elementor-open-lightbox="yes" data-elementor-lightbox-slideshow="19db33df" data-elementor-lightbox-title="cena-4" data-e-action-hash="#elementor-action%3Aaction%3Dlightbox%26settings%3DeyJpZCI6ODgwOTIsInVybCI6Imh0dHBzOlwvXC9jb25jZXJ0YWNhb2FtYXpvbmlhLmNvbS5iclwvd3AtY29udGVudFwvdXBsb2Fkc1wvMjAyNVwvMTFcL2NlbmEtNC1zY2FsZWQuanBnIiwic2xpZGVzaG93IjoiMTlkYjMzZGYifQ%3D%3D">
					<div class="e-gallery-image elementor-gallery-item__image" data-thumbnail="https://concertacaoamazonia.com.br/wp-content/uploads/2025/11/cena-4-768x406.jpg" data-width="768" data-height="406" aria-label="" role="img" ></div>
											<div class="elementor-gallery-item__overlay"></div>
														</a>
					</div>
					</div>
				<div class="elementor-element elementor-element-3df77604 elementor-align-center elementor-widget elementor-widget-jet-download-button" data-id="3df77604" data-element_type="widget" data-e-type="widget" data-widget_type="jet-download-button.default">
				<div class="elementor-widget-container">
					<div class="elementor-jet-download-button jet-elements"><a class="elementor-button elementor-size-md jet-download jet-download-icon-position-left" data-e-disable-page-transition="true" href="https://concertacaoamazonia.com.br/en/?jet_download=b8e7ccea8871f4485d36d167877f09275ea2f63a" ><span class="jet-download__text"><span class="jet-download__label">Download das ilustrações</span><span class="jet-download__file-name"></span><small class="jet-download__sub-label">32 MB</small></span></a>
</div>				</div>
				</div>
				</div>
				</div>
				</div>
				</div>
					</div>
				</div>
				</div>
