{"id":92138,"date":"2026-04-17T13:42:25","date_gmt":"2026-04-17T16:42:25","guid":{"rendered":"https:\/\/concertacao.bureau-it.com\/?post_type=estudos&#038;p=92138"},"modified":"2026-04-17T13:42:26","modified_gmt":"2026-04-17T16:42:26","slug":"contribuicoes-para-o-aperfeicoamento-do-programa-luz-para-todos-em-territorios-extrativistas-costeiros-e-marinhos","status":"publish","type":"estudos","link":"https:\/\/concertacaoamazonia.com.br\/en\/estudos\/contribuicoes-para-o-aperfeicoamento-do-programa-luz-para-todos-em-territorios-extrativistas-costeiros-e-marinhos\/","title":{"rendered":"Contribui\u00e7\u00f5es para o aperfei\u00e7oamento do Programa Luz para Todos em territ\u00f3rios extrativistas costeiros e marinhos"},"content":{"rendered":"\n<p>O documento analisa a implementa\u00e7\u00e3o do programa Luz para Todos na Bahia com foco na identifica\u00e7\u00e3o das lacunas ainda existentes para a universaliza\u00e7\u00e3o do acesso \u00e0 energia el\u00e9trica. A partir da sistematiza\u00e7\u00e3o de dados oficiais e de informa\u00e7\u00f5es sobre o atendimento na Reserva Extrativista (Resex) de Canavieiras, no litoral sul da Bahia, o estudo evidencia que, apesar dos avan\u00e7os alcan\u00e7ados pelo programa ao longo dos anos, ainda h\u00e1 popula\u00e7\u00f5es sem acesso \u00e0 eletricidade, especialmente em \u00e1reas de dif\u00edcil atendimento. Ao reunir e analisar essas evid\u00eancias, o relat\u00f3rio busca subsidiar o aprimoramento das pol\u00edticas p\u00fablicas voltadas \u00e0 universaliza\u00e7\u00e3o da energia el\u00e9trica em comunidades tradicionais.<\/p>\n","protected":false},"featured_media":92140,"parent":0,"template":"","veiculo":[812],"categoria-estudos":[],"ano":[2461],"eixos":[1148,182,2401],"class_list":["post-92138","estudos","type-estudos","status-publish","has-post-thumbnail","hentry","veiculo-iema"],"_links":{"self":[{"href":"https:\/\/concertacaoamazonia.com.br\/en\/wp-json\/wp\/v2\/estudos\/92138","targetHints":{"allow":["GET"]}}],"collection":[{"href":"https:\/\/concertacaoamazonia.com.br\/en\/wp-json\/wp\/v2\/estudos"}],"about":[{"href":"https:\/\/concertacaoamazonia.com.br\/en\/wp-json\/wp\/v2\/types\/estudos"}],"version-history":[{"count":1,"href":"https:\/\/concertacaoamazonia.com.br\/en\/wp-json\/wp\/v2\/estudos\/92138\/revisions"}],"predecessor-version":[{"id":92141,"href":"https:\/\/concertacaoamazonia.com.br\/en\/wp-json\/wp\/v2\/estudos\/92138\/revisions\/92141"}],"wp:featuredmedia":[{"embeddable":true,"href":"https:\/\/concertacaoamazonia.com.br\/en\/wp-json\/wp\/v2\/media\/92140"}],"wp:attachment":[{"href":"https:\/\/concertacaoamazonia.com.br\/en\/wp-json\/wp\/v2\/media?parent=92138"}],"wp:term":[{"taxonomy":"veiculo","embeddable":true,"href":"https:\/\/concertacaoamazonia.com.br\/en\/wp-json\/wp\/v2\/veiculo?post=92138"},{"taxonomy":"categoria-estudos","embeddable":true,"href":"https:\/\/concertacaoamazonia.com.br\/en\/wp-json\/wp\/v2\/categoria-estudos?post=92138"},{"taxonomy":"ano","embeddable":true,"href":"https:\/\/concertacaoamazonia.com.br\/en\/wp-json\/wp\/v2\/ano?post=92138"},{"taxonomy":"eixos","embeddable":true,"href":"https:\/\/concertacaoamazonia.com.br\/en\/wp-json\/wp\/v2\/eixos?post=92138"}],"curies":[{"name":"wp","href":"https:\/\/api.w.org\/{rel}","templated":true}]}}

Contribuições para o aperfeiçoamento do Programa Luz para Todos em territórios extrativistas costeiros e marinhos

<p>O documento analisa a implementação do programa Luz para Todos na Bahia com foco na identificação das lacunas ainda existentes para a universalização do acesso à energia elétrica. A partir da sistematização de dados oficiais e de informações sobre o atendimento na Reserva Extrativista (Resex) de Canavieiras, no litoral sul da Bahia, o estudo evidencia que, apesar dos avanços alcançados pelo programa ao longo dos anos, ainda há populações sem acesso à eletricidade, especialmente em áreas de difícil atendimento. Ao reunir e analisar essas evidências, o relatório busca subsidiar o aprimoramento das políticas públicas voltadas à universalização da energia elétrica em comunidades tradicionais.</p>
