{"id":92134,"date":"2026-04-17T13:39:39","date_gmt":"2026-04-17T16:39:39","guid":{"rendered":"https:\/\/concertacaoamazonia.com.br\/?post_type=estudos&#038;p=92134"},"modified":"2026-04-17T13:39:41","modified_gmt":"2026-04-17T16:39:41","slug":"contribuicoes-para-o-aperfeicoamento-do-programa-luz-para-todos-em-territorios-tradicionais","status":"publish","type":"estudos","link":"https:\/\/concertacaoamazonia.com.br\/en\/estudos\/contribuicoes-para-o-aperfeicoamento-do-programa-luz-para-todos-em-territorios-tradicionais\/","title":{"rendered":"Contribui\u00e7\u00f5es para o aperfei\u00e7oamento do Programa Luz para Todos em territ\u00f3rios tradicionais"},"content":{"rendered":"\n<p>O estudo analisa a implementa\u00e7\u00e3o do Programa Luz para Todos (LPT) nas aldeias ind\u00edgenas do Territ\u00f3rio Ind\u00edgena do Xingu (TIX), no Mato Grosso (MT), e em comunidades quilombolas de Abaetetuba, no Par\u00e1, visando avaliar a implementa\u00e7\u00e3o da pol\u00edtica p\u00fablica, identificar desafios e propor solu\u00e7\u00f5es que atendam \u00e0s demandas e realidades espec\u00edficas dos povos e comunidades tradicionais.<\/p>\n","protected":false},"featured_media":92136,"parent":0,"template":"","veiculo":[812],"categoria-estudos":[],"ano":[2461],"eixos":[1148,182,2401],"class_list":["post-92134","estudos","type-estudos","status-publish","has-post-thumbnail","hentry","veiculo-iema"],"_links":{"self":[{"href":"https:\/\/concertacaoamazonia.com.br\/en\/wp-json\/wp\/v2\/estudos\/92134","targetHints":{"allow":["GET"]}}],"collection":[{"href":"https:\/\/concertacaoamazonia.com.br\/en\/wp-json\/wp\/v2\/estudos"}],"about":[{"href":"https:\/\/concertacaoamazonia.com.br\/en\/wp-json\/wp\/v2\/types\/estudos"}],"version-history":[{"count":0,"href":"https:\/\/concertacaoamazonia.com.br\/en\/wp-json\/wp\/v2\/estudos\/92134\/revisions"}],"wp:featuredmedia":[{"embeddable":true,"href":"https:\/\/concertacaoamazonia.com.br\/en\/wp-json\/wp\/v2\/media\/92136"}],"wp:attachment":[{"href":"https:\/\/concertacaoamazonia.com.br\/en\/wp-json\/wp\/v2\/media?parent=92134"}],"wp:term":[{"taxonomy":"veiculo","embeddable":true,"href":"https:\/\/concertacaoamazonia.com.br\/en\/wp-json\/wp\/v2\/veiculo?post=92134"},{"taxonomy":"categoria-estudos","embeddable":true,"href":"https:\/\/concertacaoamazonia.com.br\/en\/wp-json\/wp\/v2\/categoria-estudos?post=92134"},{"taxonomy":"ano","embeddable":true,"href":"https:\/\/concertacaoamazonia.com.br\/en\/wp-json\/wp\/v2\/ano?post=92134"},{"taxonomy":"eixos","embeddable":true,"href":"https:\/\/concertacaoamazonia.com.br\/en\/wp-json\/wp\/v2\/eixos?post=92134"}],"curies":[{"name":"wp","href":"https:\/\/api.w.org\/{rel}","templated":true}]}}

Contribuições para o aperfeiçoamento do Programa Luz para Todos em territórios tradicionais

<p>O estudo analisa a implementação do Programa Luz para Todos (LPT) nas aldeias indígenas do Território Indígena do Xingu (TIX), no Mato Grosso (MT), e em comunidades quilombolas de Abaetetuba, no Pará, visando avaliar a implementação da política pública, identificar desafios e propor soluções que atendam às demandas e realidades específicas dos povos e comunidades tradicionais.</p>
