{"id":92130,"date":"2026-04-17T13:35:04","date_gmt":"2026-04-17T16:35:04","guid":{"rendered":"https:\/\/concertacaoamazonia.com.br\/?post_type=estudos&#038;p=92130"},"modified":"2026-04-17T13:35:07","modified_gmt":"2026-04-17T16:35:07","slug":"caminhos-para-a-transicao-energetica-na-amazonia","status":"publish","type":"estudos","link":"https:\/\/concertacaoamazonia.com.br\/en\/estudos\/caminhos-para-a-transicao-energetica-na-amazonia\/","title":{"rendered":"Caminhos para a Transi\u00e7\u00e3o Energ\u00e9tica na Amaz\u00f4nia"},"content":{"rendered":"\n<p>Conforme retrata o novo estudo do Amaz\u00f4nia 2030, o Brasil assiste hoje a uma mudan\u00e7a de paradigma no vetor de expans\u00e3o de energia. O relat\u00f3rio ressalta a import\u00e2ncia de se investir em solu\u00e7\u00f5es descentralizadas e renov\u00e1veis complementares ao sistema hidrol\u00f3gico da Amaz\u00f4nia. Para os pesquisadores, direcionamentos como esses n\u00e3o apenas ajudar\u00e3o a regi\u00e3o a descarbonizar sua matriz energ\u00e9tica, como tamb\u00e9m contribuir\u00e3o para a mitiga\u00e7\u00e3o de efeitos das mudan\u00e7as clim\u00e1ticas e maior seguran\u00e7a de suprimento.<\/p>\n","protected":false},"featured_media":92131,"parent":0,"template":"","veiculo":[803],"categoria-estudos":[],"ano":[2461],"eixos":[1148,182,184],"class_list":["post-92130","estudos","type-estudos","status-publish","has-post-thumbnail","hentry","veiculo-amazonia-2030"],"_links":{"self":[{"href":"https:\/\/concertacaoamazonia.com.br\/en\/wp-json\/wp\/v2\/estudos\/92130","targetHints":{"allow":["GET"]}}],"collection":[{"href":"https:\/\/concertacaoamazonia.com.br\/en\/wp-json\/wp\/v2\/estudos"}],"about":[{"href":"https:\/\/concertacaoamazonia.com.br\/en\/wp-json\/wp\/v2\/types\/estudos"}],"version-history":[{"count":0,"href":"https:\/\/concertacaoamazonia.com.br\/en\/wp-json\/wp\/v2\/estudos\/92130\/revisions"}],"wp:featuredmedia":[{"embeddable":true,"href":"https:\/\/concertacaoamazonia.com.br\/en\/wp-json\/wp\/v2\/media\/92131"}],"wp:attachment":[{"href":"https:\/\/concertacaoamazonia.com.br\/en\/wp-json\/wp\/v2\/media?parent=92130"}],"wp:term":[{"taxonomy":"veiculo","embeddable":true,"href":"https:\/\/concertacaoamazonia.com.br\/en\/wp-json\/wp\/v2\/veiculo?post=92130"},{"taxonomy":"categoria-estudos","embeddable":true,"href":"https:\/\/concertacaoamazonia.com.br\/en\/wp-json\/wp\/v2\/categoria-estudos?post=92130"},{"taxonomy":"ano","embeddable":true,"href":"https:\/\/concertacaoamazonia.com.br\/en\/wp-json\/wp\/v2\/ano?post=92130"},{"taxonomy":"eixos","embeddable":true,"href":"https:\/\/concertacaoamazonia.com.br\/en\/wp-json\/wp\/v2\/eixos?post=92130"}],"curies":[{"name":"wp","href":"https:\/\/api.w.org\/{rel}","templated":true}]}}

Caminhos para a Transição Energética na Amazônia

<p>Conforme retrata o novo estudo do Amazônia 2030, o Brasil assiste hoje a uma mudança de paradigma no vetor de expansão de energia. O relatório ressalta a importância de se investir em soluções descentralizadas e renováveis complementares ao sistema hidrológico da Amazônia. Para os pesquisadores, direcionamentos como esses não apenas ajudarão a região a descarbonizar sua matriz energética, como também contribuirão para a mitigação de efeitos das mudanças climáticas e maior segurança de suprimento.</p>
