{"id":92126,"date":"2026-04-17T13:32:04","date_gmt":"2026-04-17T16:32:04","guid":{"rendered":"https:\/\/concertacaoamazonia.com.br\/?post_type=estudos&#038;p=92126"},"modified":"2026-04-17T13:32:06","modified_gmt":"2026-04-17T16:32:06","slug":"o-papel-do-brasil-na-agenda-global-de-minerais-criticos-e-estrategicos","status":"publish","type":"estudos","link":"https:\/\/concertacaoamazonia.com.br\/en\/estudos\/o-papel-do-brasil-na-agenda-global-de-minerais-criticos-e-estrategicos\/","title":{"rendered":"O papel do Brasil na Agenda Global de Minerais Cr\u00edticos e Estrat\u00e9gicos"},"content":{"rendered":"\n<p>A partir de uma an\u00e1lise envolvendo diferentes perspectivas e atores, o presente estudo avalia os poss\u00edveis impactos das rotas tecnol\u00f3gicas de mitiga\u00e7\u00e3o das emiss\u00f5es de gases de efeito estufa (GEE) no Brasil sobre a demanda por minerais, mapeia o potencial mineral brasileiro diante das demandas interna e externa, e busca compreender as implica\u00e7\u00f5es dessa transi\u00e7\u00e3o sobre os setores produtivos e as cadeias de suprimento associadas.<\/p>\n","protected":false},"featured_media":92128,"parent":0,"template":"","veiculo":[2483,2484,2485,1965,2477,2482,2486],"categoria-estudos":[],"ano":[2461],"eixos":[1148,182,184],"class_list":["post-92126","estudos","type-estudos","status-publish","has-post-thumbnail","hentry","veiculo-cebri","veiculo-cenergia-coppe-ufrj","veiculo-cetem","veiculo-ibram","veiculo-instituto-clima-e-sociedade-ics","veiculo-mcti","veiculo-sgb"],"_links":{"self":[{"href":"https:\/\/concertacaoamazonia.com.br\/en\/wp-json\/wp\/v2\/estudos\/92126","targetHints":{"allow":["GET"]}}],"collection":[{"href":"https:\/\/concertacaoamazonia.com.br\/en\/wp-json\/wp\/v2\/estudos"}],"about":[{"href":"https:\/\/concertacaoamazonia.com.br\/en\/wp-json\/wp\/v2\/types\/estudos"}],"version-history":[{"count":0,"href":"https:\/\/concertacaoamazonia.com.br\/en\/wp-json\/wp\/v2\/estudos\/92126\/revisions"}],"wp:featuredmedia":[{"embeddable":true,"href":"https:\/\/concertacaoamazonia.com.br\/en\/wp-json\/wp\/v2\/media\/92128"}],"wp:attachment":[{"href":"https:\/\/concertacaoamazonia.com.br\/en\/wp-json\/wp\/v2\/media?parent=92126"}],"wp:term":[{"taxonomy":"veiculo","embeddable":true,"href":"https:\/\/concertacaoamazonia.com.br\/en\/wp-json\/wp\/v2\/veiculo?post=92126"},{"taxonomy":"categoria-estudos","embeddable":true,"href":"https:\/\/concertacaoamazonia.com.br\/en\/wp-json\/wp\/v2\/categoria-estudos?post=92126"},{"taxonomy":"ano","embeddable":true,"href":"https:\/\/concertacaoamazonia.com.br\/en\/wp-json\/wp\/v2\/ano?post=92126"},{"taxonomy":"eixos","embeddable":true,"href":"https:\/\/concertacaoamazonia.com.br\/en\/wp-json\/wp\/v2\/eixos?post=92126"}],"curies":[{"name":"wp","href":"https:\/\/api.w.org\/{rel}","templated":true}]}}

O papel do Brasil na Agenda Global de Minerais Críticos e Estratégicos

<p>A partir de uma análise envolvendo diferentes perspectivas e atores, o presente estudo avalia os possíveis impactos das rotas tecnológicas de mitigação das emissões de gases de efeito estufa (GEE) no Brasil sobre a demanda por minerais, mapeia o potencial mineral brasileiro diante das demandas interna e externa, e busca compreender as implicações dessa transição sobre os setores produtivos e as cadeias de suprimento associadas.</p>
