{"id":92122,"date":"2026-04-17T13:27:02","date_gmt":"2026-04-17T16:27:02","guid":{"rendered":"https:\/\/concertacaoamazonia.com.br\/?post_type=estudos&#038;p=92122"},"modified":"2026-04-17T13:27:03","modified_gmt":"2026-04-17T16:27:03","slug":"politicas-de-bem-viver-voltadas-as-comunidades-amazonicas","status":"publish","type":"estudos","link":"https:\/\/concertacaoamazonia.com.br\/en\/estudos\/politicas-de-bem-viver-voltadas-as-comunidades-amazonicas\/","title":{"rendered":"Pol\u00edticas de Bem Viver Voltadas \u00e0s Comunidades Amaz\u00f4nicas"},"content":{"rendered":"\n<p>O estudo apresenta um panorama in\u00e9dito sobre a distribui\u00e7\u00e3o, as caracter\u00edsticas e os desafios das comunidades amaz\u00f4nicas, com foco nas condi\u00e7\u00f5es de acesso \u00e0 energia el\u00e9trica e nas atividades produtivas associadas \u00e0 sociobioeconomia. Foram entrevistados moradores de 24 comunidades, em 13 munic\u00edpios do estado do Par\u00e1. A partir da sistematiza\u00e7\u00e3o de dados quantitativos e qualitativos, o relat\u00f3rio evidencia o papel central dessas popula\u00e7\u00f5es na gera\u00e7\u00e3o de renda, na seguran\u00e7a alimentar e na conserva\u00e7\u00e3o da floresta, ao mesmo tempo em que revela desigualdades persistentes no acesso \u00e0 infraestrutura b\u00e1sica.<\/p>\n","protected":false},"featured_media":92124,"parent":0,"template":"","veiculo":[812],"categoria-estudos":[],"ano":[2461],"eixos":[1148,2401],"class_list":["post-92122","estudos","type-estudos","status-publish","has-post-thumbnail","hentry","veiculo-iema"],"_links":{"self":[{"href":"https:\/\/concertacaoamazonia.com.br\/en\/wp-json\/wp\/v2\/estudos\/92122","targetHints":{"allow":["GET"]}}],"collection":[{"href":"https:\/\/concertacaoamazonia.com.br\/en\/wp-json\/wp\/v2\/estudos"}],"about":[{"href":"https:\/\/concertacaoamazonia.com.br\/en\/wp-json\/wp\/v2\/types\/estudos"}],"version-history":[{"count":0,"href":"https:\/\/concertacaoamazonia.com.br\/en\/wp-json\/wp\/v2\/estudos\/92122\/revisions"}],"wp:featuredmedia":[{"embeddable":true,"href":"https:\/\/concertacaoamazonia.com.br\/en\/wp-json\/wp\/v2\/media\/92124"}],"wp:attachment":[{"href":"https:\/\/concertacaoamazonia.com.br\/en\/wp-json\/wp\/v2\/media?parent=92122"}],"wp:term":[{"taxonomy":"veiculo","embeddable":true,"href":"https:\/\/concertacaoamazonia.com.br\/en\/wp-json\/wp\/v2\/veiculo?post=92122"},{"taxonomy":"categoria-estudos","embeddable":true,"href":"https:\/\/concertacaoamazonia.com.br\/en\/wp-json\/wp\/v2\/categoria-estudos?post=92122"},{"taxonomy":"ano","embeddable":true,"href":"https:\/\/concertacaoamazonia.com.br\/en\/wp-json\/wp\/v2\/ano?post=92122"},{"taxonomy":"eixos","embeddable":true,"href":"https:\/\/concertacaoamazonia.com.br\/en\/wp-json\/wp\/v2\/eixos?post=92122"}],"curies":[{"name":"wp","href":"https:\/\/api.w.org\/{rel}","templated":true}]}}

Políticas de Bem Viver Voltadas às Comunidades Amazônicas

<p>O estudo apresenta um panorama inédito sobre a distribuição, as características e os desafios das comunidades amazônicas, com foco nas condições de acesso à energia elétrica e nas atividades produtivas associadas à sociobioeconomia. Foram entrevistados moradores de 24 comunidades, em 13 municípios do estado do Pará. A partir da sistematização de dados quantitativos e qualitativos, o relatório evidencia o papel central dessas populações na geração de renda, na segurança alimentar e na conservação da floresta, ao mesmo tempo em que revela desigualdades persistentes no acesso à infraestrutura básica.</p>
