{"id":92103,"date":"2026-04-15T15:53:23","date_gmt":"2026-04-15T18:53:23","guid":{"rendered":"https:\/\/concertacao.bureau-it.com\/?post_type=estudos&#038;p=92103"},"modified":"2026-04-15T15:53:27","modified_gmt":"2026-04-15T18:53:27","slug":"fortalecendo-a-politica-nacional-de-bioeconomia-estudo-de-caso","status":"publish","type":"estudos","link":"https:\/\/concertacaoamazonia.com.br\/en\/estudos\/fortalecendo-a-politica-nacional-de-bioeconomia-estudo-de-caso\/","title":{"rendered":"Fortalecendo a Pol\u00edtica Nacional de Bioeconomia &#8211; Estudo de Caso"},"content":{"rendered":"\n<p>O estudo de caso apresenta os resultados do projeto \u201cFortalecendo a Pol\u00edtica Nacional de Bioeconomia do Brasil\u201d, realizado com apoio do programa UK PACT, iniciativa de coopera\u00e7\u00e3o internacional do Governo do Reino Unido voltada \u00e0 transi\u00e7\u00e3o para economias resilientes e de baixo carbono.<\/p>\n","protected":false},"featured_media":92105,"parent":0,"template":"","veiculo":[705,1892,716,1474,808,2481],"categoria-estudos":[],"ano":[2461],"eixos":[1148,604],"class_list":["post-92103","estudos","type-estudos","status-publish","has-post-thumbnail","hentry","veiculo-cebds","veiculo-coalizao-brasil-clima-florestas-e-agricultura","veiculo-governo-federal","veiculo-instituto-arapyau","veiculo-tnc","veiculo-uk-government"],"_links":{"self":[{"href":"https:\/\/concertacaoamazonia.com.br\/en\/wp-json\/wp\/v2\/estudos\/92103","targetHints":{"allow":["GET"]}}],"collection":[{"href":"https:\/\/concertacaoamazonia.com.br\/en\/wp-json\/wp\/v2\/estudos"}],"about":[{"href":"https:\/\/concertacaoamazonia.com.br\/en\/wp-json\/wp\/v2\/types\/estudos"}],"version-history":[{"count":1,"href":"https:\/\/concertacaoamazonia.com.br\/en\/wp-json\/wp\/v2\/estudos\/92103\/revisions"}],"predecessor-version":[{"id":92106,"href":"https:\/\/concertacaoamazonia.com.br\/en\/wp-json\/wp\/v2\/estudos\/92103\/revisions\/92106"}],"wp:featuredmedia":[{"embeddable":true,"href":"https:\/\/concertacaoamazonia.com.br\/en\/wp-json\/wp\/v2\/media\/92105"}],"wp:attachment":[{"href":"https:\/\/concertacaoamazonia.com.br\/en\/wp-json\/wp\/v2\/media?parent=92103"}],"wp:term":[{"taxonomy":"veiculo","embeddable":true,"href":"https:\/\/concertacaoamazonia.com.br\/en\/wp-json\/wp\/v2\/veiculo?post=92103"},{"taxonomy":"categoria-estudos","embeddable":true,"href":"https:\/\/concertacaoamazonia.com.br\/en\/wp-json\/wp\/v2\/categoria-estudos?post=92103"},{"taxonomy":"ano","embeddable":true,"href":"https:\/\/concertacaoamazonia.com.br\/en\/wp-json\/wp\/v2\/ano?post=92103"},{"taxonomy":"eixos","embeddable":true,"href":"https:\/\/concertacaoamazonia.com.br\/en\/wp-json\/wp\/v2\/eixos?post=92103"}],"curies":[{"name":"wp","href":"https:\/\/api.w.org\/{rel}","templated":true}]}}

Fortalecendo a Política Nacional de Bioeconomia &#8211; Estudo de Caso

<p>O estudo de caso apresenta os resultados do projeto “Fortalecendo a Política Nacional de Bioeconomia do Brasil”, realizado com apoio do programa UK PACT, iniciativa de cooperação internacional do Governo do Reino Unido voltada à transição para economias resilientes e de baixo carbono.</p>
