{"id":89715,"date":"2026-02-26T20:20:47","date_gmt":"2026-02-26T23:20:47","guid":{"rendered":"https:\/\/concertacaoamazonia.com.br\/?post_type=estudos&amp;p=89715"},"modified":"2026-02-26T20:20:47","modified_gmt":"2026-02-26T23:20:47","slug":"a-amazonia-diante-do-seu-futuro-visoes-no-contexto-da-cop30-volume-ll","status":"publish","type":"estudos","link":"https:\/\/concertacaoamazonia.com.br\/en\/estudos\/a-amazonia-diante-do-seu-futuro-visoes-no-contexto-da-cop30-volume-ll\/","title":{"rendered":"A Amaz\u00f4nia Diante do Seu Futuro: Vis\u00f5es no Contexto da COP30 &#8211; Volume ll"},"content":{"rendered":"\n<p>Com uma an\u00e1lise profunda das din\u00e2micas ambientais e sociais da Amaz\u00f4nia, o livro n\u00e3o s\u00f3 apresenta os desafios da regi\u00e3o, mas tamb\u00e9m prop\u00f5e uma reavalia\u00e7\u00e3o radical dos modelos de desenvolvimento vigentes. Ao afirmar que a Amaz\u00f4nia n\u00e3o \u00e9 apenas um reservat\u00f3rio de recursos naturais, mas um complexo mosaico de ecossistemas, culturas e saberes, a obra defende a constru\u00e7\u00e3o de um futuro onde a preserva\u00e7\u00e3o ambiental, a justi\u00e7a social e a inova\u00e7\u00e3o tecnol\u00f3gica caminham juntas, como condi\u00e7\u00e3o essencial para a sobreviv\u00eancia do planeta.<\/p>\n","protected":false},"featured_media":90277,"parent":0,"template":"","veiculo":[2475],"categoria-estudos":[],"ano":[2461],"eixos":[1148,183,2464],"class_list":["post-89715","estudos","type-estudos","status-publish","has-post-thumbnail","hentry","veiculo-unifap"],"_links":{"self":[{"href":"https:\/\/concertacaoamazonia.com.br\/en\/wp-json\/wp\/v2\/estudos\/89715","targetHints":{"allow":["GET"]}}],"collection":[{"href":"https:\/\/concertacaoamazonia.com.br\/en\/wp-json\/wp\/v2\/estudos"}],"about":[{"href":"https:\/\/concertacaoamazonia.com.br\/en\/wp-json\/wp\/v2\/types\/estudos"}],"version-history":[{"count":0,"href":"https:\/\/concertacaoamazonia.com.br\/en\/wp-json\/wp\/v2\/estudos\/89715\/revisions"}],"wp:featuredmedia":[{"embeddable":true,"href":"https:\/\/concertacaoamazonia.com.br\/en\/wp-json\/wp\/v2\/media\/90277"}],"wp:attachment":[{"href":"https:\/\/concertacaoamazonia.com.br\/en\/wp-json\/wp\/v2\/media?parent=89715"}],"wp:term":[{"taxonomy":"veiculo","embeddable":true,"href":"https:\/\/concertacaoamazonia.com.br\/en\/wp-json\/wp\/v2\/veiculo?post=89715"},{"taxonomy":"categoria-estudos","embeddable":true,"href":"https:\/\/concertacaoamazonia.com.br\/en\/wp-json\/wp\/v2\/categoria-estudos?post=89715"},{"taxonomy":"ano","embeddable":true,"href":"https:\/\/concertacaoamazonia.com.br\/en\/wp-json\/wp\/v2\/ano?post=89715"},{"taxonomy":"eixos","embeddable":true,"href":"https:\/\/concertacaoamazonia.com.br\/en\/wp-json\/wp\/v2\/eixos?post=89715"}],"curies":[{"name":"wp","href":"https:\/\/api.w.org\/{rel}","templated":true}]}}

A Amazônia Diante do Seu Futuro: Visões no Contexto da COP30 &#8211; Volume ll

<p>Com uma análise profunda das dinâmicas ambientais e sociais da Amazônia, o livro não só apresenta os desafios da região, mas também propõe uma reavaliação radical dos modelos de desenvolvimento vigentes. Ao afirmar que a Amazônia não é apenas um reservatório de recursos naturais, mas um complexo mosaico de ecossistemas, culturas e saberes, a obra defende a construção de um futuro onde a preservação ambiental, a justiça social e a inovação tecnológica caminham juntas, como condição essencial para a sobrevivência do planeta.</p>
