{"id":89707,"date":"2026-02-26T20:04:22","date_gmt":"2026-02-26T23:04:22","guid":{"rendered":"https:\/\/concertacaoamazonia.com.br\/?post_type=estudos&amp;p=89707"},"modified":"2026-02-26T20:04:22","modified_gmt":"2026-02-26T23:04:22","slug":"a-amazonia-diante-do-seu-futuro-visoes-no-contexto-da-cop30-volume-l","status":"publish","type":"estudos","link":"https:\/\/concertacaoamazonia.com.br\/en\/estudos\/a-amazonia-diante-do-seu-futuro-visoes-no-contexto-da-cop30-volume-l\/","title":{"rendered":"A Amaz\u00f4nia Diante do Seu Futuro: Vis\u00f5es no Contexto da COP30 &#8211; Volume l"},"content":{"rendered":"\n<p>Este livro re\u00fane um conjunto de reflex\u00f5es e pesquisas que exploram as complexas din\u00e2micas da Amaz\u00f4nia, destacando a import\u00e2ncia dos povos da floresta como protagonistas indispens\u00e1veis para um futuro sustent\u00e1vel. Os cap\u00edtulos aqui apresentados revelam a riqueza das cosmovis\u00f5es e saberes ancestrais amaz\u00f4nicos, os quais oferecem solu\u00e7\u00f5es pr\u00e1ticas e eficazes para a justi\u00e7a clim\u00e1tica, fundamentadas em mil\u00eanios de conviv\u00eancia simbi\u00f3tica com a natureza. A sabedoria tradicional n\u00e3o apenas serve como base \u00e9tica, mas tamb\u00e9m como um caminho para a regenera\u00e7\u00e3o dos ecossistemas.<\/p>\n","protected":false},"featured_media":90280,"parent":0,"template":"","veiculo":[2475],"categoria-estudos":[],"ano":[2461],"eixos":[1148,185,187],"class_list":["post-89707","estudos","type-estudos","status-publish","has-post-thumbnail","hentry","veiculo-unifap"],"_links":{"self":[{"href":"https:\/\/concertacaoamazonia.com.br\/en\/wp-json\/wp\/v2\/estudos\/89707","targetHints":{"allow":["GET"]}}],"collection":[{"href":"https:\/\/concertacaoamazonia.com.br\/en\/wp-json\/wp\/v2\/estudos"}],"about":[{"href":"https:\/\/concertacaoamazonia.com.br\/en\/wp-json\/wp\/v2\/types\/estudos"}],"version-history":[{"count":0,"href":"https:\/\/concertacaoamazonia.com.br\/en\/wp-json\/wp\/v2\/estudos\/89707\/revisions"}],"wp:featuredmedia":[{"embeddable":true,"href":"https:\/\/concertacaoamazonia.com.br\/en\/wp-json\/wp\/v2\/media\/90280"}],"wp:attachment":[{"href":"https:\/\/concertacaoamazonia.com.br\/en\/wp-json\/wp\/v2\/media?parent=89707"}],"wp:term":[{"taxonomy":"veiculo","embeddable":true,"href":"https:\/\/concertacaoamazonia.com.br\/en\/wp-json\/wp\/v2\/veiculo?post=89707"},{"taxonomy":"categoria-estudos","embeddable":true,"href":"https:\/\/concertacaoamazonia.com.br\/en\/wp-json\/wp\/v2\/categoria-estudos?post=89707"},{"taxonomy":"ano","embeddable":true,"href":"https:\/\/concertacaoamazonia.com.br\/en\/wp-json\/wp\/v2\/ano?post=89707"},{"taxonomy":"eixos","embeddable":true,"href":"https:\/\/concertacaoamazonia.com.br\/en\/wp-json\/wp\/v2\/eixos?post=89707"}],"curies":[{"name":"wp","href":"https:\/\/api.w.org\/{rel}","templated":true}]}}

A Amazônia Diante do Seu Futuro: Visões no Contexto da COP30 &#8211; Volume l

<p>Este livro reúne um conjunto de reflexões e pesquisas que exploram as complexas dinâmicas da Amazônia, destacando a importância dos povos da floresta como protagonistas indispensáveis para um futuro sustentável. Os capítulos aqui apresentados revelam a riqueza das cosmovisões e saberes ancestrais amazônicos, os quais oferecem soluções práticas e eficazes para a justiça climática, fundamentadas em milênios de convivência simbiótica com a natureza. A sabedoria tradicional não apenas serve como base ética, mas também como um caminho para a regeneração dos ecossistemas.</p>
