{"id":89651,"date":"2026-02-11T15:59:41","date_gmt":"2026-02-11T18:59:41","guid":{"rendered":"https:\/\/concertacaoamazonia.com.br\/?post_type=estudos&#038;p=89651"},"modified":"2026-03-13T19:36:45","modified_gmt":"2026-03-13T22:36:45","slug":"amazonia-plano-diretor-municipal-e-gestao-do-territorio","status":"publish","type":"estudos","link":"https:\/\/concertacaoamazonia.com.br\/en\/estudos\/amazonia-plano-diretor-municipal-e-gestao-do-territorio\/","title":{"rendered":"Amaz\u00f4nia: Plano Diretor Municipal e Gest\u00e3o do Territ\u00f3rio"},"content":{"rendered":"\n<p>A publica\u00e7\u00e3o tem por objetivo contribuir para a compreens\u00e3o das rela\u00e7\u00f5es das cidades amaz\u00f4nicas com seu bioma. Dessa forma, provoca reflex\u00e3o sobre as pr\u00e1ticas atuais e firma o engajamento dos diferentes atores em afastar as amea\u00e7as e apontar para a constru\u00e7\u00e3o de alternativas sustent\u00e1veis de desenvolvimento que n\u00e3o venham a comprometer o futuro do monumental patrim\u00f4nio que \u00e9 a Amaz\u00f4nia.<\/p>\n","protected":false},"featured_media":90281,"parent":0,"template":"","veiculo":[2478],"categoria-estudos":[],"ano":[2461],"eixos":[1148,2401],"class_list":["post-89651","estudos","type-estudos","status-publish","has-post-thumbnail","hentry","veiculo-ibam"],"_links":{"self":[{"href":"https:\/\/concertacaoamazonia.com.br\/en\/wp-json\/wp\/v2\/estudos\/89651","targetHints":{"allow":["GET"]}}],"collection":[{"href":"https:\/\/concertacaoamazonia.com.br\/en\/wp-json\/wp\/v2\/estudos"}],"about":[{"href":"https:\/\/concertacaoamazonia.com.br\/en\/wp-json\/wp\/v2\/types\/estudos"}],"version-history":[{"count":0,"href":"https:\/\/concertacaoamazonia.com.br\/en\/wp-json\/wp\/v2\/estudos\/89651\/revisions"}],"wp:featuredmedia":[{"embeddable":true,"href":"https:\/\/concertacaoamazonia.com.br\/en\/wp-json\/wp\/v2\/media\/90281"}],"wp:attachment":[{"href":"https:\/\/concertacaoamazonia.com.br\/en\/wp-json\/wp\/v2\/media?parent=89651"}],"wp:term":[{"taxonomy":"veiculo","embeddable":true,"href":"https:\/\/concertacaoamazonia.com.br\/en\/wp-json\/wp\/v2\/veiculo?post=89651"},{"taxonomy":"categoria-estudos","embeddable":true,"href":"https:\/\/concertacaoamazonia.com.br\/en\/wp-json\/wp\/v2\/categoria-estudos?post=89651"},{"taxonomy":"ano","embeddable":true,"href":"https:\/\/concertacaoamazonia.com.br\/en\/wp-json\/wp\/v2\/ano?post=89651"},{"taxonomy":"eixos","embeddable":true,"href":"https:\/\/concertacaoamazonia.com.br\/en\/wp-json\/wp\/v2\/eixos?post=89651"}],"curies":[{"name":"wp","href":"https:\/\/api.w.org\/{rel}","templated":true}]}}

Amazônia: Plano Diretor Municipal e Gestão do Território

<p>A publicação tem por objetivo contribuir para a compreensão das relações das cidades amazônicas com seu bioma. Dessa forma, provoca reflexão sobre as práticas atuais e firma o engajamento dos diferentes atores em afastar as ameaças e apontar para a construção de alternativas sustentáveis de desenvolvimento que não venham a comprometer o futuro do monumental patrimônio que é a Amazônia.</p>
