{"id":89232,"date":"2025-12-18T15:04:22","date_gmt":"2025-12-18T18:04:22","guid":{"rendered":"https:\/\/concertacaoamazonia.com.br\/?post_type=estudos&amp;p=89232"},"modified":"2025-12-18T15:04:22","modified_gmt":"2025-12-18T18:04:22","slug":"seguranca-climatica-da-amazonia","status":"publish","type":"estudos","link":"https:\/\/concertacaoamazonia.com.br\/en\/estudos\/seguranca-climatica-da-amazonia\/","title":{"rendered":"Seguran\u00e7a Clim\u00e1tica da Amaz\u00f4nia"},"content":{"rendered":"\n<p>Realizado em parceria com a Funda\u00e7\u00e3o para a Conserva\u00e7\u00e3o e o Desenvolvimento Sustent\u00e1vel (FCDS) e o Instituto Igarap\u00e9, este estudo tra\u00e7a um panorama da regi\u00e3o, que desempenha papel fundamental na regula\u00e7\u00e3o do clima e na conectividade biol\u00f3gica entre a cordilheira dos Andes e a bacia amaz\u00f4nica central. A escassez de dados integrados e de pol\u00edticas coordenadas entre Col\u00f4mbia e Brasil em uma das zonas transfronteiri\u00e7as mais remotas da Amaz\u00f4nia mostra que o isolamento geogr\u00e1fico, a presen\u00e7a limitada do Estado e a expans\u00e3o das economias il\u00edcitas transformaram o territ\u00f3rio em um epicentro de degrada\u00e7\u00e3o socioambiental.<\/p>\n","protected":false},"featured_media":90303,"parent":0,"template":"","veiculo":[810],"categoria-estudos":[],"ano":[2224],"eixos":[1148,604],"class_list":["post-89232","estudos","type-estudos","status-publish","has-post-thumbnail","hentry","veiculo-instituto-igarape"],"_links":{"self":[{"href":"https:\/\/concertacaoamazonia.com.br\/en\/wp-json\/wp\/v2\/estudos\/89232","targetHints":{"allow":["GET"]}}],"collection":[{"href":"https:\/\/concertacaoamazonia.com.br\/en\/wp-json\/wp\/v2\/estudos"}],"about":[{"href":"https:\/\/concertacaoamazonia.com.br\/en\/wp-json\/wp\/v2\/types\/estudos"}],"version-history":[{"count":0,"href":"https:\/\/concertacaoamazonia.com.br\/en\/wp-json\/wp\/v2\/estudos\/89232\/revisions"}],"wp:featuredmedia":[{"embeddable":true,"href":"https:\/\/concertacaoamazonia.com.br\/en\/wp-json\/wp\/v2\/media\/90303"}],"wp:attachment":[{"href":"https:\/\/concertacaoamazonia.com.br\/en\/wp-json\/wp\/v2\/media?parent=89232"}],"wp:term":[{"taxonomy":"veiculo","embeddable":true,"href":"https:\/\/concertacaoamazonia.com.br\/en\/wp-json\/wp\/v2\/veiculo?post=89232"},{"taxonomy":"categoria-estudos","embeddable":true,"href":"https:\/\/concertacaoamazonia.com.br\/en\/wp-json\/wp\/v2\/categoria-estudos?post=89232"},{"taxonomy":"ano","embeddable":true,"href":"https:\/\/concertacaoamazonia.com.br\/en\/wp-json\/wp\/v2\/ano?post=89232"},{"taxonomy":"eixos","embeddable":true,"href":"https:\/\/concertacaoamazonia.com.br\/en\/wp-json\/wp\/v2\/eixos?post=89232"}],"curies":[{"name":"wp","href":"https:\/\/api.w.org\/{rel}","templated":true}]}}

Segurança Climática da Amazônia

<p>Realizado em parceria com a Fundação para a Conservação e o Desenvolvimento Sustentável (FCDS) e o Instituto Igarapé, este estudo traça um panorama da região, que desempenha papel fundamental na regulação do clima e na conectividade biológica entre a cordilheira dos Andes e a bacia amazônica central. A escassez de dados integrados e de políticas coordenadas entre Colômbia e Brasil em uma das zonas transfronteiriças mais remotas da Amazônia mostra que o isolamento geográfico, a presença limitada do Estado e a expansão das economias ilícitas transformaram o território em um epicentro de degradação socioambiental.</p>
