{"id":88741,"date":"2025-11-26T10:19:33","date_gmt":"2025-11-26T13:19:33","guid":{"rendered":"https:\/\/concertacaoamazonia.com.br\/?post_type=estudos&amp;p=88245"},"modified":"2025-11-26T10:19:33","modified_gmt":"2025-11-26T13:19:33","slug":"crime-organizado-na-amazonia-paraense-dinamicas-e-implicacoes-sobre-povos-e-comunidades-tradicionais","status":"publish","type":"estudos","link":"https:\/\/concertacaoamazonia.com.br\/en\/estudos\/crime-organizado-na-amazonia-paraense-dinamicas-e-implicacoes-sobre-povos-e-comunidades-tradicionais\/","title":{"rendered":"Crime Organizado na Amaz\u00f4nia Paraense: Din\u00e2micas e Implica\u00e7\u00f5es sobre Povos e Comunidades Tradicionais"},"content":{"rendered":"\n<p>O Instituto M\u00e3e Crioula lan\u00e7a o relat\u00f3rio Crime Organizado na Amaz\u00f4nia Paraense: Din\u00e2micas e Implica\u00e7\u00f5es sobre Povos e Comunidades Tradicionais, uma investiga\u00e7\u00e3o que ilumina as m\u00faltiplas camadas de viol\u00eancia, disputa territorial e vulnerabiliza\u00e7\u00e3o que marcam a regi\u00e3o.\u00a0 O estudo demonstra que a presen\u00e7a atual das fac\u00e7\u00f5es criminosas na Amaz\u00f4nia n\u00e3o substitui os antigos conflitos fundi\u00e1rios \u2014 ela os agrava. O crime organizado moderno soube explorar desigualdades, fraturas sociais e a hist\u00f3rica omiss\u00e3o do Estado, convertendo tens\u00f5es locais por terra em bases para um projeto de poder que opera em escala transnacional. \u00a0 O mapa contempor\u00e2neo das fac\u00e7\u00f5es \u00e9, portanto, a continuidade perversa do mapa hist\u00f3rico das lutas pela posse e pelo uso do territ\u00f3rio.\u00a0 No Par\u00e1 e na Amaz\u00f4nia Legal, essa sobreposi\u00e7\u00e3o entre conflitos agr\u00e1rios e redes criminais redefine a pr\u00f3pria no\u00e7\u00e3o de seguran\u00e7a p\u00fablica. \u00a0 O relat\u00f3rio evidencia que o modelo tradicional, centrado apenas em repress\u00e3o policial e encarceramento, \u00e9 insuficiente<\/p>\n","protected":false},"featured_media":88824,"parent":0,"template":"","veiculo":[2221],"categoria-estudos":[],"ano":[2224],"eixos":[1148,172],"class_list":["post-88741","estudos","type-estudos","status-publish","has-post-thumbnail","hentry","veiculo-instituto-mae-crioula"],"_links":{"self":[{"href":"https:\/\/concertacaoamazonia.com.br\/en\/wp-json\/wp\/v2\/estudos\/88741","targetHints":{"allow":["GET"]}}],"collection":[{"href":"https:\/\/concertacaoamazonia.com.br\/en\/wp-json\/wp\/v2\/estudos"}],"about":[{"href":"https:\/\/concertacaoamazonia.com.br\/en\/wp-json\/wp\/v2\/types\/estudos"}],"version-history":[{"count":0,"href":"https:\/\/concertacaoamazonia.com.br\/en\/wp-json\/wp\/v2\/estudos\/88741\/revisions"}],"wp:featuredmedia":[{"embeddable":true,"href":"https:\/\/concertacaoamazonia.com.br\/en\/wp-json\/wp\/v2\/media\/88824"}],"wp:attachment":[{"href":"https:\/\/concertacaoamazonia.com.br\/en\/wp-json\/wp\/v2\/media?parent=88741"}],"wp:term":[{"taxonomy":"veiculo","embeddable":true,"href":"https:\/\/concertacaoamazonia.com.br\/en\/wp-json\/wp\/v2\/veiculo?post=88741"},{"taxonomy":"categoria-estudos","embeddable":true,"href":"https:\/\/concertacaoamazonia.com.br\/en\/wp-json\/wp\/v2\/categoria-estudos?post=88741"},{"taxonomy":"ano","embeddable":true,"href":"https:\/\/concertacaoamazonia.com.br\/en\/wp-json\/wp\/v2\/ano?post=88741"},{"taxonomy":"eixos","embeddable":true,"href":"https:\/\/concertacaoamazonia.com.br\/en\/wp-json\/wp\/v2\/eixos?post=88741"}],"curies":[{"name":"wp","href":"https:\/\/api.w.org\/{rel}","templated":true}]}}

Crime Organizado na Amazônia Paraense: Dinâmicas e Implicações sobre Povos e Comunidades Tradicionais

<p>O Instituto Mãe Crioula lança o relatório Crime Organizado na Amazônia Paraense: Dinâmicas e Implicações sobre Povos e Comunidades Tradicionais, uma investigação que ilumina as múltiplas camadas de violência, disputa territorial e vulnerabilização que marcam a região.  O estudo demonstra que a presença atual das facções criminosas na Amazônia não substitui os antigos conflitos fundiários — ela os agrava. O crime organizado moderno soube explorar desigualdades, fraturas sociais e a histórica omissão do Estado, convertendo tensões locais por terra em bases para um projeto de poder que opera em escala transnacional.   O mapa contemporâneo das facções é, portanto, a continuidade perversa do mapa histórico das lutas pela posse e pelo uso do território.  No Pará e na Amazônia Legal, essa sobreposição entre conflitos agrários e redes criminais redefine a própria noção de segurança pública.   O relatório evidencia que o modelo tradicional, centrado apenas em repressão policial e encarceramento, é insuficiente</p>
