{"id":83026,"date":"2025-10-14T18:29:58","date_gmt":"2025-10-14T21:29:58","guid":{"rendered":"https:\/\/concertacaoamazonia.com.br\/?post_type=estudos&#038;p=83026"},"modified":"2025-10-14T18:30:04","modified_gmt":"2025-10-14T21:30:04","slug":"mulheres-corpos-territorios-indigenas-em-resistencia","status":"publish","type":"estudos","link":"https:\/\/concertacaoamazonia.com.br\/en\/estudos\/mulheres-corpos-territorios-indigenas-em-resistencia\/","title":{"rendered":"Mulheres: corpos-territ\u00f3rios ind\u00edgenas em resist\u00eancia!"},"content":{"rendered":"\n<p>Quando as mulheres ind\u00edgenas falam de seus corpos-territ\u00f3rios, elas est\u00e3o falando das heran\u00e7as ancestrais e espirituais que carregam, al\u00e9m da sabedoria coletiva de seus povos. O caderno da Semana dos Povos Ind\u00edgenas 2023 traz a ancestralidade e a pot\u00eancia dos corpos-territ\u00f3rios das mulheres ind\u00edgenas. Quer, n\u00e3o somente tematizar a presen\u00e7a e atua\u00e7\u00e3o de mulheres ind\u00edgenas, mas, especialmente, ser a pr\u00f3pria fala dessas mulheres a partir de seus biomas, para o enfrentamento ao racismo e valoriza\u00e7\u00e3o de suas pr\u00f3prias vidas. O material \u00e9 escrito pela ANMIGA \u2013 Articula\u00e7\u00e3o Nacional das Mulheres Ind\u00edgenas Guerreiras da Ancestralidade, um movimento ancestral, tradicional e social, criado e constitu\u00eddo por mulheres ind\u00edgenas dos seis biomas brasileiros, desde o ch\u00e3o da aldeia at\u00e9 o ch\u00e3o do mundo.<\/p>\n","protected":false},"featured_media":83027,"parent":0,"template":"","veiculo":[2118],"categoria-estudos":[],"ano":[2224],"eixos":[1148,2401],"class_list":["post-83026","estudos","type-estudos","status-publish","has-post-thumbnail","hentry","veiculo-instituto-socioambiental"],"_links":{"self":[{"href":"https:\/\/concertacaoamazonia.com.br\/en\/wp-json\/wp\/v2\/estudos\/83026","targetHints":{"allow":["GET"]}}],"collection":[{"href":"https:\/\/concertacaoamazonia.com.br\/en\/wp-json\/wp\/v2\/estudos"}],"about":[{"href":"https:\/\/concertacaoamazonia.com.br\/en\/wp-json\/wp\/v2\/types\/estudos"}],"version-history":[{"count":0,"href":"https:\/\/concertacaoamazonia.com.br\/en\/wp-json\/wp\/v2\/estudos\/83026\/revisions"}],"wp:featuredmedia":[{"embeddable":true,"href":"https:\/\/concertacaoamazonia.com.br\/en\/wp-json\/wp\/v2\/media\/83027"}],"wp:attachment":[{"href":"https:\/\/concertacaoamazonia.com.br\/en\/wp-json\/wp\/v2\/media?parent=83026"}],"wp:term":[{"taxonomy":"veiculo","embeddable":true,"href":"https:\/\/concertacaoamazonia.com.br\/en\/wp-json\/wp\/v2\/veiculo?post=83026"},{"taxonomy":"categoria-estudos","embeddable":true,"href":"https:\/\/concertacaoamazonia.com.br\/en\/wp-json\/wp\/v2\/categoria-estudos?post=83026"},{"taxonomy":"ano","embeddable":true,"href":"https:\/\/concertacaoamazonia.com.br\/en\/wp-json\/wp\/v2\/ano?post=83026"},{"taxonomy":"eixos","embeddable":true,"href":"https:\/\/concertacaoamazonia.com.br\/en\/wp-json\/wp\/v2\/eixos?post=83026"}],"curies":[{"name":"wp","href":"https:\/\/api.w.org\/{rel}","templated":true}]}}

Mulheres: corpos-territórios indígenas em resistência!

<p>Quando as mulheres indígenas falam de seus corpos-territórios, elas estão falando das heranças ancestrais e espirituais que carregam, além da sabedoria coletiva de seus povos. O caderno da Semana dos Povos Indígenas 2023 traz a ancestralidade e a potência dos corpos-territórios das mulheres indígenas. Quer, não somente tematizar a presença e atuação de mulheres indígenas, mas, especialmente, ser a própria fala dessas mulheres a partir de seus biomas, para o enfrentamento ao racismo e valorização de suas próprias vidas. O material é escrito pela ANMIGA – Articulação Nacional das Mulheres Indígenas Guerreiras da Ancestralidade, um movimento ancestral, tradicional e social, criado e constituído por mulheres indígenas dos seis biomas brasileiros, desde o chão da aldeia até o chão do mundo.</p>
