{"id":83015,"date":"2025-10-14T18:06:03","date_gmt":"2025-10-14T21:06:03","guid":{"rendered":"https:\/\/concertacaoamazonia.com.br\/?post_type=estudos&#038;p=83015"},"modified":"2025-10-14T18:21:12","modified_gmt":"2025-10-14T21:21:12","slug":"vozes-indigenas-na-producao-do-conhecimento-para-um-dialogo-com-a-saude-coletiva","status":"publish","type":"estudos","link":"https:\/\/concertacaoamazonia.com.br\/en\/estudos\/vozes-indigenas-na-producao-do-conhecimento-para-um-dialogo-com-a-saude-coletiva\/","title":{"rendered":"Vozes ind\u00edgenas na produ\u00e7\u00e3o do conhecimento: para um di\u00e1logo com a sa\u00fade coletiva"},"content":{"rendered":"\n<p>Esta colet\u00e2nea foi elaborada no contexto do Projeto &#8220;Vozes Ind\u00edgenas na Produ\u00e7\u00e3o do Conhecimento,&#8221; liderado por pesquisadores da Escola Nacional de Sa\u00fade P\u00fablica Sergio Arouca, vinculada \u00e0 Funda\u00e7\u00e3o Oswaldo Cruz. Em 2019, esse projeto estabeleceu um coletivo composto por aproximadamente 20 pesquisadores ind\u00edgenas, denominado &#8220;Vozes Ind\u00edgenas na Sa\u00fade Coletiva,&#8221; com o prop\u00f3sito de promover um di\u00e1logo mais profundo com estudantes de p\u00f3s-gradua\u00e7\u00e3o e pesquisadores ind\u00edgenas que se dedicam \u00e0 reflex\u00e3o sobre temas relacionados \u00e0 sa\u00fade e seus determinantes.<\/p>\n","protected":false},"featured_media":83016,"parent":0,"template":"","veiculo":[2400],"categoria-estudos":[],"ano":[2224],"eixos":[1148,2401],"class_list":["post-83015","estudos","type-estudos","status-publish","has-post-thumbnail","hentry","veiculo-porto-livre"],"_links":{"self":[{"href":"https:\/\/concertacaoamazonia.com.br\/en\/wp-json\/wp\/v2\/estudos\/83015","targetHints":{"allow":["GET"]}}],"collection":[{"href":"https:\/\/concertacaoamazonia.com.br\/en\/wp-json\/wp\/v2\/estudos"}],"about":[{"href":"https:\/\/concertacaoamazonia.com.br\/en\/wp-json\/wp\/v2\/types\/estudos"}],"version-history":[{"count":0,"href":"https:\/\/concertacaoamazonia.com.br\/en\/wp-json\/wp\/v2\/estudos\/83015\/revisions"}],"wp:featuredmedia":[{"embeddable":true,"href":"https:\/\/concertacaoamazonia.com.br\/en\/wp-json\/wp\/v2\/media\/83016"}],"wp:attachment":[{"href":"https:\/\/concertacaoamazonia.com.br\/en\/wp-json\/wp\/v2\/media?parent=83015"}],"wp:term":[{"taxonomy":"veiculo","embeddable":true,"href":"https:\/\/concertacaoamazonia.com.br\/en\/wp-json\/wp\/v2\/veiculo?post=83015"},{"taxonomy":"categoria-estudos","embeddable":true,"href":"https:\/\/concertacaoamazonia.com.br\/en\/wp-json\/wp\/v2\/categoria-estudos?post=83015"},{"taxonomy":"ano","embeddable":true,"href":"https:\/\/concertacaoamazonia.com.br\/en\/wp-json\/wp\/v2\/ano?post=83015"},{"taxonomy":"eixos","embeddable":true,"href":"https:\/\/concertacaoamazonia.com.br\/en\/wp-json\/wp\/v2\/eixos?post=83015"}],"curies":[{"name":"wp","href":"https:\/\/api.w.org\/{rel}","templated":true}]}}

Vozes indígenas na produção do conhecimento: para um diálogo com a saúde coletiva

<p>Esta coletânea foi elaborada no contexto do Projeto &#8220;Vozes Indígenas na Produção do Conhecimento,&#8221; liderado por pesquisadores da Escola Nacional de Saúde Pública Sergio Arouca, vinculada à Fundação Oswaldo Cruz. Em 2019, esse projeto estabeleceu um coletivo composto por aproximadamente 20 pesquisadores indígenas, denominado &#8220;Vozes Indígenas na Saúde Coletiva,&#8221; com o propósito de promover um diálogo mais profundo com estudantes de pós-graduação e pesquisadores indígenas que se dedicam à reflexão sobre temas relacionados à saúde e seus determinantes.</p>
