{"id":82981,"date":"2025-10-14T16:58:58","date_gmt":"2025-10-14T19:58:58","guid":{"rendered":"https:\/\/concertacaoamazonia.com.br\/?post_type=estudos&#038;p=82981"},"modified":"2025-10-14T18:26:57","modified_gmt":"2025-10-14T21:26:57","slug":"participacao-indigena-em-eleicoes-desafios-tecnicos-e-politicos-no-processo-eleitoral-brasileiro-de-2022","status":"publish","type":"estudos","link":"https:\/\/concertacaoamazonia.com.br\/en\/estudos\/participacao-indigena-em-eleicoes-desafios-tecnicos-e-politicos-no-processo-eleitoral-brasileiro-de-2022\/","title":{"rendered":"Participa\u00e7\u00e3o ind\u00edgena em elei\u00e7\u00f5es: desafios t\u00e9cnicos e pol\u00edticos no processo eleitoral brasileiro de 2022"},"content":{"rendered":"\n<p>Essa publica\u00e7\u00e3o busca contribuir para o entendimento do conjunto de tramas de silenciamento e manipula\u00e7\u00e3o que marcaram a atividade no plano da pol\u00edtica representativa dos povos ind\u00edgenas nas \u00faltimas tr\u00eas d\u00e9cadas e refletir sobre as mudan\u00e7as que possibilitaram uma virada de chave nos pleitos mais recentes. Destaca, sobretudo, a atitude das organiza\u00e7\u00f5es ind\u00edgenas, lideran\u00e7as locais e da popula\u00e7\u00e3o em geral que possibilitou alguns resultados expressivos. Possivelmente, \u00e9 um processo que ainda vai mostrar muitos resultados num futuro pr\u00f3ximo. S\u00e3o reflex\u00f5es importantes de pesquisadoras\/es que v\u00eam se dedicando aos estudos deste tema e t\u00eam importantes coloca\u00e7\u00f5es a fazer.<\/p>\n","protected":false},"featured_media":82982,"parent":0,"template":"","veiculo":[2400],"categoria-estudos":[],"ano":[2224],"eixos":[1148,2401],"class_list":["post-82981","estudos","type-estudos","status-publish","has-post-thumbnail","hentry","veiculo-porto-livre"],"_links":{"self":[{"href":"https:\/\/concertacaoamazonia.com.br\/en\/wp-json\/wp\/v2\/estudos\/82981","targetHints":{"allow":["GET"]}}],"collection":[{"href":"https:\/\/concertacaoamazonia.com.br\/en\/wp-json\/wp\/v2\/estudos"}],"about":[{"href":"https:\/\/concertacaoamazonia.com.br\/en\/wp-json\/wp\/v2\/types\/estudos"}],"version-history":[{"count":0,"href":"https:\/\/concertacaoamazonia.com.br\/en\/wp-json\/wp\/v2\/estudos\/82981\/revisions"}],"wp:featuredmedia":[{"embeddable":true,"href":"https:\/\/concertacaoamazonia.com.br\/en\/wp-json\/wp\/v2\/media\/82982"}],"wp:attachment":[{"href":"https:\/\/concertacaoamazonia.com.br\/en\/wp-json\/wp\/v2\/media?parent=82981"}],"wp:term":[{"taxonomy":"veiculo","embeddable":true,"href":"https:\/\/concertacaoamazonia.com.br\/en\/wp-json\/wp\/v2\/veiculo?post=82981"},{"taxonomy":"categoria-estudos","embeddable":true,"href":"https:\/\/concertacaoamazonia.com.br\/en\/wp-json\/wp\/v2\/categoria-estudos?post=82981"},{"taxonomy":"ano","embeddable":true,"href":"https:\/\/concertacaoamazonia.com.br\/en\/wp-json\/wp\/v2\/ano?post=82981"},{"taxonomy":"eixos","embeddable":true,"href":"https:\/\/concertacaoamazonia.com.br\/en\/wp-json\/wp\/v2\/eixos?post=82981"}],"curies":[{"name":"wp","href":"https:\/\/api.w.org\/{rel}","templated":true}]}}

Participação indígena em eleições: desafios técnicos e políticos no processo eleitoral brasileiro de 2022

<p>Essa publicação busca contribuir para o entendimento do conjunto de tramas de silenciamento e manipulação que marcaram a atividade no plano da política representativa dos povos indígenas nas últimas três décadas e refletir sobre as mudanças que possibilitaram uma virada de chave nos pleitos mais recentes. Destaca, sobretudo, a atitude das organizações indígenas, lideranças locais e da população em geral que possibilitou alguns resultados expressivos. Possivelmente, é um processo que ainda vai mostrar muitos resultados num futuro próximo. São reflexões importantes de pesquisadoras/es que vêm se dedicando aos estudos deste tema e têm importantes colocações a fazer.</p>
