{"id":79735,"date":"2025-07-23T18:28:36","date_gmt":"2025-07-23T21:28:36","guid":{"rendered":"https:\/\/concertacaoamazonia.com.br\/?post_type=estudos&#038;p=79735"},"modified":"2025-07-23T18:34:01","modified_gmt":"2025-07-23T21:34:01","slug":"incidencia-regional-em-seguranca-e-crime-ambiental-na-amazonia","status":"publish","type":"estudos","link":"https:\/\/concertacaoamazonia.com.br\/en\/estudos\/incidencia-regional-em-seguranca-e-crime-ambiental-na-amazonia\/","title":{"rendered":"Incid\u00eancia Regional em Seguran\u00e7a e Crime Ambiental na Amaz\u00f4nia"},"content":{"rendered":"\n<p>Este boletim busca apoiar nossos aliados em seus esfor\u00e7os de incid\u00eancia, articula\u00e7\u00e3o e tomada de decis\u00f5es, mantendo-os informados sobre mudan\u00e7as-chave, oportunidades de participa\u00e7\u00e3o e o status das iniciativas regionais em curso. Esta primeira edi\u00e7\u00e3o foca nos avan\u00e7os recentes da OTCA, em particular na instala\u00e7\u00e3o formal da sua Comiss\u00e3o Especial de Seguran\u00e7a P\u00fablica e Il\u00edcitos Transnacionais, realizada em 9 de junho de 2025, em Let\u00edcia, Col\u00f4mbia.<\/p>\n\n\n\n<p><\/p>\n","protected":false},"featured_media":79736,"parent":0,"template":"","veiculo":[810],"categoria-estudos":[],"ano":[2224],"eixos":[1148,185,598],"class_list":["post-79735","estudos","type-estudos","status-publish","has-post-thumbnail","hentry","veiculo-instituto-igarape"],"_links":{"self":[{"href":"https:\/\/concertacaoamazonia.com.br\/en\/wp-json\/wp\/v2\/estudos\/79735","targetHints":{"allow":["GET"]}}],"collection":[{"href":"https:\/\/concertacaoamazonia.com.br\/en\/wp-json\/wp\/v2\/estudos"}],"about":[{"href":"https:\/\/concertacaoamazonia.com.br\/en\/wp-json\/wp\/v2\/types\/estudos"}],"version-history":[{"count":0,"href":"https:\/\/concertacaoamazonia.com.br\/en\/wp-json\/wp\/v2\/estudos\/79735\/revisions"}],"wp:featuredmedia":[{"embeddable":true,"href":"https:\/\/concertacaoamazonia.com.br\/en\/wp-json\/wp\/v2\/media\/79736"}],"wp:attachment":[{"href":"https:\/\/concertacaoamazonia.com.br\/en\/wp-json\/wp\/v2\/media?parent=79735"}],"wp:term":[{"taxonomy":"veiculo","embeddable":true,"href":"https:\/\/concertacaoamazonia.com.br\/en\/wp-json\/wp\/v2\/veiculo?post=79735"},{"taxonomy":"categoria-estudos","embeddable":true,"href":"https:\/\/concertacaoamazonia.com.br\/en\/wp-json\/wp\/v2\/categoria-estudos?post=79735"},{"taxonomy":"ano","embeddable":true,"href":"https:\/\/concertacaoamazonia.com.br\/en\/wp-json\/wp\/v2\/ano?post=79735"},{"taxonomy":"eixos","embeddable":true,"href":"https:\/\/concertacaoamazonia.com.br\/en\/wp-json\/wp\/v2\/eixos?post=79735"}],"curies":[{"name":"wp","href":"https:\/\/api.w.org\/{rel}","templated":true}]}}

Incidência Regional em Segurança e Crime Ambiental na Amazônia

<p>Este boletim busca apoiar nossos aliados em seus esforços de incidência, articulação e tomada de decisões, mantendo-os informados sobre mudanças-chave, oportunidades de participação e o status das iniciativas regionais em curso. Esta primeira edição foca nos avanços recentes da OTCA, em particular na instalação formal da sua Comissão Especial de Segurança Pública e Ilícitos Transnacionais, realizada em 9 de junho de 2025, em Letícia, Colômbia.</p>



<p></p>
