{"id":79606,"date":"2025-07-14T10:24:46","date_gmt":"2025-07-14T13:24:46","guid":{"rendered":"https:\/\/concertacaoamazonia.com.br\/?post_type=estudos&#038;p=79606"},"modified":"2025-07-14T10:24:47","modified_gmt":"2025-07-14T13:24:47","slug":"planejamento-e-politicas-de-saude-na-amazonia-2","status":"publish","type":"estudos","link":"https:\/\/concertacaoamazonia.com.br\/en\/estudos\/planejamento-e-politicas-de-saude-na-amazonia-2\/","title":{"rendered":"Planejamento e Pol\u00edticas de Sa\u00fade na Amaz\u00f4nia"},"content":{"rendered":"\n<p>Na Amaz\u00f4nia, a pol\u00edtica de sa\u00fade se encontra com um\u00a0 territ\u00f3rio de vida espec\u00edfico, caracterizado por um tecido social diverso, din\u00e2mico e imigrante, transitando pelas\u00a0 \u00e1guas e florestas. Nesse cen\u00e1rio, a vida \u00e9 pujante, que\u00a0 vibra e faz acontecer um sistema de sa\u00fade amaz\u00f4nico,\u00a0 plural \u00e9tnica e socialmente, biodiverso e culturalmente espec\u00edfico. Assim, \u00e9 imperativo construirmos referencial te\u00f3rico da sa\u00fade coletiva regional, bem como refletirmos e contextualizarmos o SUS com \u201cDNA amaz\u00f4nico\u201d. Compreendemos ser esta uma refer\u00eancia para colaborar com\u00a0 o campo das ci\u00eancias gerenciais que comp\u00f5em o campo da sa\u00fade coletiva no Brasil, sem dissociar do desafio de\u00a0 realizar a gest\u00e3o e as pr\u00e1ticas das pol\u00edticas de sa\u00fade por\u00a0 pesquisadores gestores da Amaz\u00f4nia. O \u2018fator\u00a0 amaz\u00f4nico\u2019 aqui apresentado roteiriza os desafios de se\u00a0 fazer sa\u00fade nessas diversas amaz\u00f4nias. Cen\u00e1rios de\u00a0 experi\u00eancias promissoras no campo das pol\u00edticas e planejamento aqui expressos podem contribuir com a\u00a0 comunica\u00e7\u00e3o entre gestore(a)s, pesquisadore(a)s e\u00a0 membros do controle social a vislumbrarem m\u00e9todos e oportunidades de mudan\u00e7as sist\u00eamicas nas pr\u00e1ticas\u00a0 assistenciais e nos modos de gerir a sa\u00fade na Amaz\u00f4nia.<\/p>\n","protected":false},"featured_media":79602,"parent":0,"template":"","veiculo":[2373],"categoria-estudos":[],"ano":[2224],"eixos":[1148,175],"class_list":["post-79606","estudos","type-estudos","status-publish","has-post-thumbnail","hentry","veiculo-editora-rede-unida"],"_links":{"self":[{"href":"https:\/\/concertacaoamazonia.com.br\/en\/wp-json\/wp\/v2\/estudos\/79606","targetHints":{"allow":["GET"]}}],"collection":[{"href":"https:\/\/concertacaoamazonia.com.br\/en\/wp-json\/wp\/v2\/estudos"}],"about":[{"href":"https:\/\/concertacaoamazonia.com.br\/en\/wp-json\/wp\/v2\/types\/estudos"}],"version-history":[{"count":0,"href":"https:\/\/concertacaoamazonia.com.br\/en\/wp-json\/wp\/v2\/estudos\/79606\/revisions"}],"wp:featuredmedia":[{"embeddable":true,"href":"https:\/\/concertacaoamazonia.com.br\/en\/wp-json\/wp\/v2\/media\/79602"}],"wp:attachment":[{"href":"https:\/\/concertacaoamazonia.com.br\/en\/wp-json\/wp\/v2\/media?parent=79606"}],"wp:term":[{"taxonomy":"veiculo","embeddable":true,"href":"https:\/\/concertacaoamazonia.com.br\/en\/wp-json\/wp\/v2\/veiculo?post=79606"},{"taxonomy":"categoria-estudos","embeddable":true,"href":"https:\/\/concertacaoamazonia.com.br\/en\/wp-json\/wp\/v2\/categoria-estudos?post=79606"},{"taxonomy":"ano","embeddable":true,"href":"https:\/\/concertacaoamazonia.com.br\/en\/wp-json\/wp\/v2\/ano?post=79606"},{"taxonomy":"eixos","embeddable":true,"href":"https:\/\/concertacaoamazonia.com.br\/en\/wp-json\/wp\/v2\/eixos?post=79606"}],"curies":[{"name":"wp","href":"https:\/\/api.w.org\/{rel}","templated":true}]}}

Planejamento e Políticas de Saúde na Amazônia

<p>Na Amazônia, a política de saúde se encontra com um  território de vida específico, caracterizado por um tecido social diverso, dinâmico e imigrante, transitando pelas  águas e florestas. Nesse cenário, a vida é pujante, que  vibra e faz acontecer um sistema de saúde amazônico,  plural étnica e socialmente, biodiverso e culturalmente específico. Assim, é imperativo construirmos referencial teórico da saúde coletiva regional, bem como refletirmos e contextualizarmos o SUS com “DNA amazônico”. Compreendemos ser esta uma referência para colaborar com  o campo das ciências gerenciais que compõem o campo da saúde coletiva no Brasil, sem dissociar do desafio de  realizar a gestão e as práticas das políticas de saúde por  pesquisadores gestores da Amazônia. O ‘fator  amazônico’ aqui apresentado roteiriza os desafios de se  fazer saúde nessas diversas amazônias. Cenários de  experiências promissoras no campo das políticas e planejamento aqui expressos podem contribuir com a  comunicação entre gestore(a)s, pesquisadore(a)s e  membros do controle social a vislumbrarem métodos e oportunidades de mudanças sistêmicas nas práticas  assistenciais e nos modos de gerir a saúde na Amazônia.</p>
