{"id":73727,"date":"2025-05-08T12:15:38","date_gmt":"2025-05-08T15:15:38","guid":{"rendered":"https:\/\/concertacaoamazonia.com.br\/?post_type=estudos&#038;p=73727"},"modified":"2025-05-08T12:15:41","modified_gmt":"2025-05-08T15:15:41","slug":"guia-de-narrativas-das-multiplas-amazonias","status":"publish","type":"estudos","link":"https:\/\/concertacaoamazonia.com.br\/en\/estudos\/guia-de-narrativas-das-multiplas-amazonias\/","title":{"rendered":"Guia de Narrativas das m\u00faltiplas Amaz\u00f4nias"},"content":{"rendered":"\n<p>O Amaz\u00f4nia Vox lan\u00e7a a vers\u00e3o impressa do &#8220;Guia de Narrativas das m\u00faltiplas Amaz\u00f4nias: considera\u00e7\u00f5es para abordagem e elabora\u00e7\u00e3o de projetos de cultura, educa\u00e7\u00e3o e comunica\u00e7\u00e3o&#8221;, durante o evento \u201cTrilhas de Cobertura Clim\u00e1tica\u201d. A publica\u00e7\u00e3o \u00e9 resultado do III Ciclo de Forma\u00e7\u00e3o do Amaz\u00f4nia Vox, realizado entre Outubro e Novembro de 2024 com apoio da Funda\u00e7\u00e3o Ita\u00fa, que promoveu sess\u00f5es online com comunicadores para discutir diferentes perspectivas sobre comunica\u00e7\u00e3o, cultura e educa\u00e7\u00e3o na regi\u00e3o.\u00a0<\/p>\n","protected":false},"featured_media":73730,"parent":0,"template":"","veiculo":[2341],"categoria-estudos":[],"ano":[2224],"eixos":[1148,183,178,1819,184],"class_list":["post-73727","estudos","type-estudos","status-publish","has-post-thumbnail","hentry","veiculo-amazonia-vox"],"_links":{"self":[{"href":"https:\/\/concertacaoamazonia.com.br\/en\/wp-json\/wp\/v2\/estudos\/73727","targetHints":{"allow":["GET"]}}],"collection":[{"href":"https:\/\/concertacaoamazonia.com.br\/en\/wp-json\/wp\/v2\/estudos"}],"about":[{"href":"https:\/\/concertacaoamazonia.com.br\/en\/wp-json\/wp\/v2\/types\/estudos"}],"version-history":[{"count":0,"href":"https:\/\/concertacaoamazonia.com.br\/en\/wp-json\/wp\/v2\/estudos\/73727\/revisions"}],"wp:featuredmedia":[{"embeddable":true,"href":"https:\/\/concertacaoamazonia.com.br\/en\/wp-json\/wp\/v2\/media\/73730"}],"wp:attachment":[{"href":"https:\/\/concertacaoamazonia.com.br\/en\/wp-json\/wp\/v2\/media?parent=73727"}],"wp:term":[{"taxonomy":"veiculo","embeddable":true,"href":"https:\/\/concertacaoamazonia.com.br\/en\/wp-json\/wp\/v2\/veiculo?post=73727"},{"taxonomy":"categoria-estudos","embeddable":true,"href":"https:\/\/concertacaoamazonia.com.br\/en\/wp-json\/wp\/v2\/categoria-estudos?post=73727"},{"taxonomy":"ano","embeddable":true,"href":"https:\/\/concertacaoamazonia.com.br\/en\/wp-json\/wp\/v2\/ano?post=73727"},{"taxonomy":"eixos","embeddable":true,"href":"https:\/\/concertacaoamazonia.com.br\/en\/wp-json\/wp\/v2\/eixos?post=73727"}],"curies":[{"name":"wp","href":"https:\/\/api.w.org\/{rel}","templated":true}]}}

Guia de Narrativas das múltiplas Amazônias

<p>O Amazônia Vox lança a versão impressa do &#8220;Guia de Narrativas das múltiplas Amazônias: considerações para abordagem e elaboração de projetos de cultura, educação e comunicação&#8221;, durante o evento “Trilhas de Cobertura Climática”. A publicação é resultado do III Ciclo de Formação do Amazônia Vox, realizado entre Outubro e Novembro de 2024 com apoio da Fundação Itaú, que promoveu sessões online com comunicadores para discutir diferentes perspectivas sobre comunicação, cultura e educação na região. </p>
