{"id":69904,"date":"2025-03-27T10:57:00","date_gmt":"2025-03-27T13:57:00","guid":{"rendered":"https:\/\/concertacaoamazonia.com.br\/?post_type=estudos&#038;p=69904"},"modified":"2025-03-27T10:57:02","modified_gmt":"2025-03-27T13:57:02","slug":"nova-economia-da-amazonia-2","status":"publish","type":"estudos","link":"https:\/\/concertacaoamazonia.com.br\/en\/estudos\/nova-economia-da-amazonia-2\/","title":{"rendered":"Nova Economia da Amaz\u00f4nia"},"content":{"rendered":"\n<p>A Nova Economia da Amaz\u00f4nia (NEA), iniciativa do WRI Brasil em parceria com institui\u00e7\u00f5es brasileiras de pesquisa de diversas regi\u00f5es, reconhece que a promo\u00e7\u00e3o do desenvolvimento econ\u00f4mico e social com mitiga\u00e7\u00e3o clim\u00e1tica demanda mudan\u00e7as profundas na economia, e acredita que a Amaz\u00f4nia dever\u00e1 ser a grande catalizadora dessas mudan\u00e7as no Brasil. Este relat\u00f3rio mostra como investimentos em conserva\u00e7\u00e3o e expans\u00e3o dos ativos naturais, fortalecimento da bioeconomia, e adapta\u00e7\u00e3o da agropecu\u00e1ria e da matriz energ\u00e9tica \u00e0 baixa emiss\u00e3o de carbono na Amaz\u00f4nia Legal (AML) resultariam em uma economia mais qualificada e de melhor performance do que aquela baseada na continuidade da expans\u00e3o de atividades intensivas em carbono. As mudan\u00e7as estruturais da transi\u00e7\u00e3o para a NEA lideradas pela Amaz\u00f4nia alcan\u00e7ariam toda a economia brasileira atrav\u00e9s dos fluxos de investimentos, insumos e produtos trocados entre as regi\u00f5es, conduzindo o pa\u00eds para a descarboniza\u00e7\u00e3o de toda a economia.<\/p>\n","protected":false},"featured_media":69905,"parent":0,"template":"","veiculo":[1900],"categoria-estudos":[],"ano":[2224],"eixos":[1148,604],"class_list":["post-69904","estudos","type-estudos","status-publish","has-post-thumbnail","hentry","veiculo-wri-brasil"],"_links":{"self":[{"href":"https:\/\/concertacaoamazonia.com.br\/en\/wp-json\/wp\/v2\/estudos\/69904","targetHints":{"allow":["GET"]}}],"collection":[{"href":"https:\/\/concertacaoamazonia.com.br\/en\/wp-json\/wp\/v2\/estudos"}],"about":[{"href":"https:\/\/concertacaoamazonia.com.br\/en\/wp-json\/wp\/v2\/types\/estudos"}],"version-history":[{"count":0,"href":"https:\/\/concertacaoamazonia.com.br\/en\/wp-json\/wp\/v2\/estudos\/69904\/revisions"}],"wp:featuredmedia":[{"embeddable":true,"href":"https:\/\/concertacaoamazonia.com.br\/en\/wp-json\/wp\/v2\/media\/69905"}],"wp:attachment":[{"href":"https:\/\/concertacaoamazonia.com.br\/en\/wp-json\/wp\/v2\/media?parent=69904"}],"wp:term":[{"taxonomy":"veiculo","embeddable":true,"href":"https:\/\/concertacaoamazonia.com.br\/en\/wp-json\/wp\/v2\/veiculo?post=69904"},{"taxonomy":"categoria-estudos","embeddable":true,"href":"https:\/\/concertacaoamazonia.com.br\/en\/wp-json\/wp\/v2\/categoria-estudos?post=69904"},{"taxonomy":"ano","embeddable":true,"href":"https:\/\/concertacaoamazonia.com.br\/en\/wp-json\/wp\/v2\/ano?post=69904"},{"taxonomy":"eixos","embeddable":true,"href":"https:\/\/concertacaoamazonia.com.br\/en\/wp-json\/wp\/v2\/eixos?post=69904"}],"curies":[{"name":"wp","href":"https:\/\/api.w.org\/{rel}","templated":true}]}}

Nova Economia da Amazônia

<p>A Nova Economia da Amazônia (NEA), iniciativa do WRI Brasil em parceria com instituições brasileiras de pesquisa de diversas regiões, reconhece que a promoção do desenvolvimento econômico e social com mitigação climática demanda mudanças profundas na economia, e acredita que a Amazônia deverá ser a grande catalizadora dessas mudanças no Brasil. Este relatório mostra como investimentos em conservação e expansão dos ativos naturais, fortalecimento da bioeconomia, e adaptação da agropecuária e da matriz energética à baixa emissão de carbono na Amazônia Legal (AML) resultariam em uma economia mais qualificada e de melhor performance do que aquela baseada na continuidade da expansão de atividades intensivas em carbono. As mudanças estruturais da transição para a NEA lideradas pela Amazônia alcançariam toda a economia brasileira através dos fluxos de investimentos, insumos e produtos trocados entre as regiões, conduzindo o país para a descarbonização de toda a economia.</p>
