{"id":69705,"date":"2025-03-24T12:33:55","date_gmt":"2025-03-24T15:33:55","guid":{"rendered":"https:\/\/concertacaoamazonia.com.br\/?post_type=estudos&#038;p=69705"},"modified":"2025-03-24T12:33:56","modified_gmt":"2025-03-24T15:33:56","slug":"guia-de-comunicacao-para-a-comercializacao-justa-de-alimentos-agroecologicos","status":"publish","type":"estudos","link":"https:\/\/concertacaoamazonia.com.br\/en\/estudos\/guia-de-comunicacao-para-a-comercializacao-justa-de-alimentos-agroecologicos\/","title":{"rendered":"Guia de Comunica\u00e7\u00e3o para a Comercializa\u00e7\u00e3o Justa de Alimentos Agroecol\u00f3gicos"},"content":{"rendered":"\n<p>Saiba como a comunica\u00e7\u00e3o pode exercer um papel pedag\u00f3gico junto aos consumidores, no sentido de promover a conscientiza\u00e7\u00e3o sobre maneiras mais \u00e9ticas, sustent\u00e1veis e saud\u00e1veis para se relacionar com a comida. A publica\u00e7\u00e3o prop\u00f5e um pequeno roteiro para uma estrat\u00e9gia de comunica\u00e7\u00e3o que n\u00e3o seja apenas eficiente, mas tamb\u00e9m que seja consistente e alinhada com o perfil das organiza\u00e7\u00f5es de com\u00e9rcio justo.<\/p>\n","protected":false},"featured_media":69706,"parent":0,"template":"","veiculo":[2251],"categoria-estudos":[],"ano":[2224],"eixos":[1148,604,177],"class_list":["post-69705","estudos","type-estudos","status-publish","has-post-thumbnail","hentry","veiculo-da-amazonia-para-belem"],"_links":{"self":[{"href":"https:\/\/concertacaoamazonia.com.br\/en\/wp-json\/wp\/v2\/estudos\/69705","targetHints":{"allow":["GET"]}}],"collection":[{"href":"https:\/\/concertacaoamazonia.com.br\/en\/wp-json\/wp\/v2\/estudos"}],"about":[{"href":"https:\/\/concertacaoamazonia.com.br\/en\/wp-json\/wp\/v2\/types\/estudos"}],"version-history":[{"count":0,"href":"https:\/\/concertacaoamazonia.com.br\/en\/wp-json\/wp\/v2\/estudos\/69705\/revisions"}],"wp:featuredmedia":[{"embeddable":true,"href":"https:\/\/concertacaoamazonia.com.br\/en\/wp-json\/wp\/v2\/media\/69706"}],"wp:attachment":[{"href":"https:\/\/concertacaoamazonia.com.br\/en\/wp-json\/wp\/v2\/media?parent=69705"}],"wp:term":[{"taxonomy":"veiculo","embeddable":true,"href":"https:\/\/concertacaoamazonia.com.br\/en\/wp-json\/wp\/v2\/veiculo?post=69705"},{"taxonomy":"categoria-estudos","embeddable":true,"href":"https:\/\/concertacaoamazonia.com.br\/en\/wp-json\/wp\/v2\/categoria-estudos?post=69705"},{"taxonomy":"ano","embeddable":true,"href":"https:\/\/concertacaoamazonia.com.br\/en\/wp-json\/wp\/v2\/ano?post=69705"},{"taxonomy":"eixos","embeddable":true,"href":"https:\/\/concertacaoamazonia.com.br\/en\/wp-json\/wp\/v2\/eixos?post=69705"}],"curies":[{"name":"wp","href":"https:\/\/api.w.org\/{rel}","templated":true}]}}

Guia de Comunicação para a Comercialização Justa de Alimentos Agroecológicos

<p>Saiba como a comunicação pode exercer um papel pedagógico junto aos consumidores, no sentido de promover a conscientização sobre maneiras mais éticas, sustentáveis e saudáveis para se relacionar com a comida. A publicação propõe um pequeno roteiro para uma estratégia de comunicação que não seja apenas eficiente, mas também que seja consistente e alinhada com o perfil das organizações de comércio justo.</p>
