{"id":69631,"date":"2025-03-21T11:53:44","date_gmt":"2025-03-21T14:53:44","guid":{"rendered":"https:\/\/concertacaoamazonia.com.br\/?post_type=estudos&#038;p=69631"},"modified":"2025-04-29T09:58:22","modified_gmt":"2025-04-29T12:58:22","slug":"o-impacto-da-regularizacao-fundiaria-na-economia-verde","status":"publish","type":"estudos","link":"https:\/\/concertacaoamazonia.com.br\/en\/estudos\/o-impacto-da-regularizacao-fundiaria-na-economia-verde\/","title":{"rendered":"O impacto da regulariza\u00e7\u00e3o fundi\u00e1ria na economia verde"},"content":{"rendered":"\n<p>O estudo verificou a exist\u00eancia de 57 mil propriedades fora dos sistemas do INCRA, o que resulta em mais de 9,9 milh\u00f5es de hectares de terras sem cadastro. Quando somadas \u00e0s \u00e1reas j\u00e1 registradas no Sigef (Sistema Nacional de Gest\u00e3o Fundi\u00e1ria), o total ultrapassa 25 milh\u00f5es de hectares de terras p\u00fablicas ocupadas sem regulariza\u00e7\u00e3o. Destaco a an\u00e1lise do documento: &#8220;Com quase 50% das emiss\u00f5es de gases de efeito estufa associadas a mudan\u00e7as no uso da terra, \u00e9 fundamental discutir como a promo\u00e7\u00e3o de uma bioeconomia sustent\u00e1vel pode transformar a realidade amaz\u00f4nica e garantir um futuro mais verde e justo.&#8221;<\/p>\n","protected":false},"featured_media":69633,"parent":0,"template":"","veiculo":[804,2207],"categoria-estudos":[],"ano":[2224],"eixos":[1148,604,180,2013,175],"class_list":["post-69631","estudos","type-estudos","status-publish","has-post-thumbnail","hentry","veiculo-ipam","veiculo-stanford-social-innovation-review-brasil"],"_links":{"self":[{"href":"https:\/\/concertacaoamazonia.com.br\/en\/wp-json\/wp\/v2\/estudos\/69631","targetHints":{"allow":["GET"]}}],"collection":[{"href":"https:\/\/concertacaoamazonia.com.br\/en\/wp-json\/wp\/v2\/estudos"}],"about":[{"href":"https:\/\/concertacaoamazonia.com.br\/en\/wp-json\/wp\/v2\/types\/estudos"}],"version-history":[{"count":0,"href":"https:\/\/concertacaoamazonia.com.br\/en\/wp-json\/wp\/v2\/estudos\/69631\/revisions"}],"wp:featuredmedia":[{"embeddable":true,"href":"https:\/\/concertacaoamazonia.com.br\/en\/wp-json\/wp\/v2\/media\/69633"}],"wp:attachment":[{"href":"https:\/\/concertacaoamazonia.com.br\/en\/wp-json\/wp\/v2\/media?parent=69631"}],"wp:term":[{"taxonomy":"veiculo","embeddable":true,"href":"https:\/\/concertacaoamazonia.com.br\/en\/wp-json\/wp\/v2\/veiculo?post=69631"},{"taxonomy":"categoria-estudos","embeddable":true,"href":"https:\/\/concertacaoamazonia.com.br\/en\/wp-json\/wp\/v2\/categoria-estudos?post=69631"},{"taxonomy":"ano","embeddable":true,"href":"https:\/\/concertacaoamazonia.com.br\/en\/wp-json\/wp\/v2\/ano?post=69631"},{"taxonomy":"eixos","embeddable":true,"href":"https:\/\/concertacaoamazonia.com.br\/en\/wp-json\/wp\/v2\/eixos?post=69631"}],"curies":[{"name":"wp","href":"https:\/\/api.w.org\/{rel}","templated":true}]}}

O impacto da regularização fundiária na economia verde

<p>O estudo verificou a existência de 57 mil propriedades fora dos sistemas do INCRA, o que resulta em mais de 9,9 milhões de hectares de terras sem cadastro. Quando somadas às áreas já registradas no Sigef (Sistema Nacional de Gestão Fundiária), o total ultrapassa 25 milhões de hectares de terras públicas ocupadas sem regularização. Destaco a análise do documento: &#8220;Com quase 50% das emissões de gases de efeito estufa associadas a mudanças no uso da terra, é fundamental discutir como a promoção de uma bioeconomia sustentável pode transformar a realidade amazônica e garantir um futuro mais verde e justo.&#8221;</p>
