{"id":69459,"date":"2025-03-14T14:59:17","date_gmt":"2025-03-14T17:59:17","guid":{"rendered":"https:\/\/concertacaoamazonia.com.br\/?post_type=estudos&#038;p=69459"},"modified":"2025-03-14T14:59:25","modified_gmt":"2025-03-14T17:59:25","slug":"informativo-policy-brief-monitoramento-e-protecao","status":"publish","type":"estudos","link":"https:\/\/concertacaoamazonia.com.br\/en\/estudos\/informativo-policy-brief-monitoramento-e-protecao\/","title":{"rendered":"Informativo: Policy Brief Monitoramento e Prote\u00e7\u00e3o"},"content":{"rendered":"\n<p>A elabora\u00e7\u00e3o destes policy briefs foi subsidiada pela experi\u00eancia do LIRA \u2013 Legado Integrado da Regi\u00e3o Amaz\u00f4nica, uma iniciativa do IP\u00ca &#8211; Instituto de Pesquisas Ecol\u00f3gicas. Os documentos refletem uma vis\u00e3o constru\u00edda coletivamente, junto a diversos atores que vivem e pensam a Amaz\u00f4nia. Contribui\u00e7\u00f5es importantes foram geradas a partir das discuss\u00f5es feitas em novembro de 2023, durante o Semin\u00e1rio Legado Amaz\u00f4nico, que reuniu 77 organiza\u00e7\u00f5es locais de base (ind\u00edgenas, extrativistas, cooperativas), 40 organiza\u00e7\u00f5es da sociedade civil, 13 institui\u00e7\u00f5es de governo (federais e estaduais), cinco redes\/movimentos sociais (extrativistas, ind\u00edgenas e quilombolas), 10 organiza\u00e7\u00f5es com fundos de financiamento, 10 organismos internacionais, 15 institui\u00e7\u00f5es de pesquisa e 10 empresas \u2013 todos engajados na conserva\u00e7\u00e3o do bioma.<\/p>\n","protected":false},"featured_media":69463,"parent":0,"template":"","veiculo":[2247],"categoria-estudos":[],"ano":[2224],"eixos":[1148,604,178,172,2013,175],"class_list":["post-69459","estudos","type-estudos","status-publish","has-post-thumbnail","hentry","veiculo-lira-legado-integrado-da-regiao-amazonica-uma-iniciativa-do-ipe-instituto-de-pesquisas-ecologicas"],"_links":{"self":[{"href":"https:\/\/concertacaoamazonia.com.br\/en\/wp-json\/wp\/v2\/estudos\/69459","targetHints":{"allow":["GET"]}}],"collection":[{"href":"https:\/\/concertacaoamazonia.com.br\/en\/wp-json\/wp\/v2\/estudos"}],"about":[{"href":"https:\/\/concertacaoamazonia.com.br\/en\/wp-json\/wp\/v2\/types\/estudos"}],"version-history":[{"count":0,"href":"https:\/\/concertacaoamazonia.com.br\/en\/wp-json\/wp\/v2\/estudos\/69459\/revisions"}],"wp:featuredmedia":[{"embeddable":true,"href":"https:\/\/concertacaoamazonia.com.br\/en\/wp-json\/wp\/v2\/media\/69463"}],"wp:attachment":[{"href":"https:\/\/concertacaoamazonia.com.br\/en\/wp-json\/wp\/v2\/media?parent=69459"}],"wp:term":[{"taxonomy":"veiculo","embeddable":true,"href":"https:\/\/concertacaoamazonia.com.br\/en\/wp-json\/wp\/v2\/veiculo?post=69459"},{"taxonomy":"categoria-estudos","embeddable":true,"href":"https:\/\/concertacaoamazonia.com.br\/en\/wp-json\/wp\/v2\/categoria-estudos?post=69459"},{"taxonomy":"ano","embeddable":true,"href":"https:\/\/concertacaoamazonia.com.br\/en\/wp-json\/wp\/v2\/ano?post=69459"},{"taxonomy":"eixos","embeddable":true,"href":"https:\/\/concertacaoamazonia.com.br\/en\/wp-json\/wp\/v2\/eixos?post=69459"}],"curies":[{"name":"wp","href":"https:\/\/api.w.org\/{rel}","templated":true}]}}

Informativo: Policy Brief Monitoramento e Proteção

<p>A elaboração destes policy briefs foi subsidiada pela experiência do LIRA – Legado Integrado da Região Amazônica, uma iniciativa do IPÊ &#8211; Instituto de Pesquisas Ecológicas. Os documentos refletem uma visão construída coletivamente, junto a diversos atores que vivem e pensam a Amazônia. Contribuições importantes foram geradas a partir das discussões feitas em novembro de 2023, durante o Seminário Legado Amazônico, que reuniu 77 organizações locais de base (indígenas, extrativistas, cooperativas), 40 organizações da sociedade civil, 13 instituições de governo (federais e estaduais), cinco redes/movimentos sociais (extrativistas, indígenas e quilombolas), 10 organizações com fundos de financiamento, 10 organismos internacionais, 15 instituições de pesquisa e 10 empresas – todos engajados na conservação do bioma.</p>
