{"id":66448,"date":"2025-02-21T08:34:02","date_gmt":"2025-02-21T11:34:02","guid":{"rendered":"https:\/\/concertacaoamazonia.com.br\/?post_type=estudos&#038;p=66448"},"modified":"2025-02-21T08:34:06","modified_gmt":"2025-02-21T11:34:06","slug":"a-violencia-contra-mulheres-na-amazonia-legal-nos-ultimos-cinco-anos","status":"publish","type":"estudos","link":"https:\/\/concertacaoamazonia.com.br\/en\/estudos\/a-violencia-contra-mulheres-na-amazonia-legal-nos-ultimos-cinco-anos\/","title":{"rendered":"A Viol\u00eancia Contra Mulheres na Amaz\u00f4nia Legal nos \u00daltimos Cinco Anos"},"content":{"rendered":"\n<p>Considerando a desproporcionalidade da vitimiza\u00e7\u00e3o feminina em todas as formas de viol\u00eancia n\u00e3o letais \u2013 que muitas vezes n\u00e3o recebem a aten\u00e7\u00e3o necess\u00e1ria na formula\u00e7\u00e3o de pol\u00edticas p\u00fablicas e nos debates sobre o tema \u2013 constantemente marcados pela falta de padroniza\u00e7\u00e3o e confiabilidade nas fontes de dados \u2013, a plataforma EVA e as produ\u00e7\u00f5es que dela derivam buscam contribuir com a sistematiza\u00e7\u00e3o e an\u00e1lise de dados. O objetivo \u00e9 mapear e entender os padr\u00f5es das viol\u00eancias contra mulheres, fornecendo subs\u00eddios para o planejamento de pol\u00edticas p\u00fablicas baseadas em evid\u00eancias, capazes de modificar a realidade adversa. Este relat\u00f3rio faz parte dessa contribui\u00e7\u00e3o e apresenta o cen\u00e1rio da viol\u00eancia contra mulheres na Amaz\u00f4nia nos \u00faltimos cinco anos.<\/p>\n","protected":false},"featured_media":66451,"parent":0,"template":"","veiculo":[810],"categoria-estudos":[],"ano":[2224],"eixos":[1148,598,177],"class_list":["post-66448","estudos","type-estudos","status-publish","has-post-thumbnail","hentry","veiculo-instituto-igarape"],"_links":{"self":[{"href":"https:\/\/concertacaoamazonia.com.br\/en\/wp-json\/wp\/v2\/estudos\/66448","targetHints":{"allow":["GET"]}}],"collection":[{"href":"https:\/\/concertacaoamazonia.com.br\/en\/wp-json\/wp\/v2\/estudos"}],"about":[{"href":"https:\/\/concertacaoamazonia.com.br\/en\/wp-json\/wp\/v2\/types\/estudos"}],"version-history":[{"count":0,"href":"https:\/\/concertacaoamazonia.com.br\/en\/wp-json\/wp\/v2\/estudos\/66448\/revisions"}],"wp:featuredmedia":[{"embeddable":true,"href":"https:\/\/concertacaoamazonia.com.br\/en\/wp-json\/wp\/v2\/media\/66451"}],"wp:attachment":[{"href":"https:\/\/concertacaoamazonia.com.br\/en\/wp-json\/wp\/v2\/media?parent=66448"}],"wp:term":[{"taxonomy":"veiculo","embeddable":true,"href":"https:\/\/concertacaoamazonia.com.br\/en\/wp-json\/wp\/v2\/veiculo?post=66448"},{"taxonomy":"categoria-estudos","embeddable":true,"href":"https:\/\/concertacaoamazonia.com.br\/en\/wp-json\/wp\/v2\/categoria-estudos?post=66448"},{"taxonomy":"ano","embeddable":true,"href":"https:\/\/concertacaoamazonia.com.br\/en\/wp-json\/wp\/v2\/ano?post=66448"},{"taxonomy":"eixos","embeddable":true,"href":"https:\/\/concertacaoamazonia.com.br\/en\/wp-json\/wp\/v2\/eixos?post=66448"}],"curies":[{"name":"wp","href":"https:\/\/api.w.org\/{rel}","templated":true}]}}

A Violência Contra Mulheres na Amazônia Legal nos Últimos Cinco Anos

<p>Considerando a desproporcionalidade da vitimização feminina em todas as formas de violência não letais – que muitas vezes não recebem a atenção necessária na formulação de políticas públicas e nos debates sobre o tema – constantemente marcados pela falta de padronização e confiabilidade nas fontes de dados –, a plataforma EVA e as produções que dela derivam buscam contribuir com a sistematização e análise de dados. O objetivo é mapear e entender os padrões das violências contra mulheres, fornecendo subsídios para o planejamento de políticas públicas baseadas em evidências, capazes de modificar a realidade adversa. Este relatório faz parte dessa contribuição e apresenta o cenário da violência contra mulheres na Amazônia nos últimos cinco anos.</p>
