{"id":66427,"date":"2025-02-19T17:52:24","date_gmt":"2025-02-19T20:52:24","guid":{"rendered":"https:\/\/concertacaoamazonia.com.br\/?post_type=estudos&#038;p=66427"},"modified":"2025-02-19T17:58:49","modified_gmt":"2025-02-19T20:58:49","slug":"3o-festival-de-investimentos-de-impacto-e-negocios-sustentaveis-na-amazonia","status":"publish","type":"estudos","link":"https:\/\/concertacaoamazonia.com.br\/en\/estudos\/3o-festival-de-investimentos-de-impacto-e-negocios-sustentaveis-na-amazonia\/","title":{"rendered":"3\u00ba festival de investimentos de impacto e neg\u00f3cios sustent\u00e1veis na Amaz\u00f4nia"},"content":{"rendered":"\n<p>Entre os dias 22, 23 e 24 de outubro de 2024, Manaus, capital do estado do Amazonas, sediou a terceira edi\u00e7\u00e3o do Festival de Investimentos de Impacto e Neg\u00f3cios Sustent\u00e1veis na Amaz\u00f4nia. Empreendedores, investidores, organiza\u00e7\u00f5es da sociedade civil e outros atores que integram o ecossistema de impacto na regi\u00e3o estiveram juntos para debater caminhos, oportunidades e desafios para o desenvolvimento do ecossistema de impacto amaz\u00f4nico, a bioeconomia e o futuro da maior floresta tropical do planeta. A proposta do FIINSA \u00e9 reunir o estado da arte das discuss\u00f5es sobre o futuro da regi\u00e3o em toda sua pluralidade geogr\u00e1fica, social, cultural e das in\u00fameras oportunidades de desenvolvimento alinhado \u00e0s potencialidades locais<\/p>\n","protected":false},"featured_media":66428,"parent":0,"template":"","veiculo":[806,2240],"categoria-estudos":[],"ano":[2224],"eixos":[1148,604,176,177],"class_list":["post-66427","estudos","type-estudos","status-publish","has-post-thumbnail","hentry","veiculo-idesam","veiculo-impact-hub-manaus"],"_links":{"self":[{"href":"https:\/\/concertacaoamazonia.com.br\/en\/wp-json\/wp\/v2\/estudos\/66427","targetHints":{"allow":["GET"]}}],"collection":[{"href":"https:\/\/concertacaoamazonia.com.br\/en\/wp-json\/wp\/v2\/estudos"}],"about":[{"href":"https:\/\/concertacaoamazonia.com.br\/en\/wp-json\/wp\/v2\/types\/estudos"}],"version-history":[{"count":0,"href":"https:\/\/concertacaoamazonia.com.br\/en\/wp-json\/wp\/v2\/estudos\/66427\/revisions"}],"wp:featuredmedia":[{"embeddable":true,"href":"https:\/\/concertacaoamazonia.com.br\/en\/wp-json\/wp\/v2\/media\/66428"}],"wp:attachment":[{"href":"https:\/\/concertacaoamazonia.com.br\/en\/wp-json\/wp\/v2\/media?parent=66427"}],"wp:term":[{"taxonomy":"veiculo","embeddable":true,"href":"https:\/\/concertacaoamazonia.com.br\/en\/wp-json\/wp\/v2\/veiculo?post=66427"},{"taxonomy":"categoria-estudos","embeddable":true,"href":"https:\/\/concertacaoamazonia.com.br\/en\/wp-json\/wp\/v2\/categoria-estudos?post=66427"},{"taxonomy":"ano","embeddable":true,"href":"https:\/\/concertacaoamazonia.com.br\/en\/wp-json\/wp\/v2\/ano?post=66427"},{"taxonomy":"eixos","embeddable":true,"href":"https:\/\/concertacaoamazonia.com.br\/en\/wp-json\/wp\/v2\/eixos?post=66427"}],"curies":[{"name":"wp","href":"https:\/\/api.w.org\/{rel}","templated":true}]}}

3º festival de investimentos de impacto e negócios sustentáveis na Amazônia

<p>Entre os dias 22, 23 e 24 de outubro de 2024, Manaus, capital do estado do Amazonas, sediou a terceira edição do Festival de Investimentos de Impacto e Negócios Sustentáveis na Amazônia. Empreendedores, investidores, organizações da sociedade civil e outros atores que integram o ecossistema de impacto na região estiveram juntos para debater caminhos, oportunidades e desafios para o desenvolvimento do ecossistema de impacto amazônico, a bioeconomia e o futuro da maior floresta tropical do planeta. A proposta do FIINSA é reunir o estado da arte das discussões sobre o futuro da região em toda sua pluralidade geográfica, social, cultural e das inúmeras oportunidades de desenvolvimento alinhado às potencialidades locais</p>
