{"id":65043,"date":"2025-01-30T18:55:08","date_gmt":"2025-01-30T21:55:08","guid":{"rendered":"https:\/\/concertacaoamazonia.com.br\/?post_type=estudos&#038;p=65043"},"modified":"2026-05-01T00:44:18","modified_gmt":"2026-05-01T03:44:18","slug":"sumario-executivo-governanca-fundiaria-dos-estados-da-amazonia-legal","status":"publish","type":"estudos","link":"https:\/\/concertacaoamazonia.com.br\/en\/estudos\/sumario-executivo-governanca-fundiaria-dos-estados-da-amazonia-legal\/","title":{"rendered":"Sum\u00e1rio Executivo: Governan\u00e7a Fundi\u00e1ria Dos Estados Da Amaz\u00f4nia Legal"},"content":{"rendered":"\n<p>Este documento integra as atividades realizadas pela C\u00e2mara de Governan\u00e7a Fundi\u00e1ria no \u00e2mbito do Cons\u00f3rcio da Amaz\u00f4nia Legal e que visa a identifica\u00e7\u00e3o de cen\u00e1rios positivos na implementa\u00e7\u00e3o da pol\u00edtica fundi\u00e1ria na regi\u00e3o. O diagn\u00f3stico executado pelo Instituto de Pesquisa Ambiental da Amaz\u00f4nia (IPAM) com apoio financeiro da Ag\u00eancia Francesa de Desenvolvimento- AFD, Norad Puzzle e Fundo\u00a0 Vale. O estudo mapeia o ecossistema de governan\u00e7a fundi\u00e1ria regional, destacando os principais atores, suas intera\u00e7\u00f5es e os desafios que afetam a articula\u00e7\u00e3o interinstitucional.<\/p>\n\n\n\n<p><\/p>\n","protected":false},"featured_media":65046,"parent":0,"template":"","veiculo":[1969,804],"categoria-estudos":[],"ano":[2224],"eixos":[1148,2013],"class_list":["post-65043","estudos","type-estudos","status-publish","has-post-thumbnail","hentry","veiculo-consorcio-amazonia-legal","veiculo-ipam"],"_links":{"self":[{"href":"https:\/\/concertacaoamazonia.com.br\/en\/wp-json\/wp\/v2\/estudos\/65043","targetHints":{"allow":["GET"]}}],"collection":[{"href":"https:\/\/concertacaoamazonia.com.br\/en\/wp-json\/wp\/v2\/estudos"}],"about":[{"href":"https:\/\/concertacaoamazonia.com.br\/en\/wp-json\/wp\/v2\/types\/estudos"}],"version-history":[{"count":0,"href":"https:\/\/concertacaoamazonia.com.br\/en\/wp-json\/wp\/v2\/estudos\/65043\/revisions"}],"wp:featuredmedia":[{"embeddable":true,"href":"https:\/\/concertacaoamazonia.com.br\/en\/wp-json\/wp\/v2\/media\/65046"}],"wp:attachment":[{"href":"https:\/\/concertacaoamazonia.com.br\/en\/wp-json\/wp\/v2\/media?parent=65043"}],"wp:term":[{"taxonomy":"veiculo","embeddable":true,"href":"https:\/\/concertacaoamazonia.com.br\/en\/wp-json\/wp\/v2\/veiculo?post=65043"},{"taxonomy":"categoria-estudos","embeddable":true,"href":"https:\/\/concertacaoamazonia.com.br\/en\/wp-json\/wp\/v2\/categoria-estudos?post=65043"},{"taxonomy":"ano","embeddable":true,"href":"https:\/\/concertacaoamazonia.com.br\/en\/wp-json\/wp\/v2\/ano?post=65043"},{"taxonomy":"eixos","embeddable":true,"href":"https:\/\/concertacaoamazonia.com.br\/en\/wp-json\/wp\/v2\/eixos?post=65043"}],"curies":[{"name":"wp","href":"https:\/\/api.w.org\/{rel}","templated":true}]}}

Sumário Executivo: Governança Fundiária Dos Estados Da Amazônia Legal

<p>Este documento integra as atividades realizadas pela Câmara de Governança Fundiária no âmbito do Consórcio da Amazônia Legal e que visa a identificação de cenários positivos na implementação da política fundiária na região. O diagnóstico executado pelo Instituto de Pesquisa Ambiental da Amazônia (IPAM) com apoio financeiro da Agência Francesa de Desenvolvimento- AFD, Norad Puzzle e Fundo  Vale. O estudo mapeia o ecossistema de governança fundiária regional, destacando os principais atores, suas interações e os desafios que afetam a articulação interinstitucional.</p>



<p></p>
