{"id":64871,"date":"2025-01-29T16:59:58","date_gmt":"2025-01-29T19:59:58","guid":{"rendered":"https:\/\/concertacaoamazonia.com.br\/?post_type=estudos&#038;p=64871"},"modified":"2025-01-29T17:00:02","modified_gmt":"2025-01-29T20:00:02","slug":"a-valoracao-e-o-pagamento-por-servicos-socioambientais-na-reserva-extrativista-chico-mendes","status":"publish","type":"estudos","link":"https:\/\/concertacaoamazonia.com.br\/en\/estudos\/a-valoracao-e-o-pagamento-por-servicos-socioambientais-na-reserva-extrativista-chico-mendes\/","title":{"rendered":"A valora\u00e7\u00e3o e o pagamento por servi\u00e7os socioambientais na Reserva Extrativista Chico Mendes"},"content":{"rendered":"\n<p>De acordo com o relat\u00f3rio do Painel Internacional de Recursos (Unep, 2024) h\u00e1 tr\u00eas crises ambientais globais interligadas (mudan\u00e7a clim\u00e1tica, perda de biodiversidade e a polui\u00e7\u00e3o), cujo fio condutor \u00e9 o padr\u00e3o de produ\u00e7\u00e3o e consumo insustent\u00e1veis, levando a injusti\u00e7as socioambientais globais e locais. O objetivo do presente trabalho \u00e9 realizar uma valora\u00e7\u00e3o socioambiental econ\u00f4mico-ecol\u00f3gica dos principais produtos extrativistas, tendo como par\u00e2metro um \u00edndice de pre\u00e7os baseado na reprodu\u00e7\u00e3o social b\u00e1sica das fam\u00edlias da RESEX no per\u00edodo de 2021\/2022. Os resultados indicam a aceitabilidade da valora\u00e7\u00e3o socioambiental da borracha nativa e da castanha-do-Brasil, pois podem garantir a conserva\u00e7\u00e3o ambiental, melhorar o bem-estar das fam\u00edlias com renda adequada para sua reprodu\u00e7\u00e3o social, al\u00e9m da valora\u00e7\u00e3o de atributos fora do mercado e auxiliando na luta contra novas expropria\u00e7\u00f5es ou cercamentos das fam\u00edlias rurais na regi\u00e3o amaz\u00f4nica.\u00a0<\/p>\n","protected":false},"featured_media":64874,"parent":0,"template":"","veiculo":[2118],"categoria-estudos":[],"ano":[2224],"eixos":[1148,604,174],"class_list":["post-64871","estudos","type-estudos","status-publish","has-post-thumbnail","hentry","veiculo-instituto-socioambiental"],"_links":{"self":[{"href":"https:\/\/concertacaoamazonia.com.br\/en\/wp-json\/wp\/v2\/estudos\/64871","targetHints":{"allow":["GET"]}}],"collection":[{"href":"https:\/\/concertacaoamazonia.com.br\/en\/wp-json\/wp\/v2\/estudos"}],"about":[{"href":"https:\/\/concertacaoamazonia.com.br\/en\/wp-json\/wp\/v2\/types\/estudos"}],"version-history":[{"count":0,"href":"https:\/\/concertacaoamazonia.com.br\/en\/wp-json\/wp\/v2\/estudos\/64871\/revisions"}],"wp:featuredmedia":[{"embeddable":true,"href":"https:\/\/concertacaoamazonia.com.br\/en\/wp-json\/wp\/v2\/media\/64874"}],"wp:attachment":[{"href":"https:\/\/concertacaoamazonia.com.br\/en\/wp-json\/wp\/v2\/media?parent=64871"}],"wp:term":[{"taxonomy":"veiculo","embeddable":true,"href":"https:\/\/concertacaoamazonia.com.br\/en\/wp-json\/wp\/v2\/veiculo?post=64871"},{"taxonomy":"categoria-estudos","embeddable":true,"href":"https:\/\/concertacaoamazonia.com.br\/en\/wp-json\/wp\/v2\/categoria-estudos?post=64871"},{"taxonomy":"ano","embeddable":true,"href":"https:\/\/concertacaoamazonia.com.br\/en\/wp-json\/wp\/v2\/ano?post=64871"},{"taxonomy":"eixos","embeddable":true,"href":"https:\/\/concertacaoamazonia.com.br\/en\/wp-json\/wp\/v2\/eixos?post=64871"}],"curies":[{"name":"wp","href":"https:\/\/api.w.org\/{rel}","templated":true}]}}

A valoração e o pagamento por serviços socioambientais na Reserva Extrativista Chico Mendes

<p>De acordo com o relatório do Painel Internacional de Recursos (Unep, 2024) há três crises ambientais globais interligadas (mudança climática, perda de biodiversidade e a poluição), cujo fio condutor é o padrão de produção e consumo insustentáveis, levando a injustiças socioambientais globais e locais. O objetivo do presente trabalho é realizar uma valoração socioambiental econômico-ecológica dos principais produtos extrativistas, tendo como parâmetro um índice de preços baseado na reprodução social básica das famílias da RESEX no período de 2021/2022. Os resultados indicam a aceitabilidade da valoração socioambiental da borracha nativa e da castanha-do-Brasil, pois podem garantir a conservação ambiental, melhorar o bem-estar das famílias com renda adequada para sua reprodução social, além da valoração de atributos fora do mercado e auxiliando na luta contra novas expropriações ou cercamentos das famílias rurais na região amazônica. </p>
