{"id":64865,"date":"2025-01-29T16:53:51","date_gmt":"2025-01-29T19:53:51","guid":{"rendered":"https:\/\/concertacaoamazonia.com.br\/?post_type=estudos&#038;p=64865"},"modified":"2025-01-29T16:53:53","modified_gmt":"2025-01-29T19:53:53","slug":"desmatamento-em-terras-indigenas-na-amazonia-e-cerrado-prodes-2024","status":"publish","type":"estudos","link":"https:\/\/concertacaoamazonia.com.br\/en\/estudos\/desmatamento-em-terras-indigenas-na-amazonia-e-cerrado-prodes-2024\/","title":{"rendered":"Desmatamento em Terras Ind\u00edgenas na Amaz\u00f4nia e Cerrado &#8211; Prodes 2024"},"content":{"rendered":"\n<p>O Instituto Nacional de Pesquisas Espaciais (Inpe) apresentou os dados estimados do Projeto de Monitoramento do Desmatamento na Amaz\u00f4nia Legal por Sat\u00e9lite (Prodes) para a Amaz\u00f4nia Legal, e o resultado consolidado para o bioma Cerrado. Os dados se referem ao per\u00edodo de agosto de 2023 a julho de 2024. Este relat\u00f3rio apresenta uma an\u00e1lise do desmatamento nos biomas Amaz\u00f4nia e Cerrado e os principais destaques de supress\u00e3o de vegeta\u00e7\u00e3o nativa em Terras Ind\u00edgenas.\u00a0<\/p>\n","protected":false},"featured_media":64868,"parent":0,"template":"","veiculo":[2118],"categoria-estudos":[],"ano":[2224],"eixos":[1148,180,598],"class_list":["post-64865","estudos","type-estudos","status-publish","has-post-thumbnail","hentry","veiculo-instituto-socioambiental"],"_links":{"self":[{"href":"https:\/\/concertacaoamazonia.com.br\/en\/wp-json\/wp\/v2\/estudos\/64865","targetHints":{"allow":["GET"]}}],"collection":[{"href":"https:\/\/concertacaoamazonia.com.br\/en\/wp-json\/wp\/v2\/estudos"}],"about":[{"href":"https:\/\/concertacaoamazonia.com.br\/en\/wp-json\/wp\/v2\/types\/estudos"}],"version-history":[{"count":0,"href":"https:\/\/concertacaoamazonia.com.br\/en\/wp-json\/wp\/v2\/estudos\/64865\/revisions"}],"wp:featuredmedia":[{"embeddable":true,"href":"https:\/\/concertacaoamazonia.com.br\/en\/wp-json\/wp\/v2\/media\/64868"}],"wp:attachment":[{"href":"https:\/\/concertacaoamazonia.com.br\/en\/wp-json\/wp\/v2\/media?parent=64865"}],"wp:term":[{"taxonomy":"veiculo","embeddable":true,"href":"https:\/\/concertacaoamazonia.com.br\/en\/wp-json\/wp\/v2\/veiculo?post=64865"},{"taxonomy":"categoria-estudos","embeddable":true,"href":"https:\/\/concertacaoamazonia.com.br\/en\/wp-json\/wp\/v2\/categoria-estudos?post=64865"},{"taxonomy":"ano","embeddable":true,"href":"https:\/\/concertacaoamazonia.com.br\/en\/wp-json\/wp\/v2\/ano?post=64865"},{"taxonomy":"eixos","embeddable":true,"href":"https:\/\/concertacaoamazonia.com.br\/en\/wp-json\/wp\/v2\/eixos?post=64865"}],"curies":[{"name":"wp","href":"https:\/\/api.w.org\/{rel}","templated":true}]}}

Desmatamento em Terras Indígenas na Amazônia e Cerrado &#8211; Prodes 2024

<p>O Instituto Nacional de Pesquisas Espaciais (Inpe) apresentou os dados estimados do Projeto de Monitoramento do Desmatamento na Amazônia Legal por Satélite (Prodes) para a Amazônia Legal, e o resultado consolidado para o bioma Cerrado. Os dados se referem ao período de agosto de 2023 a julho de 2024. Este relatório apresenta uma análise do desmatamento nos biomas Amazônia e Cerrado e os principais destaques de supressão de vegetação nativa em Terras Indígenas. </p>
