{"id":64595,"date":"2025-01-21T12:54:46","date_gmt":"2025-01-21T15:54:46","guid":{"rendered":"https:\/\/concertacaoamazonia.com.br\/?post_type=estudos&#038;p=64595"},"modified":"2025-01-28T18:25:15","modified_gmt":"2025-01-28T21:25:15","slug":"mudanca-do-clima-no-brasil-sintese-atualizada-e-perspectivas-para-decisoes-estrategicas","status":"publish","type":"estudos","link":"https:\/\/concertacaoamazonia.com.br\/en\/estudos\/mudanca-do-clima-no-brasil-sintese-atualizada-e-perspectivas-para-decisoes-estrategicas\/","title":{"rendered":"Mudan\u00e7a do clima no Brasil: S\u00edntese atualizada e perspectivas para decis\u00f5es estrat\u00e9gicas"},"content":{"rendered":"\n<p>Este documento parte da s\u00edntese dos aspectos relevantes ao Brasil contidos no 6\u00ba Relat\u00f3rio de Avalia\u00e7\u00e3o (AR6) do Painel Intergovernamental sobre Mudan\u00e7a do Clima (IPCC) e avan\u00e7a, em v\u00e1rios aspectos, para o mais atual conhecimento acerca do desafio que a mudan\u00e7a do clima representa para o Brasil.\u00a0<\/p>\n","protected":false},"featured_media":64596,"parent":0,"template":"","veiculo":[2233,2231,2232,2112],"categoria-estudos":[],"ano":[2224],"eixos":[1148,184],"class_list":["post-64595","estudos","type-estudos","status-publish","has-post-thumbnail","hentry","veiculo-instituto-alana","veiculo-ministerio-da-ciencia","veiculo-tecnologia-e-inovacao","veiculo-wwf"],"_links":{"self":[{"href":"https:\/\/concertacaoamazonia.com.br\/en\/wp-json\/wp\/v2\/estudos\/64595","targetHints":{"allow":["GET"]}}],"collection":[{"href":"https:\/\/concertacaoamazonia.com.br\/en\/wp-json\/wp\/v2\/estudos"}],"about":[{"href":"https:\/\/concertacaoamazonia.com.br\/en\/wp-json\/wp\/v2\/types\/estudos"}],"version-history":[{"count":0,"href":"https:\/\/concertacaoamazonia.com.br\/en\/wp-json\/wp\/v2\/estudos\/64595\/revisions"}],"wp:featuredmedia":[{"embeddable":true,"href":"https:\/\/concertacaoamazonia.com.br\/en\/wp-json\/wp\/v2\/media\/64596"}],"wp:attachment":[{"href":"https:\/\/concertacaoamazonia.com.br\/en\/wp-json\/wp\/v2\/media?parent=64595"}],"wp:term":[{"taxonomy":"veiculo","embeddable":true,"href":"https:\/\/concertacaoamazonia.com.br\/en\/wp-json\/wp\/v2\/veiculo?post=64595"},{"taxonomy":"categoria-estudos","embeddable":true,"href":"https:\/\/concertacaoamazonia.com.br\/en\/wp-json\/wp\/v2\/categoria-estudos?post=64595"},{"taxonomy":"ano","embeddable":true,"href":"https:\/\/concertacaoamazonia.com.br\/en\/wp-json\/wp\/v2\/ano?post=64595"},{"taxonomy":"eixos","embeddable":true,"href":"https:\/\/concertacaoamazonia.com.br\/en\/wp-json\/wp\/v2\/eixos?post=64595"}],"curies":[{"name":"wp","href":"https:\/\/api.w.org\/{rel}","templated":true}]}}

Mudança do clima no Brasil: Síntese atualizada e perspectivas para decisões estratégicas

<p>Este documento parte da síntese dos aspectos relevantes ao Brasil contidos no 6º Relatório de Avaliação (AR6) do Painel Intergovernamental sobre Mudança do Clima (IPCC) e avança, em vários aspectos, para o mais atual conhecimento acerca do desafio que a mudança do clima representa para o Brasil. </p>
