{"id":64569,"date":"2025-01-20T14:47:12","date_gmt":"2025-01-20T17:47:12","guid":{"rendered":"https:\/\/concertacaoamazonia.com.br\/?post_type=estudos&#038;p=64569"},"modified":"2025-01-28T18:25:15","modified_gmt":"2025-01-28T21:25:15","slug":"cultura-e-clima","status":"publish","type":"estudos","link":"https:\/\/concertacaoamazonia.com.br\/en\/estudos\/cultura-e-clima\/","title":{"rendered":"Cultura e Clima"},"content":{"rendered":"\n<p>O relat\u00f3rio \u201cCultura e Clima\u201d nasce da necessidade de integrar a cultura brasileira \u00e0 agenda clim\u00e1tica global. A pesquisa traz o que h\u00e1 de mais atual para promover a integra\u00e7\u00e3o das agendas.<\/p>\n","protected":false},"featured_media":64572,"parent":0,"template":"","veiculo":[2069,2227,2226],"categoria-estudos":[],"ano":[2224],"eixos":[1148,178],"class_list":["post-64569","estudos","type-estudos","status-publish","has-post-thumbnail","hentry","veiculo-c-de-cultura","veiculo-instituto-veredas","veiculo-outra-onda-conteudo"],"_links":{"self":[{"href":"https:\/\/concertacaoamazonia.com.br\/en\/wp-json\/wp\/v2\/estudos\/64569","targetHints":{"allow":["GET"]}}],"collection":[{"href":"https:\/\/concertacaoamazonia.com.br\/en\/wp-json\/wp\/v2\/estudos"}],"about":[{"href":"https:\/\/concertacaoamazonia.com.br\/en\/wp-json\/wp\/v2\/types\/estudos"}],"version-history":[{"count":0,"href":"https:\/\/concertacaoamazonia.com.br\/en\/wp-json\/wp\/v2\/estudos\/64569\/revisions"}],"wp:featuredmedia":[{"embeddable":true,"href":"https:\/\/concertacaoamazonia.com.br\/en\/wp-json\/wp\/v2\/media\/64572"}],"wp:attachment":[{"href":"https:\/\/concertacaoamazonia.com.br\/en\/wp-json\/wp\/v2\/media?parent=64569"}],"wp:term":[{"taxonomy":"veiculo","embeddable":true,"href":"https:\/\/concertacaoamazonia.com.br\/en\/wp-json\/wp\/v2\/veiculo?post=64569"},{"taxonomy":"categoria-estudos","embeddable":true,"href":"https:\/\/concertacaoamazonia.com.br\/en\/wp-json\/wp\/v2\/categoria-estudos?post=64569"},{"taxonomy":"ano","embeddable":true,"href":"https:\/\/concertacaoamazonia.com.br\/en\/wp-json\/wp\/v2\/ano?post=64569"},{"taxonomy":"eixos","embeddable":true,"href":"https:\/\/concertacaoamazonia.com.br\/en\/wp-json\/wp\/v2\/eixos?post=64569"}],"curies":[{"name":"wp","href":"https:\/\/api.w.org\/{rel}","templated":true}]}}

<p>O relatório “Cultura e Clima” nasce da necessidade de integrar a cultura brasileira à agenda climática global. A pesquisa traz o que há de mais atual para promover a integração das agendas.</p>
