{"id":64142,"date":"2024-12-10T18:29:33","date_gmt":"2024-12-10T21:29:33","guid":{"rendered":"https:\/\/concertacaoamazonia.com.br\/?post_type=estudos&#038;p=64142"},"modified":"2025-01-28T18:25:15","modified_gmt":"2025-01-28T21:25:15","slug":"nota-tecnica-manutencao-das-terras-indigenas-e-fundamental-para-a-seguranca-hidrica-e-alimentar-em-grande-parte-do-brasil","status":"publish","type":"estudos","link":"https:\/\/concertacaoamazonia.com.br\/en\/estudos\/nota-tecnica-manutencao-das-terras-indigenas-e-fundamental-para-a-seguranca-hidrica-e-alimentar-em-grande-parte-do-brasil\/","title":{"rendered":"Nota t\u00e9cnica: Manuten\u00e7\u00e3o das Terras Ind\u00edgenas \u00e9 fundamental para a seguran\u00e7a h\u00eddrica e alimentar em grande parte do Brasil"},"content":{"rendered":"\n<p>As Terras Ind\u00edgenas da Amaz\u00f4nia influenciam as chuvas que abastecem 80% da \u00e1rea das atividades agropecu\u00e1rias no pa\u00eds, mostra um estudo in\u00e9dito. Conduzido por 10 cientistas e endossado por alguns dos maiores especialistas no tema no Brasil, ele aponta que a influ\u00eancia dessas chuvas na economia \u00e9 significativa: em 2021, a renda econ\u00f4mica do setor agr\u00edcola nas \u00e1reas mais beneficiadas por essa din\u00e2mica chegou a R$ 338 bilh\u00f5es \u2014 57% do total nacional. A conclus\u00e3o \u00e9 que o impacto da preserva\u00e7\u00e3o das TIs vai al\u00e9m do meio ambiente, destacando-se como pe\u00e7a-chave para a seguran\u00e7a h\u00eddrica, alimentar e econ\u00f4mica do Brasil.<\/p>\n","protected":false},"featured_media":64143,"parent":0,"template":"","veiculo":[2220],"categoria-estudos":[],"ano":[2075],"eixos":[1148,178,180,184],"class_list":["post-64142","estudos","type-estudos","status-publish","has-post-thumbnail","hentry","veiculo-instituto-serrapilheira"],"_links":{"self":[{"href":"https:\/\/concertacaoamazonia.com.br\/en\/wp-json\/wp\/v2\/estudos\/64142","targetHints":{"allow":["GET"]}}],"collection":[{"href":"https:\/\/concertacaoamazonia.com.br\/en\/wp-json\/wp\/v2\/estudos"}],"about":[{"href":"https:\/\/concertacaoamazonia.com.br\/en\/wp-json\/wp\/v2\/types\/estudos"}],"version-history":[{"count":0,"href":"https:\/\/concertacaoamazonia.com.br\/en\/wp-json\/wp\/v2\/estudos\/64142\/revisions"}],"wp:featuredmedia":[{"embeddable":true,"href":"https:\/\/concertacaoamazonia.com.br\/en\/wp-json\/wp\/v2\/media\/64143"}],"wp:attachment":[{"href":"https:\/\/concertacaoamazonia.com.br\/en\/wp-json\/wp\/v2\/media?parent=64142"}],"wp:term":[{"taxonomy":"veiculo","embeddable":true,"href":"https:\/\/concertacaoamazonia.com.br\/en\/wp-json\/wp\/v2\/veiculo?post=64142"},{"taxonomy":"categoria-estudos","embeddable":true,"href":"https:\/\/concertacaoamazonia.com.br\/en\/wp-json\/wp\/v2\/categoria-estudos?post=64142"},{"taxonomy":"ano","embeddable":true,"href":"https:\/\/concertacaoamazonia.com.br\/en\/wp-json\/wp\/v2\/ano?post=64142"},{"taxonomy":"eixos","embeddable":true,"href":"https:\/\/concertacaoamazonia.com.br\/en\/wp-json\/wp\/v2\/eixos?post=64142"}],"curies":[{"name":"wp","href":"https:\/\/api.w.org\/{rel}","templated":true}]}}

Nota técnica: Manutenção das Terras Indígenas é fundamental para a segurança hídrica e alimentar em grande parte do Brasil

<p>As Terras Indígenas da Amazônia influenciam as chuvas que abastecem 80% da área das atividades agropecuárias no país, mostra um estudo inédito. Conduzido por 10 cientistas e endossado por alguns dos maiores especialistas no tema no Brasil, ele aponta que a influência dessas chuvas na economia é significativa: em 2021, a renda econômica do setor agrícola nas áreas mais beneficiadas por essa dinâmica chegou a R$ 338 bilhões — 57% do total nacional. A conclusão é que o impacto da preservação das TIs vai além do meio ambiente, destacando-se como peça-chave para a segurança hídrica, alimentar e econômica do Brasil.</p>
