{"id":63998,"date":"2024-12-09T11:03:13","date_gmt":"2024-12-09T14:03:13","guid":{"rendered":"https:\/\/concertacaoamazonia.com.br\/?post_type=estudos&#038;p=63998"},"modified":"2025-04-04T15:21:07","modified_gmt":"2025-04-04T18:21:07","slug":"propostas-para-as-amazonias-vol-2","status":"publish","type":"estudos","link":"https:\/\/concertacaoamazonia.com.br\/en\/estudos\/propostas-para-as-amazonias-vol-2\/","title":{"rendered":"PROPOSTAS PARA AS AMAZ\u00d4NIAS &#8211; Vol. 2"},"content":{"rendered":"\n<p>O volume 2 de \u201cPropostas para as Amaz\u00f4nias\u201d promove um di\u00e1logo entre saberes e apresenta um aprofundamento em seis novos temas centrais para impulsionar o desenvolvimento estrat\u00e9gico da regi\u00e3o<\/p>\n","protected":false},"featured_media":64070,"parent":0,"template":"","veiculo":[822],"categoria-estudos":[],"ano":[2075],"eixos":[],"class_list":["post-63998","estudos","type-estudos","status-publish","has-post-thumbnail","hentry","veiculo-concertacao"],"_links":{"self":[{"href":"https:\/\/concertacaoamazonia.com.br\/en\/wp-json\/wp\/v2\/estudos\/63998","targetHints":{"allow":["GET"]}}],"collection":[{"href":"https:\/\/concertacaoamazonia.com.br\/en\/wp-json\/wp\/v2\/estudos"}],"about":[{"href":"https:\/\/concertacaoamazonia.com.br\/en\/wp-json\/wp\/v2\/types\/estudos"}],"version-history":[{"count":0,"href":"https:\/\/concertacaoamazonia.com.br\/en\/wp-json\/wp\/v2\/estudos\/63998\/revisions"}],"wp:featuredmedia":[{"embeddable":true,"href":"https:\/\/concertacaoamazonia.com.br\/en\/wp-json\/wp\/v2\/media\/64070"}],"wp:attachment":[{"href":"https:\/\/concertacaoamazonia.com.br\/en\/wp-json\/wp\/v2\/media?parent=63998"}],"wp:term":[{"taxonomy":"veiculo","embeddable":true,"href":"https:\/\/concertacaoamazonia.com.br\/en\/wp-json\/wp\/v2\/veiculo?post=63998"},{"taxonomy":"categoria-estudos","embeddable":true,"href":"https:\/\/concertacaoamazonia.com.br\/en\/wp-json\/wp\/v2\/categoria-estudos?post=63998"},{"taxonomy":"ano","embeddable":true,"href":"https:\/\/concertacaoamazonia.com.br\/en\/wp-json\/wp\/v2\/ano?post=63998"},{"taxonomy":"eixos","embeddable":true,"href":"https:\/\/concertacaoamazonia.com.br\/en\/wp-json\/wp\/v2\/eixos?post=63998"}],"curies":[{"name":"wp","href":"https:\/\/api.w.org\/{rel}","templated":true}]}}

PROPOSTAS PARA AS AMAZÔNIAS &#8211; Vol. 2

<p>O volume 2 de “Propostas para as Amazônias” promove um diálogo entre saberes e apresenta um aprofundamento em seis novos temas centrais para impulsionar o desenvolvimento estratégico da região</p>
