{"id":63846,"date":"2024-12-04T18:25:33","date_gmt":"2024-12-04T21:25:33","guid":{"rendered":"https:\/\/concertacaoamazonia.com.br\/?post_type=estudos&#038;p=63846"},"modified":"2025-01-28T18:22:28","modified_gmt":"2025-01-28T21:22:28","slug":"estudo-inedito-revela-o-potencial-da-bioeconomia-para-a-restauracao-na-amazonia","status":"publish","type":"estudos","link":"https:\/\/concertacaoamazonia.com.br\/en\/estudos\/estudo-inedito-revela-o-potencial-da-bioeconomia-para-a-restauracao-na-amazonia\/","title":{"rendered":"Estudo in\u00e9dito revela o potencial da bioeconomia para a restaura\u00e7\u00e3o na Amaz\u00f4nia"},"content":{"rendered":"\n<p>Qual a oportunidade real vinculada \u00e0 restaura\u00e7\u00e3o? Esse \u00e9 o tema central do estudo lan\u00e7ado nesta quarta-feira (27) a fim de ampliar a visibilidade de iniciativas de restaura\u00e7\u00e3o em andamento no bioma amaz\u00f4nico. Desenvolvido por meio da Alian\u00e7a pela Restaura\u00e7\u00e3o da Amaz\u00f4nia,\u00a0 por meio da consultoria especializada Proise e com apoio da The Nature Conservancy Brasil, que juntos atuam para a promo\u00e7\u00e3o de benef\u00edcios financeiros e bem-estar das comunidades tradicionais, integrando a bioeconomia aos elos da restaura\u00e7\u00e3o florestal na Amaz\u00f4nia brasileira.<\/p>\n","protected":false},"featured_media":63847,"parent":0,"template":"","veiculo":[805],"categoria-estudos":[],"ano":[2075],"eixos":[1148,604,174,176,177],"class_list":["post-63846","estudos","type-estudos","status-publish","has-post-thumbnail","hentry","veiculo-alianca-pela-restauracao-da-amazonia"],"_links":{"self":[{"href":"https:\/\/concertacaoamazonia.com.br\/en\/wp-json\/wp\/v2\/estudos\/63846","targetHints":{"allow":["GET"]}}],"collection":[{"href":"https:\/\/concertacaoamazonia.com.br\/en\/wp-json\/wp\/v2\/estudos"}],"about":[{"href":"https:\/\/concertacaoamazonia.com.br\/en\/wp-json\/wp\/v2\/types\/estudos"}],"version-history":[{"count":0,"href":"https:\/\/concertacaoamazonia.com.br\/en\/wp-json\/wp\/v2\/estudos\/63846\/revisions"}],"wp:featuredmedia":[{"embeddable":true,"href":"https:\/\/concertacaoamazonia.com.br\/en\/wp-json\/wp\/v2\/media\/63847"}],"wp:attachment":[{"href":"https:\/\/concertacaoamazonia.com.br\/en\/wp-json\/wp\/v2\/media?parent=63846"}],"wp:term":[{"taxonomy":"veiculo","embeddable":true,"href":"https:\/\/concertacaoamazonia.com.br\/en\/wp-json\/wp\/v2\/veiculo?post=63846"},{"taxonomy":"categoria-estudos","embeddable":true,"href":"https:\/\/concertacaoamazonia.com.br\/en\/wp-json\/wp\/v2\/categoria-estudos?post=63846"},{"taxonomy":"ano","embeddable":true,"href":"https:\/\/concertacaoamazonia.com.br\/en\/wp-json\/wp\/v2\/ano?post=63846"},{"taxonomy":"eixos","embeddable":true,"href":"https:\/\/concertacaoamazonia.com.br\/en\/wp-json\/wp\/v2\/eixos?post=63846"}],"curies":[{"name":"wp","href":"https:\/\/api.w.org\/{rel}","templated":true}]}}

Estudo inédito revela o potencial da bioeconomia para a restauração na Amazônia

<p>Qual a oportunidade real vinculada à restauração? Esse é o tema central do estudo lançado nesta quarta-feira (27) a fim de ampliar a visibilidade de iniciativas de restauração em andamento no bioma amazônico. Desenvolvido por meio da Aliança pela Restauração da Amazônia,  por meio da consultoria especializada Proise e com apoio da The Nature Conservancy Brasil, que juntos atuam para a promoção de benefícios financeiros e bem-estar das comunidades tradicionais, integrando a bioeconomia aos elos da restauração florestal na Amazônia brasileira.</p>
