{"id":63242,"date":"2024-11-12T11:01:27","date_gmt":"2024-11-12T14:01:27","guid":{"rendered":"https:\/\/concertacaoamazonia.com.br\/?post_type=estudos&#038;p=63242"},"modified":"2025-01-28T18:22:28","modified_gmt":"2025-01-28T21:22:28","slug":"policy-brief-desafios-e-perspectivas-do-monitoramento-da-qualidade-do-ar-na-amazonia-legal-uma-visao-integrada-entre-tecnologias-contextos-socioambientais-e-politicas-publicas","status":"publish","type":"estudos","link":"https:\/\/concertacaoamazonia.com.br\/en\/estudos\/policy-brief-desafios-e-perspectivas-do-monitoramento-da-qualidade-do-ar-na-amazonia-legal-uma-visao-integrada-entre-tecnologias-contextos-socioambientais-e-politicas-publicas\/","title":{"rendered":"Policy Brief \u2013 Desafios e perspectivas do monitoramento da qualidade do ar na Amaz\u00f4nia Legal: uma vis\u00e3o integrada entre tecnologias, contextos socioambientais e pol\u00edticas p\u00fablicas"},"content":{"rendered":"\n<p>O Policy Brief aborda o monitoramento da qualidade do ar na Amaz\u00f4nia Legal, com um panorama da polui\u00e7\u00e3o na regi\u00e3o e os impactos ambientais e de sa\u00fade causados pelas queimadas e pela expans\u00e3o agropecu\u00e1ria, e os desafios enfrentados na implementa\u00e7\u00e3o de sistemas de monitoramentos eficazes.<\/p>\n","protected":false},"featured_media":63243,"parent":0,"template":"","veiculo":[2213],"categoria-estudos":[],"ano":[2075],"eixos":[1148,187,172,184,175],"class_list":["post-63242","estudos","type-estudos","status-publish","has-post-thumbnail","hentry","veiculo-coalizao-respira-amazonia"],"_links":{"self":[{"href":"https:\/\/concertacaoamazonia.com.br\/en\/wp-json\/wp\/v2\/estudos\/63242","targetHints":{"allow":["GET"]}}],"collection":[{"href":"https:\/\/concertacaoamazonia.com.br\/en\/wp-json\/wp\/v2\/estudos"}],"about":[{"href":"https:\/\/concertacaoamazonia.com.br\/en\/wp-json\/wp\/v2\/types\/estudos"}],"version-history":[{"count":0,"href":"https:\/\/concertacaoamazonia.com.br\/en\/wp-json\/wp\/v2\/estudos\/63242\/revisions"}],"wp:featuredmedia":[{"embeddable":true,"href":"https:\/\/concertacaoamazonia.com.br\/en\/wp-json\/wp\/v2\/media\/63243"}],"wp:attachment":[{"href":"https:\/\/concertacaoamazonia.com.br\/en\/wp-json\/wp\/v2\/media?parent=63242"}],"wp:term":[{"taxonomy":"veiculo","embeddable":true,"href":"https:\/\/concertacaoamazonia.com.br\/en\/wp-json\/wp\/v2\/veiculo?post=63242"},{"taxonomy":"categoria-estudos","embeddable":true,"href":"https:\/\/concertacaoamazonia.com.br\/en\/wp-json\/wp\/v2\/categoria-estudos?post=63242"},{"taxonomy":"ano","embeddable":true,"href":"https:\/\/concertacaoamazonia.com.br\/en\/wp-json\/wp\/v2\/ano?post=63242"},{"taxonomy":"eixos","embeddable":true,"href":"https:\/\/concertacaoamazonia.com.br\/en\/wp-json\/wp\/v2\/eixos?post=63242"}],"curies":[{"name":"wp","href":"https:\/\/api.w.org\/{rel}","templated":true}]}}

Policy Brief – Desafios e perspectivas do monitoramento da qualidade do ar na Amazônia Legal: uma visão integrada entre tecnologias, contextos socioambientais e políticas públicas

<p>O Policy Brief aborda o monitoramento da qualidade do ar na Amazônia Legal, com um panorama da poluição na região e os impactos ambientais e de saúde causados pelas queimadas e pela expansão agropecuária, e os desafios enfrentados na implementação de sistemas de monitoramentos eficazes.</p>
