{"id":63147,"date":"2024-11-05T13:59:00","date_gmt":"2024-11-05T16:59:00","guid":{"rendered":"https:\/\/concertacaoamazonia.com.br\/?post_type=estudos&#038;p=63147"},"modified":"2025-01-28T18:22:28","modified_gmt":"2025-01-28T21:22:28","slug":"amazonia-em-perspectiva-uma-leitura-das-3-decadas-da-lei-rouanet","status":"publish","type":"estudos","link":"https:\/\/concertacaoamazonia.com.br\/en\/estudos\/amazonia-em-perspectiva-uma-leitura-das-3-decadas-da-lei-rouanet\/","title":{"rendered":"Amaz\u00f4nia em Perspectiva: uma leitura das 3 d\u00e9cadas da Lei Rouanet"},"content":{"rendered":"\n<p>A Lei Rouanet transformou o cen\u00e1rio de fomento \u00e0s diversas express\u00f5es culturais do Brasil. Com mais de tr\u00eas d\u00e9cadas, o mecanismo tem evolu\u00eddo ano ap\u00f3s ano, dialogando com din\u00e2micas de mercado e demandas da popula\u00e7\u00e3o. Os recursos captados pelo mecanismo de incentivo, contudo, se concentram na regi\u00e3o Sudeste e Sul, e proponentes da Amaz\u00f4nia Legal receberam apenas 1,7% do total de recursos mobilizados pela lei. Este estudo busca analisar o porqu\u00ea e quais os impactos desse fen\u00f4meno sobre as iniciativas culturais de regi\u00f5es como Norte, Centro-Oeste e Nordeste.<\/p>\n","protected":false},"featured_media":63150,"parent":0,"template":"","veiculo":[2208],"categoria-estudos":[],"ano":[2075],"eixos":[1148,178],"class_list":["post-63147","estudos","type-estudos","status-publish","has-post-thumbnail","hentry","veiculo-igapo"],"_links":{"self":[{"href":"https:\/\/concertacaoamazonia.com.br\/en\/wp-json\/wp\/v2\/estudos\/63147","targetHints":{"allow":["GET"]}}],"collection":[{"href":"https:\/\/concertacaoamazonia.com.br\/en\/wp-json\/wp\/v2\/estudos"}],"about":[{"href":"https:\/\/concertacaoamazonia.com.br\/en\/wp-json\/wp\/v2\/types\/estudos"}],"version-history":[{"count":0,"href":"https:\/\/concertacaoamazonia.com.br\/en\/wp-json\/wp\/v2\/estudos\/63147\/revisions"}],"wp:featuredmedia":[{"embeddable":true,"href":"https:\/\/concertacaoamazonia.com.br\/en\/wp-json\/wp\/v2\/media\/63150"}],"wp:attachment":[{"href":"https:\/\/concertacaoamazonia.com.br\/en\/wp-json\/wp\/v2\/media?parent=63147"}],"wp:term":[{"taxonomy":"veiculo","embeddable":true,"href":"https:\/\/concertacaoamazonia.com.br\/en\/wp-json\/wp\/v2\/veiculo?post=63147"},{"taxonomy":"categoria-estudos","embeddable":true,"href":"https:\/\/concertacaoamazonia.com.br\/en\/wp-json\/wp\/v2\/categoria-estudos?post=63147"},{"taxonomy":"ano","embeddable":true,"href":"https:\/\/concertacaoamazonia.com.br\/en\/wp-json\/wp\/v2\/ano?post=63147"},{"taxonomy":"eixos","embeddable":true,"href":"https:\/\/concertacaoamazonia.com.br\/en\/wp-json\/wp\/v2\/eixos?post=63147"}],"curies":[{"name":"wp","href":"https:\/\/api.w.org\/{rel}","templated":true}]}}

Amazônia em Perspectiva: uma leitura das 3 décadas da Lei Rouanet

<p>A Lei Rouanet transformou o cenário de fomento às diversas expressões culturais do Brasil. Com mais de três décadas, o mecanismo tem evoluído ano após ano, dialogando com dinâmicas de mercado e demandas da população. Os recursos captados pelo mecanismo de incentivo, contudo, se concentram na região Sudeste e Sul, e proponentes da Amazônia Legal receberam apenas 1,7% do total de recursos mobilizados pela lei. Este estudo busca analisar o porquê e quais os impactos desse fenômeno sobre as iniciativas culturais de regiões como Norte, Centro-Oeste e Nordeste.</p>
