{"id":63062,"date":"2024-10-31T17:09:49","date_gmt":"2024-10-31T20:09:49","guid":{"rendered":"https:\/\/concertacaoamazonia.com.br\/?post_type=estudos&#038;p=63062"},"modified":"2025-01-28T18:22:28","modified_gmt":"2025-01-28T21:22:28","slug":"pacto-para-uma-politica-de-ciencia-tecnologia-e-inovacao-para-o-desenvolvimento-da-amazonia","status":"publish","type":"estudos","link":"https:\/\/concertacaoamazonia.com.br\/en\/estudos\/pacto-para-uma-politica-de-ciencia-tecnologia-e-inovacao-para-o-desenvolvimento-da-amazonia\/","title":{"rendered":"Pacto para uma Pol\u00edtica de Ci\u00eancia, Tecnologia e Inova\u00e7\u00e3o para o desenvolvimento da Amaz\u00f4nia"},"content":{"rendered":"\n<p>Divulgado pela ag\u00eancia p\u00fablica Finep (Financiadora de Estudos e Projetos), o documento \u00e9 uma declara\u00e7\u00e3o aprovada entre os participantes de seu workshop &#8220;Iniciativas de Pesquisa e Inova\u00e7\u00e3o para a Amaz\u00f4nia\u201d, realizado em setembro de 2024, que contou com a presen\u00e7a de 70 representantes de 43 institui\u00e7\u00f5es de CT&amp;I da regi\u00e3o, do governo, e do setor empresarial.<br>A publica\u00e7\u00e3o tem por objetivo construir consensos sobre os crit\u00e9rios orientadores para o fomento ao desenvolvimento dos ecossistemas produtivos sustent\u00e1veis, de Ci\u00eancia, Tecnologia &amp; Inova\u00e7\u00e3o na Amaz\u00f4nia, a serem considerados pelas ag\u00eancias de fomento e pelo sistema financeiro, a fim de alinhar a produ\u00e7\u00e3o de conhecimento \u00e0s exig\u00eancias das pol\u00edticas de redu\u00e7\u00e3o de desigualdades e da transforma\u00e7\u00e3o ecol\u00f3gica na regi\u00e3o, de forma coordenada e coerente.<\/p>\n","protected":false},"featured_media":63065,"parent":0,"template":"","veiculo":[],"categoria-estudos":[],"ano":[2075],"eixos":[1148,187,172,174,175],"class_list":["post-63062","estudos","type-estudos","status-publish","has-post-thumbnail","hentry"],"_links":{"self":[{"href":"https:\/\/concertacaoamazonia.com.br\/en\/wp-json\/wp\/v2\/estudos\/63062","targetHints":{"allow":["GET"]}}],"collection":[{"href":"https:\/\/concertacaoamazonia.com.br\/en\/wp-json\/wp\/v2\/estudos"}],"about":[{"href":"https:\/\/concertacaoamazonia.com.br\/en\/wp-json\/wp\/v2\/types\/estudos"}],"version-history":[{"count":0,"href":"https:\/\/concertacaoamazonia.com.br\/en\/wp-json\/wp\/v2\/estudos\/63062\/revisions"}],"wp:featuredmedia":[{"embeddable":true,"href":"https:\/\/concertacaoamazonia.com.br\/en\/wp-json\/wp\/v2\/media\/63065"}],"wp:attachment":[{"href":"https:\/\/concertacaoamazonia.com.br\/en\/wp-json\/wp\/v2\/media?parent=63062"}],"wp:term":[{"taxonomy":"veiculo","embeddable":true,"href":"https:\/\/concertacaoamazonia.com.br\/en\/wp-json\/wp\/v2\/veiculo?post=63062"},{"taxonomy":"categoria-estudos","embeddable":true,"href":"https:\/\/concertacaoamazonia.com.br\/en\/wp-json\/wp\/v2\/categoria-estudos?post=63062"},{"taxonomy":"ano","embeddable":true,"href":"https:\/\/concertacaoamazonia.com.br\/en\/wp-json\/wp\/v2\/ano?post=63062"},{"taxonomy":"eixos","embeddable":true,"href":"https:\/\/concertacaoamazonia.com.br\/en\/wp-json\/wp\/v2\/eixos?post=63062"}],"curies":[{"name":"wp","href":"https:\/\/api.w.org\/{rel}","templated":true}]}}

Pacto para uma Política de Ciência, Tecnologia e Inovação para o desenvolvimento da Amazônia

<p>Divulgado pela agência pública Finep (Financiadora de Estudos e Projetos), o documento é uma declaração aprovada entre os participantes de seu workshop &#8220;Iniciativas de Pesquisa e Inovação para a Amazônia”, realizado em setembro de 2024, que contou com a presença de 70 representantes de 43 instituições de CT&amp;I da região, do governo, e do setor empresarial.<br>A publicação tem por objetivo construir consensos sobre os critérios orientadores para o fomento ao desenvolvimento dos ecossistemas produtivos sustentáveis, de Ciência, Tecnologia &amp; Inovação na Amazônia, a serem considerados pelas agências de fomento e pelo sistema financeiro, a fim de alinhar a produção de conhecimento às exigências das políticas de redução de desigualdades e da transformação ecológica na região, de forma coordenada e coerente.</p>
